D/StrictMode(23858): at com.google.android.apps.gmm.base.app.a.(PG:213)
D/StrictMode(23858): at com.google.android.apps.gmm.base.app.GoogleMapsApplication.onCreate(PG:66)
D/StrictMode(23858): at android.app.Instrumentation.callApplicationOnCreate(Instrumentation.java:1007)
D/StrictMode(23858): at android.app.ActivityThread.handleBindApplication(ActivityThread.java:4361)
D/StrictMode(23858): at android.app.ActivityThread.access$1500(ActivityThread.java:138)
D/StrictMode(23858): at android.app.ActivityThread$H.handleMessage(ActivityThread.java:1259)
D/StrictMode(23858): at android.os.Handler.dispatchMessage(Handler.java:102)
D/StrictMode(23858): at android.os.Looper.loop(Looper.java:136)
D/StrictMode(23858): at android.app.ActivityThread.main(ActivityThread.java:5034)
D/StrictMode(23858): at java.lang.reflect.Method.invoke(Native Method)
D/StrictMode(23858): at com.android.internal.os.ZygoteInit$MethodAndArgsCaller.run(ZygoteInit.java:1270)
D/StrictMode(23858): at com.android.internal.os.ZygoteInit.main(ZygoteInit.java:1086)
D/StrictMode(23858): StrictMode policy violation; ~duration=576 ms: android.os.StrictMode$StrictModeDiskReadViolation: policy=287 violation=2
D/StrictMode(23858): at android.os.StrictMode$AndroidBlockGuardPolicy.onReadFromDisk(StrictMode.java:1135)
D/StrictMode(23858): at android.database.sqlite.SQLiteConnection.applyBlockGuardPolicy(SQLiteConnection.java:1041)
D/StrictMode(23858): at android.database.sqlite.SQLiteConnection.executeForCursorWindow(SQLiteConnection.java:842)
D/StrictMode(23858): at android.database.sqlite.SQLiteSession.executeForCursorWindow(SQLiteSession.java:836)
D/StrictMode(23858): at android.database.sqlite.SQLiteQuery.fillWindow(SQLiteQuery.java:62)
D/StrictMode(23858): at android.database.sqlite.SQLiteCursor.fillWindow(SQLiteCursor.java:144)
D/StrictMode(23858): at android.database.sqlite.SQLiteCursor.getCount(SQLiteCursor.java:133)
D/StrictMode(23858): at android.database.CursorToBulkCursorAdaptor.getBulkCursorDescriptor(CursorToBulkCursorAdaptor.java:148)
D/StrictMode(23858): at android.content.ContentProviderNative.onTransact(ContentProviderNative.java:118)
D/StrictMode(23858): at android.os.Binder.execTransact(Binder.java:404)
D/StrictMode(23858): # via Binder call with stack:
D/StrictMode(23858): android.os.StrictMode$LogStackTrace
D/StrictMode(23858): at android.os.StrictMode.readAndHandleBinderCallViolations(StrictMode.java:1705)
D/StrictMode(23858): at android.os.Parcel.readExceptionCode(Parcel.java:1447)
D/StrictMode(23858): at android.database.DatabaseUtils.readExceptionFromParcel(DatabaseUtils.java:134)
D/StrictMode(23858): at android.content.ContentProviderProxy.query(ContentProviderNative.java:413)
D/StrictMode(23858): at android.content.ContentResolver.query(ContentResolver.java:461)
D/StrictMode(23858): at android.content.ContentResolver.query(ContentResolver.java:404)
D/StrictMode(23858): at com.google.android.apps.gmm.map.n.a.c.b(PG:62)
D/StrictMode(23858): at com.google.android.apps.gmm.map.n.a.c.a(PG:96)
D/StrictMode(23858): at com.google.android.apps.gmm.location.c.m.a(PG:207)
D/StrictMode(23858): at com.google.android.apps.gmm.location.c.m.(PG:188)
D/StrictMode(23858): at com.google.android.apps.gmm.base.app.a.(PG:229)
D/StrictMode(23858): at com.google.android.apps.gmm.base.app.GoogleMapsApplication.onCreate(PG:66)
D/StrictMode(23858): at android.app.Instrumentation.callApplicationOnCreate(Instrumentation.java:1007)
D/StrictMode(23858): at android.app.ActivityThread.handleBindApplication(ActivityThread.java:4361)
D/StrictMode(23858): at android.app.ActivityThread.access$1500(ActivityThread.java:138)
D/StrictMode(23858): at android.app.ActivityThread$H.handleMessage(ActivityThread.java:1259)
D/StrictMode(23858): at android.os.Handler.dispatchMessage(Handler.java:102)
D/StrictMode(23858): at android.os.Looper.loop(Looper.java:136)
D/StrictMode(23858): at android.app.ActivityThread.main(ActivityThread.java:5034)
D/StrictMode(23858): at java.lang.reflect.Method.invoke(Native Method)
D/StrictMode(23858): at com.android.internal.os.ZygoteInit$MethodAndArgsCaller.run(ZygoteInit.java:1270)
D/StrictMode(23858): at com.android.internal.os.ZygoteInit.main(ZygoteInit.java:1086)
I/TextToSpeech(23858): Connected to ComponentInfo{com.google.android.tts/com.google.android.tts.service.GoogleTTSService}
I/ProviderInstaller(23905): Insert disabled by gate 'gms:security:enable_conscrypt_in_gms_application'
I/TextToSpeech(23858): Set up connection to ComponentInfo{com.google.android.tts/com.google.android.tts.service.GoogleTTSService}
D/DisplayPowerController(16187): SSTEMP : mIsLockZone = true
V/QcrilMsgTunnelSocket(18482): After reading offset = 0 remaining = 4 countRead = 4
D/QcrilMsgTunnelSocket(18482): messageLength extracted from first 4 inputStream reads = 29
V/QcrilMsgTunnelSocket(18482): offset = 0 remaining = 29 countRead = 0
V/QcrilMsgTunnelSocket(18482): offset = 0 remaining = 29 countRead = 29
D/QcrilMsgTunnelSocket(18482): readRilMessage: Buffer = [B@658eab30 HexData = [010000000404000011000000514f454d484f4f4bef0308000100000003]
V/QcrilMsgTunnelSocket(18482): Read packet: 29 bytes. Data Available = 32 Position = 0
D/QcrilMsgTunnelSocket(18482): processResponse. message type = 1. Data Available = 28
D/QcrilMsgTunnelSocket(18482): ByteArray from parcel = 514f454d484f4f4bef0308000100000003
D/QcrilMsgTunnelSocket(18482): Received RIL_UNSOL_OEM_HOOK_RAW message
D/QcrilMsgTunnelSocket(18482): Oem ID in RIL_UNSOL_OEM_HOOK_RAW is QOEMHOOK
D/QcrilMsgTunnelSocket(18482): OEM ID check Passed
D/QcrilMsgTunnelSocket(18482): Response ID in RIL_UNSOL_OEM_HOOK_RAW is 525295
D/QcrilMsgTunnelSocket(18482): Response ID 525295is not served in this process.
D/QcrilMsgTunnelSocket(18482): To broadcast an Intent via the notifier to external apps
V/QcrilMsgTunnelSocket(18482): Before reading offset = 0 remaining = 4 countRead = 0
D/QcrilMsgTunnelIfaceManager(18482): handleMessage what=0
D/QcrilMsgTunnelIfaceManager(18482): Broadcasting intent ACTION_UNSOL_RESPONSE_OEM_HOOK_RAW
V/QcrilMsgTunnelSocket(18482): After reading offset = 0 remaining = 4 countRead = 4
D/QcrilMsgTunnelSocket(18482): messageLength extracted from first 4 inputStream reads = 29
V/QcrilMsgTunnelSocket(18482): offset = 0 remaining = 29 countRead = 0
V/QcrilMsgTunnelSocket(18482): offset = 0 remaining = 29 countRead = 29
D/QcrilMsgTunnelSocket(18482): readRilMessage: Buffer = [B@658eab30 HexData = [010000000404000011000000514f454d484f4f4bef0308000100000003]
V/QcrilMsgTunnelSocket(18482): Read packet: 29 bytes. Data Available = 32 Position = 0
D/QcrilMsgTunnelSocket(18482): processResponse. message type = 1. Data Available = 28
D/QcrilMsgTunnelSocket(18482): ByteArray from parcel = 514f454d484f4f4bef0308000100000003
D/QcrilMsgTunnelSocket(18482): Received RIL_UNSOL_OEM_HOOK_RAW message
D/QcrilMsgTunnelSocket(18482): Oem ID in RIL_UNSOL_OEM_HOOK_RAW is QOEMHOOK
D/QcrilMsgTunnelSocket(18482): OEM ID check Passed
D/QcrilMsgTunnelSocket(18482): Response ID in RIL_UNSOL_OEM_HOOK_RAW is 525295
D/QcrilMsgTunnelSocket(18482): Response ID 525295is not served in this process.
D/QcrilMsgTunnelSocket(18482): To broadcast an Intent via the notifier to external apps
V/QcrilMsgTunnelSocket(18482): Before reading offset = 0 remaining = 4 countRead = 0
D/QcrilMsgTunnelIfaceManager(18482): handleMessage what=0
D/QcrilMsgTunnelIfaceManager(18482): Broadcasting intent ACTION_UNSOL_RESPONSE_OEM_HOOK_RAW
D/StatusBar.NetworkController(16454): onSignalStrengthsChanged signalStrength=SignalStrength: 9 0 -120 -160 -120 -1 -1 99 2147483647 2147483647 2147483647 2147483647 2147483647 gsm|lte 0x0 level=3
D/StatusBar.NetworkController(16454): refreshViews connected={ wifi data } level=3 combinedSignalIconId=0x7f0200a2/com.android.systemui:drawable/stat_sys_wifi_signal_2_fully mobileLabel=maXXim wifiLabel="FairSpot_FREE"xxxxXXXXxxxxXXXX emergencyOnly=false combinedLabel="FairSpot_FREE"xxxxXXXXxxxxXXXX mAirplaneMode=false mDataActivity=0 mPhoneSignalIconId=0x7f02009a mQSPhoneSignalIconId=0x7f020045 mDataDirectionIconId=0x7f02008e mDataSignalIconId=0x7f02009a mDataTypeIconId=0x7f02008e mQSDataTypeIconId=0x7f02004b mNoSimIconId=0x0 mWifiIconId=0x7f0200a2 mQSWifiIconId=0x7f02005e mBluetoothTetherIconId=0x10805d0
D/StatusBar.NetworkController(16454): onServiceStateChanged voiceState=0 dataState=0
D/StatusBar.NetworkController(16454): Combining data service state 0 for signal
D/StatusBar.NetworkController(16454): refreshViews connected={ wifi data } level=3 combinedSignalIconId=0x7f0200a2/com.android.systemui:drawable/stat_sys_wifi_signal_2_fully mobileLabel=maXXim wifiLabel="FairSpot_FREE"xxxxXXXXxxxxXXXX emergencyOnly=false combinedLabel="FairSpot_FREE"xxxxXXXXxxxxXXXX mAirplaneMode=false mDataActivity=0 mPhoneSignalIconId=0x7f02009a mQSPhoneSignalIconId=0x7f020045 mDataDirectionIconId=0x7f02008e mDataSignalIconId=0x7f02009a mDataTypeIconId=0x7f02008e mQSDataTypeIconId=0x7f02004b mNoSimIconId=0x0 mWifiIconId=0x7f0200a2 mQSWifiIconId=0x7f02005e mBluetoothTetherIconId=0x10805d0
I/art (19246): Heap trim of managed (duration=6.896973ms, advised=1028KB) and native (duration=2.655029ms, advised=24KB) heaps. Managed heap utilization of 56%.
I/ActivityManager(16187): Killing 19348:com.android.providers.calendar/u0a1 (adj 15): empty #17
D/GCM (16790): GcmService start Intent { act=android.net.conn.CONNECTIVITY_CHANGE flg=0x4000010 cmp=com.google.android.gms/.gcm.GcmService (has extras) } android.net.conn.CONNECTIVITY_CHANGE
I/ActivityManager(16187): Start proc la.droid.qr for broadcast la.droid.qr/.receiver.NetworkChangeReceiver: pid=23945 uid=10121 gids={50121, 3003, 1028, 1015}
D/StatusBar.NetworkController(16454): onDataConnectionStateChanged: state=0 type=10
D/StatusBar.NetworkController(16454): refreshViews connected={ wifi } level=3 combinedSignalIconId=0x7f0200a2/com.android.systemui:drawable/stat_sys_wifi_signal_2_fully mobileLabel=maXXim wifiLabel="FairSpot_FREE"xxxxXXXXxxxxXXXX emergencyOnly=false combinedLabel="FairSpot_FREE"xxxxXXXXxxxxXXXX mAirplaneMode=false mDataActivity=0 mPhoneSignalIconId=0x7f02009a mQSPhoneSignalIconId=0x7f020045 mDataDirectionIconId=0x0 mDataSignalIconId=0x7f02009a mDataTypeIconId=0x7f02008e mQSDataTypeIconId=0x7f02004b mNoSimIconId=0x0 mWifiIconId=0x7f0200a2 mQSWifiIconId=0x7f02005e mBluetoothTetherIconId=0x10805d0
D/MobileDataStateTracker(16187): supl: Broadcast received: android.intent.action.ANY_DATA_STATE apnType=supl
D/MobileDataStateTracker(16187): supl: Received state=DISCONNECTED, old=CONNECTED, reason=dataDisabled
D/MobileDataStateTracker(16187): supl: setDetailed state, old =CONNECTED and new state=DISCONNECTED
D/ConnectivityService(16187): ConnectivityChange for mobile_supl: DISCONNECTED/DISCONNECTED
E/LocSvc_adapter(16187): I/<--- void globalEventCb(locClientHandleType, uint32_t, locClientEventIndUnionType, void*) line 88 QMI_LOC_EVENT_NMEA_IND_V02
E/SecondaryTablController(16029): ip route del failed: /system/bin/ip route del 10.185.187.177/32 via 0.0.0.0 dev rmnet_usb0 table 60
E/LocSvc_eng(16187): D/void loc_eng_deferred_action_thread(void*):1627] received msg_id = LOC_ENG_MSG_REPORT_NMEA context = 0x4b0c7e10
E/LocSvc_adapter(16187): I/<--- void globalEventCb(locClientHandleType, uint32_t, locClientEventIndUnionType, void*) line 88 QMI_LOC_EVENT_NMEA_IND_V02
E/LocSvc_eng(16187): D/void loc_eng_deferred_action_thread(void*):1627] received msg_id = LOC_ENG_MSG_REPORT_NMEA context = 0x4b0c7e10
W/FrameworkListener(16029): Handler 'interface' error (No such device)
E/SecondaryTablController(16029): ip route del failed: /system/bin/ip route del 0.0.0.0/0 via 10.185.187.177 dev rmnet_usb0 table 60
W/FrameworkListener(16029): Handler 'interface' error (No such device)
D/StatusBar.NetworkController(16454): refreshViews connected={ wifi } level=3 combinedSignalIconId=0x7f0200a2/com.android.systemui:drawable/stat_sys_wifi_signal_2_fully mobileLabel=maXXim wifiLabel="FairSpot_FREE"xxxxXXXXxxxxXXXX emergencyOnly=false combinedLabel="FairSpot_FREE"xxxxXXXXxxxxXXXX mAirplaneMode=false mDataActivity=0 mPhoneSignalIconId=0x7f02009a mQSPhoneSignalIconId=0x7f020045 mDataDirectionIconId=0x0 mDataSignalIconId=0x7f02009a mDataTypeIconId=0x7f02008e mQSDataTypeIconId=0x7f02004b mNoSimIconId=0x0 mWifiIconId=0x7f0200a2 mQSWifiIconId=0x7f02005e mBluetoothTetherIconId=0x10805d0
D/NetUtils(16187): android_net_utils_resetConnections in env=0x4bb60d68 clazz=0x4afc096c iface=rmnet_usb0 mask=0x3
D/ConnectivityService(16187): resetConnections(rmnet_usb0, 3)
E/LocSvc_adapter(16187): I/<--- void globalEventCb(locClientHandleType, uint32_t, locClientEventIndUnionType, void*) line 88 QMI_LOC_EVENT_NMEA_IND_V02
E/LocSvc_eng(16187): D/void loc_eng_deferred_action_thread(void*):1627] received msg_id = LOC_ENG_MSG_REPORT_NMEA context = 0x4b0c7e10
E/LocSvc_adapter(16187): I/<--- void globalEventCb(locClientHandleType, uint32_t, locClientEventIndUnionType, void*) line 88 QMI_LOC_EVENT_NMEA_IND_V02
E/LocSvc_eng(16187): D/void loc_eng_deferred_action_thread(void*):1627] received msg_id = LOC_ENG_MSG_REPORT_NMEA context = 0x4b0c7e10
E/LocSvc_adapter(16187): I/<--- void globalEventCb(locClientHandleType, uint32_t, locClientEventIndUnionType, void*) line 88 QMI_LOC_EVENT_NMEA_IND_V02
E/LocSvc_eng(16187): D/void loc_eng_deferred_action_thread(void*):1627] received msg_id = LOC_ENG_MSG_REPORT_NMEA context = 0x4b0c7e10
E/LocSvc_adapter(16187): I/<--- void globalEventCb(locClientHandleType, uint32_t, locClientEventIndUnionType, void*) line 88 QMI_LOC_EVENT_NMEA_IND_V02
E/LocSvc_eng(16187): D/void loc_eng_deferred_action_thread(void*):1627] received msg_id = LOC_ENG_MSG_REPORT_NMEA context = 0x4b0c7e10
E/LocSvc_adapter(16187): I/<--- void globalEventCb(locClientHandleType, uint32_t, locClientEventIndUnionType, void*) line 88 QMI_LOC_EVENT_NMEA_IND_V02
E/LocSvc_eng(16187): D/void loc_eng_deferred_action_thread(void*):1627] received msg_id = LOC_ENG_MSG_REPORT_NMEA context = 0x4b0c7e10
I/art (16790): Heap trim of managed (duration=2.685548ms, advised=688KB) and native (duration=2.014160ms, advised=40KB) heaps. Managed heap utilization of 63%.
E/LocSvc_adapter(16187): I/<--- void globalEventCb(locClientHandleType, uint32_t, locClientEventIndUnionType, void*) line 88 QMI_LOC_EVENT_GNSS_SV_INFO_IND_V02
E/LocSvc_adapter(16187): I/num sv: 18 ephemeris mask: 1367877666 almanac mask: 51882822
E/LocSvc_adapter(16187): used in fix mask: 0
E/LocSvc_adapter(16187): sv: prn snr elevation azimuth
E/LocSvc_eng(16187): D/void loc_eng_deferred_action_thread(void*):1627] received msg_id = LOC_ENG_MSG_REPORT_SV context = 0x4b0c7e10
E/LocSvc_adapter(16187): I/<--- void globalEventCb(locClientHandleType, uint32_t, locClientEventIndUnionType, void*) line 88 QMI_LOC_EVENT_NMEA_IND_V02
E/LocSvc_eng(16187): D/void loc_eng_deferred_action_thread(void*):1627] received msg_id = LOC_ENG_MSG_REPORT_NMEA context = 0x4b0c7e10
E/LocSvc_adapter(16187): I/<--- void globalEventCb(locClientHandleType, uint32_t, locClientEventIndUnionType, void*) line 88 QMI_LOC_EVENT_NMEA_IND_V02
E/LocSvc_eng(16187): D/void loc_eng_deferred_action_thread(void*):1627] received msg_id = LOC_ENG_MSG_REPORT_NMEA context = 0x4b0c7e10
D/Nat464Xlat(16187): requiresClat: netType=3, hasIPv4Address=true
E/LocSvc_adapter(16187): I/<--- void globalEventCb(locClientHandleType, uint32_t, locClientEventIndUnionType, void*) line 88 QMI_LOC_EVENT_NMEA_IND_V02
E/LocSvc_eng(16187): D/void loc_eng_deferred_action_thread(void*):1627] received msg_id = LOC_ENG_MSG_REPORT_NMEA context = 0x4b0c7e10
D/MobileDataStateTracker(16187): default: setPolicyDataEnable(enabled=true)
E/LocSvc_adapter(16187): I/<--- void globalEventCb(locClientHandleType, uint32_t, locClientEventIndUnionType, void*) line 88 QMI_LOC_EVENT_NMEA_IND_V02
E/LocSvc_eng(16187): D/void loc_eng_deferred_action_thread(void*):1627] received msg_id = LOC_ENG_MSG_REPORT_NMEA context = 0x4b0c7e10
E/LocSvc_adapter(16187): I/<--- void globalEventCb(locClientHandleType, uint32_t, locClientEventIndUnionType, void*) line 88 QMI_LOC_EVENT_NMEA_IND_V02
E/LocSvc_eng(16187): D/void loc_eng_deferred_action_thread(void*):1627] received msg_id = LOC_ENG_MSG_REPORT_NMEA context = 0x4b0c7e10
D/MobileDataStateTracker(16187): default: setPolicyDataEnable(enabled=true)
D/MobileDataStateTracker(16187): default: setPolicyDataEnable(enabled=true)
D/MobileDataStateTracker(16187): default: setPolicyDataEnable(enabled=true)
E/LocSvc_adapter(16187): I/<--- void globalEventCb(locClientHandleType, uint32_t, locClientEventIndUnionType, void*) line 88 QMI_LOC_EVENT_POSITION_REPORT_IND_V02
E/LocSvc_adapter(16187): D/Reporting postion from V2 Adapter
E/LocSvc_eng(16187): D/void loc_eng_deferred_action_thread(void*):1627] received msg_id = LOC_ENG_MSG_REPORT_POSITION context = 0x4b0c7e10
D/DisplayPowerController(16187): SSTEMP : mIsLockZone = false
I/ActivityManager(16187): Killing 22099:com.google.android.gallery3d/u0a45 (adj 15): empty #17
D/StatusBar.NetworkController(16454): updateConnectivity: intent=Intent { act=android.net.conn.INET_CONDITION_ACTION flg=0x4000010 (has extras) }
D/StatusBar.NetworkController(16454): updateConnectivity: networkInfo=NetworkInfo: type: WIFI[], state: CONNECTED/CONNECTED, reason: (unspecified), extra: "FairSpot_FREE", roaming: false, failover: false, isAvailable: true, isConnectedToProvisioningNetwork: false
D/StatusBar.NetworkController(16454): updateConnectivity: connectionStatus=100
D/StatusBar.NetworkController(16454): refreshViews connected={ wifi } level=3 combinedSignalIconId=0x7f0200a2/com.android.systemui:drawable/stat_sys_wifi_signal_2_fully mobileLabel=maXXim wifiLabel="FairSpot_FREE"xxxxXXXXxxxxXXXX emergencyOnly=false combinedLabel="FairSpot_FREE"xxxxXXXXxxxxXXXX mAirplaneMode=false mDataActivity=0 mPhoneSignalIconId=0x7f02009a mQSPhoneSignalIconId=0x7f020045 mDataDirectionIconId=0x0 mDataSignalIconId=0x7f02009a mDataTypeIconId=0x7f02008e mQSDataTypeIconId=0x7f02004b mNoSimIconId=0x0 mWifiIconId=0x7f0200a2 mQSWifiIconId=0x7f02005e mBluetoothTetherIconId=0x10805d0
D/ConnectivityService(16187): handleInetConditionHoldEnd: net=1, condition=100, published condition=100
D/assets (23905): performGC: starting
D/assets (23905): performGC: complete, purged 0 assets in 0 ms
I/ActivityManager(16187): Start proc de.komoot.android for broadcast de.komoot.android/.recording.EnvironmentObservingTourUploadTrigger: pid=23992 uid=10161 gids={50161, 3003, 1028, 1015}
I/ActivityManager(16187): Killing 22232:com.android.vending/u0a17 (adj 15): empty #17
W/ActivityManager(16187): Scheduling restart of crashed service com.android.vending/com.google.android.finsky.billing.iab.InAppBillingService in 1000ms
D/Tethering(16187): MasterInitialState.processMessage what=3
D/StatusBar.NetworkController(16454): updateConnectivity: intent=Intent { act=android.net.conn.CONNECTIVITY_CHANGE flg=0x4000010 (has extras) }
D/Tethering(16187): MasterInitialState.processMessage what=3
D/StatusBar.NetworkController(16454): updateConnectivity: networkInfo=NetworkInfo: type: WIFI[], state: CONNECTED/CONNECTED, reason: (unspecified), extra: "FairSpot_FREE", roaming: false, failover: false, isAvailable: true, isConnectedToProvisioningNetwork: false
D/StatusBar.NetworkController(16454): updateConnectivity: connectionStatus=100
D/StatusBar.NetworkController(16454): refreshViews connected={ wifi } level=3 combinedSignalIconId=0x7f0200a2/com.android.systemui:drawable/stat_sys_wifi_signal_2_fully mobileLabel=maXXim wifiLabel="FairSpot_FREE"xxxxXXXXxxxxXXXX emergencyOnly=false combinedLabel="FairSpot_FREE"xxxxXXXXxxxxXXXX mAirplaneMode=false mDataActivity=0 mPhoneSignalIconId=0x7f02009a mQSPhoneSignalIconId=0x7f020045 mDataDirectionIconId=0x0 mDataSignalIconId=0x7f02009a mDataTypeIconId=0x7f02008e mQSDataTypeIconId=0x7f02004b mNoSimIconId=0x0 mWifiIconId=0x7f0200a2 mQSWifiIconId=0x7f02005e mBluetoothTetherIconId=0x10805d0
D/StatusBar.NetworkController(16454): updateConnectivity: intent=Intent { act=android.net.conn.CONNECTIVITY_CHANGE flg=0x4000010 (has extras) }
D/StatusBar.NetworkController(16454): updateConnectivity: networkInfo=NetworkInfo: type: WIFI[], state: CONNECTED/CONNECTED, reason: (unspecified), extra: "FairSpot_FREE", roaming: false, failover: false, isAvailable: true, isConnectedToProvisioningNetwork: false
D/StatusBar.NetworkController(16454): updateConnectivity: connectionStatus=100
D/StatusBar.NetworkController(16454): refreshViews connected={ wifi } level=3 combinedSignalIconId=0x7f0200a2/com.android.systemui:drawable/stat_sys_wifi_signal_2_fully mobileLabel=maXXim wifiLabel="FairSpot_FREE"xxxxXXXXxxxxXXXX emergencyOnly=false combinedLabel="FairSpot_FREE"xxxxXXXXxxxxXXXX mAirplaneMode=false mDataActivity=0 mPhoneSignalIconId=0x7f02009a mQSPhoneSignalIconId=0x7f020045 mDataDirectionIconId=0x0 mDataSignalIconId=0x7f02009a mDataTypeIconId=0x7f02008e mQSDataTypeIconId=0x7f02004b mNoSimIconId=0x0 mWifiIconId=0x7f0200a2 mQSWifiIconId=0x7f02005e mBluetoothTetherIconId=0x10805d0
I/NetworkMonitor(23737): type=WIFI subType= reason=null isConnected=true
I/art (16187): Heap trim of managed (duration=23.681640ms, advised=5MB) and native (duration=3.417968ms, advised=948KB) heaps. Managed heap utilization of 66%.
I/KomootSystem(23992): LOG LEVEL -> 4
I/KomootSystem(23992): Crashlytics LOG LEVEL true
I/Crashlytics(23992): Initializing Crashlytics 1.1.11.10
I/KomootSystem(23992): last version code 402
I/KomootSystem(23992): current version code 402
I/UserSession(23992): using Anonymous Principal
I/ExternalMemoryWrapper(23992): no existing ext Storage path, use standard Android path
I/ExternalMemoryWrapper(23992): directory offline maps /storage/emulated/0/Android/data/de.komoot.android/files
I/ExternalMemoryWrapper(23992): Device Abstraction de.komoot.android.c.a
I/ExternalMemoryWrapper(23992): .nomedia file already exists
E/LocSvc_adapter(16187): I/<--- void globalEventCb(locClientHandleType, uint32_t, locClientEventIndUnionType, void*) line 88 QMI_LOC_EVENT_NMEA_IND_V02
E/LocSvc_eng(16187): D/void loc_eng_deferred_action_thread(void*):1627] received msg_id = LOC_ENG_MSG_REPORT_NMEA context = 0x4b0c7e10
E/LocSvc_adapter(16187): I/<--- void globalEventCb(locClientHandleType, uint32_t, locClientEventIndUnionType, void*) line 88 QMI_LOC_EVENT_NMEA_IND_V02
E/LocSvc_eng(16187): D/void loc_eng_deferred_action_thread(void*):1627] received msg_id = LOC_ENG_MSG_REPORT_NMEA context = 0x4b0c7e10
I/OfflineManager(23992): empty offline map directory
I/KomootSystem(23992): user agent de.komoot.android/5.7.8 build/402 android/4.4.4 locale/de-DE deviceHash/GHqLW3peMy0vC11I2P4w (GT-I9505G)
E/LocSvc_adapter(16187): I/<--- void globalEventCb(locClientHandleType, uint32_t, locClientEventIndUnionType, void*) line 88 QMI_LOC_EVENT_NMEA_IND_V02
E/LocSvc_eng(16187): D/void loc_eng_deferred_action_thread(void*):1627] received msg_id = LOC_ENG_MSG_REPORT_NMEA context = 0x4b0c7e10
E/LocSvc_adapter(16187): I/<--- void globalEventCb(locClientHandleType, uint32_t, locClientEventIndUnionType, void*) line 88 QMI_LOC_EVENT_NMEA_IND_V02
E/LocSvc_eng(16187): D/void loc_eng_deferred_action_thread(void*):1627] received msg_id = LOC_ENG_MSG_REPORT_NMEA context = 0x4b0c7e10
E/LocSvc_adapter(16187): I/<--- void globalEventCb(locClientHandleType, uint32_t, locClientEventIndUnionType, void*) line 88 QMI_LOC_EVENT_NMEA_IND_V02
E/LocSvc_eng(16187): D/void loc_eng_deferred_action_thread(void*):1627] received msg_id = LOC_ENG_MSG_REPORT_NMEA context = 0x4b0c7e10
E/LocSvc_adapter(16187): I/<--- void globalEventCb(locClientHandleType, uint32_t, locClientEventIndUnionType, void*) line 88 QMI_LOC_EVENT_NMEA_IND_V02
E/LocSvc_eng(16187): D/void loc_eng_deferred_action_thread(void*):1627] received msg_id = LOC_ENG_MSG_REPORT_NMEA context = 0x4b0c7e10
E/LocSvc_adapter(16187): I/<--- void globalEventCb(locClientHandleType, uint32_t, locClientEventIndUnionType, void*) line 88 QMI_LOC_EVENT_NMEA_IND_V02
E/LocSvc_eng(16187): D/void loc_eng_deferred_action_thread(void*):1627] received msg_id = LOC_ENG_MSG_REPORT_NMEA context = 0x4b0c7e10
E/LocSvc_adapter(16187): I/<--- void globalEventCb(locClientHandleType, uint32_t, locClientEventIndUnionType, void*) line 88 QMI_LOC_EVENT_NMEA_IND_V02
E/LocSvc_eng(16187): D/void loc_eng_deferred_action_thread(void*):1627] received msg_id = LOC_ENG_MSG_REPORT_NMEA context = 0x4b0c7e10
E/LocSvc_adapter(16187): I/<--- void globalEventCb(locClientHandleType, uint32_t, locClientEventIndUnionType, void*) line 88 QMI_LOC_EVENT_GNSS_SV_INFO_IND_V02
E/LocSvc_adapter(16187): I/num sv: 18 ephemeris mask: 1367877666 almanac mask: 51882822
E/LocSvc_adapter(16187): used in fix mask: 0
E/LocSvc_adapter(16187): sv: prn snr elevation azimuth
E/LocSvc_adapter(16187): I/ 0: 14 20.799999 31.000000 254.000000
E/LocSvc_adapter(16187): I/ 9: 69 19.100000 14.000000 354.000000
E/LocSvc_eng(16187): D/void loc_eng_deferred_action_thread(void*):1627] received msg_id = LOC_ENG_MSG_REPORT_SV context = 0x4b0c7e10
E/LocSvc_adapter(16187): I/<--- void globalEventCb(locClientHandleType, uint32_t, locClientEventIndUnionType, void*) line 88 QMI_LOC_EVENT_NMEA_IND_V02
E/LocSvc_eng(16187): D/void loc_eng_deferred_action_thread(void*):1627] received msg_id = LOC_ENG_MSG_REPORT_NMEA context = 0x4b0c7e10
E/LocSvc_adapter(16187): I/<--- void globalEventCb(locClientHandleType, uint32_t, locClientEventIndUnionType, void*) line 88 QMI_LOC_EVENT_NMEA_IND_V02
E/LocSvc_eng(16187): D/void loc_eng_deferred_action_thread(void*):1627] received msg_id = LOC_ENG_MSG_REPORT_NMEA context = 0x4b0c7e10
I/ActivityManager(16187): Killing 22431:com.huffingtonpost.android/u0a131 (adj 15): empty #17
E/LocSvc_adapter(16187): I/<--- void globalEventCb(locClientHandleType, uint32_t, locClientEventIndUnionType, void*) line 88 QMI_LOC_EVENT_NMEA_IND_V02
E/LocSvc_eng(16187): D/void loc_eng_deferred_action_thread(void*):1627] received msg_id = LOC_ENG_MSG_REPORT_NMEA context = 0x4b0c7e10
I/k9 (17667): Committing preference changes
E/LocSvc_adapter(16187): I/<--- void globalEventCb(locClientHandleType, uint32_t, locClientEventIndUnionType, void*) line 88 QMI_LOC_EVENT_NMEA_IND_V02
E/LocSvc_eng(16187): D/void loc_eng_deferred_action_thread(void*):1627] received msg_id = LOC_ENG_MSG_REPORT_NMEA context = 0x4b0c7e10
I/k9 (17667): Preferences commit took 7ms
I/ActivityManager(16187): Start proc com.csipsimple:sipStack for broadcast com.csipsimple/.service.DeviceStateReceiver: pid=24024 uid=10150 gids={50150, 3003, 3002, 1028, 1015}
I/k9 (17667): Got exception while idling, but stop is set for bokomoko:AA-bokomoko.other/Thread-3304
I/k9 (17667): Got exception while idling, but stop is set for bokomoko:AA-bokomoko.dev/Thread-3300
I/k9 (17667): Got exception while idling, but stop is set for bokomoko:AA-bokomoko.order/Thread-3303
I/k9 (17667): Got exception while idling, but stop is set for bokomoko:AA-bokomoko.ml/Thread-3302
I/k9 (17667): Got exception while idling, but stop is set for bokomoko:AA-bokomoko.fdbaut/Thread-3301
I/k9 (17667): Got exception while idling, but stop is set for bokomoko:INBOX/Thread-3308
I/k9 (17667): Got exception while idling, but stop is set for bokomoko:AA-bokomoko.contact/Thread-3299
I/k9 (17667): Got exception while idling, but stop is set for bokomoko:Freunde.Kristina/Thread-3306
I/k9 (17667): Got exception while idling, but stop is set for bokomoko:Freunde.Kathrin/Thread-3305
I/k9 (17667): Got exception while idling, but stop is set for bokomoko:Freunde.Marina/Thread-3307
D/StatusBar.NetworkController(16454): refreshViews connected={ wifi } level=3 combinedSignalIconId=0x7f0200a3/com.android.systemui:drawable/stat_sys_wifi_signal_3_fully mobileLabel=maXXim wifiLabel="FairSpot_FREE"xxxxXXXXxxxxXXXX emergencyOnly=false combinedLabel="FairSpot_FREE"xxxxXXXXxxxxXXXX mAirplaneMode=false mDataActivity=0 mPhoneSignalIconId=0x7f02009a mQSPhoneSignalIconId=0x7f020045 mDataDirectionIconId=0x0 mDataSignalIconId=0x7f02009a mDataTypeIconId=0x7f02008e mQSDataTypeIconId=0x7f02004b mNoSimIconId=0x0 mWifiIconId=0x7f0200a3 mQSWifiIconId=0x7f02005f mBluetoothTetherIconId=0x10805d0
W/qdhwcomposer( 211): Excessive delay reading vsync: took 8261 ms
I/ActivityManager(16187): Start proc com.csipsimple for content provider com.csipsimple/.service.PreferenceProvider: pid=24056 uid=10150 gids={50150, 3003, 3002, 1028, 1015}
E/LocSvc_adapter(16187): I/<--- void globalEventCb(locClientHandleType, uint32_t, locClientEventIndUnionType, void*) line 88 QMI_LOC_EVENT_POSITION_REPORT_IND_V02
E/LocSvc_adapter(16187): D/Reporting postion from V2 Adapter
E/LocSvc_eng(16187): D/void loc_eng_deferred_action_thread(void*):1627] received msg_id = LOC_ENG_MSG_REPORT_POSITION context = 0x4b0c7e10
D/DisplayPowerController(16187): SSTEMP : mIsLockZone = true
W/art (16028): Could not get current activity
I/ActivityManager(16187): Start proc me.doubledutch.boschevents for broadcast me.doubledutch.boschevents/com.helpshift.HelpshiftConnReceiver: pid=24076 uid=10164 gids={50164, 3003, 1028, 1015}
I/ActivityManager(16187): Killing 22159:com.pixum.android.postcard/u0a21 (adj 15): empty #17
I/ActivityManager(16187): Killing 20292:com.android.deskclock/u0a35 (adj 15): empty #18
I/ActivityManager(16187): Start proc com.android.vending for service com.android.vending/com.google.android.finsky.billing.iab.InAppBillingService: pid=24094 uid=10017 gids={50017, 3003, 1028, 1015}
D/ACRA (24076): ACRA is enabled for me.doubledutch.boschevents, intializing...
D/DisplayPowerController(16187): SSTEMP : mIsLockZone = false
D/ACRA (24076): Looking for error files in /data/data/me.doubledutch.boschevents/files
I/System.out(24076): LocationManagerWrapper.trySetLocation() Location[network 54,072072,13,879687 acc=2000 et=+1d12h21m52s340ms]
I/DoubleDutchApplication(24076): Initializing app...
I/DoubleDutchApplication(24076): Initializing api...
I/DoubleDutchApplication(24076): Initializing notifications...
I/DoubleDutchApplication(24076): Initializing user...
I/DoubleDutchApplication(24076): App Initialized
I/ActivityManager(16187): Start proc de.wetteronline.wetterapp for broadcast de.wetteronline.wetterapp/de.wetteronline.utils.receiver.InternetConnectionReceiver: pid=24122 uid=10165 gids={50165, 3003, 1028, 1015}
I/ActivityManager(16187): Killing 22181:eu.chainfire.supersu/u0a79 (adj 15): empty #17
D/Finsky (24094): [1] FinskyApp.onCreate: Initializing network with DFE https://android.clients.google.com/fdfe/
D/Finsky (24094): [1] DailyHygiene.goMakeHygieneIfDirty: No need to run daily hygiene.
I/KdeConnect(16953): Connection state changed, trying to connect
I/BackgroundService(16953): onStartCommand
I/BackgroundService(16953): OnNetworkChange
I/ActivityManager(16187): Killing 22206:com.estrongs.android.pop/u0a108 (adj 15): empty #17
D/GCM (16790): GcmService start Intent { act=com.google.android.gms.INITIALIZE flg=0x10 pkg=com.google.android.gms cmp=com.google.android.gms/.gcm.GcmService } com.google.android.gms.INITIALIZE
F/ActivityManager(16187): Service ServiceRecord{66a28a38 u0 com.estrongs.android.pop/com.estrongs.android.ui.notification.ESTaskService} in process ProcessRecord{6688e5b8 22206:com.estrongs.android.pop/u0a108} not same as in map: null
V/SmsReceiverService(23772): onStart: #1 mResultCode: -1 = Activity.RESULT_OK
W/Settings(24094): Setting download_manager_max_bytes_over_mobile has moved from android.provider.Settings.Secure to android.provider.Settings.Global.
W/Settings(24094): Setting download_manager_recommended_max_bytes_over_mobile has moved from android.provider.Settings.Secure to android.provider.Settings.Global.
I/LanLinkProvider(16953): Using tcpPort 1714
D/GCM (16790): GcmService start Intent { act=com.google.android.checkin.CHECKIN_COMPLETE flg=0x10 cmp=com.google.android.gms/.gcm.GcmService (has extras) } com.google.android.checkin.CHECKIN_COMPLETE
E/LocSvc_adapter(16187): I/<--- void globalEventCb(locClientHandleType, uint32_t, locClientEventIndUnionType, void*) line 88 QMI_LOC_EVENT_NMEA_IND_V02
E/LocSvc_eng(16187): D/void loc_eng_deferred_action_thread(void*):1627] received msg_id = LOC_ENG_MSG_REPORT_NMEA context = 0x4b0c7e10
E/LocSvc_adapter(16187): I/<--- void globalEventCb(locClientHandleType, uint32_t, locClientEventIndUnionType, void*) line 88 QMI_LOC_EVENT_NMEA_IND_V02
E/LocSvc_eng(16187): D/void loc_eng_deferred_action_thread(void*):1627] received msg_id = LOC_ENG_MSG_REPORT_NMEA context = 0x4b0c7e10
D/Finsky (24094): [1] 2.run: Loaded library for account: [-i6QyouqXOzMYFzmd4-gxHApjjg]
D/Finsky (24094): [1] 2.run: Finished loading 1 libraries.
E/LocSvc_adapter(16187): I/<--- void globalEventCb(locClientHandleType, uint32_t, locClientEventIndUnionType, void*) line 88 QMI_LOC_EVENT_NMEA_IND_V02
E/LocSvc_eng(16187): D/void loc_eng_deferred_action_thread(void*):1627] received msg_id = LOC_ENG_MSG_REPORT_NMEA context = 0x4b0c7e10
E/LocSvc_adapter(16187): I/<--- void globalEventCb(locClientHandleType, uint32_t, locClientEventIndUnionType, void*) line 88 QMI_LOC_EVENT_NMEA_IND_V02
E/LocSvc_eng(16187): D/void loc_eng_deferred_action_thread(void*):1627] received msg_id = LOC_ENG_MSG_REPORT_NMEA context = 0x4b0c7e10
E/LocSvc_adapter(16187): I/<--- void globalEventCb(locClientHandleType, uint32_t, locClientEventIndUnionType, void*) line 88 QMI_LOC_EVENT_NMEA_IND_V02
E/LocSvc_eng(16187): D/void loc_eng_deferred_action_thread(void*):1627] received msg_id = LOC_ENG_MSG_REPORT_NMEA context = 0x4b0c7e10
E/LocSvc_adapter(16187): I/<--- void globalEventCb(locClientHandleType, uint32_t, locClientEventIndUnionType, void*) line 88 QMI_LOC_EVENT_NMEA_IND_V02
E/LocSvc_eng(16187): D/void loc_eng_deferred_action_thread(void*):1627] received msg_id = LOC_ENG_MSG_REPORT_NMEA context = 0x4b0c7e10
D/Finsky (24094): [6450] InAppBillingUtils.pickAccount: ch.corridor5.opm: Account determined from installer data - [-i6QyouqXOzMYFzmd4-gxHApjjg]
D/Finsky (24094): [6449] InAppBillingUtils.pickAccount: ch.corridor5.opm: Account determined from installer data - [-i6QyouqXOzMYFzmd4-gxHApjjg]
E/LocSvc_adapter(16187): I/<--- void globalEventCb(locClientHandleType, uint32_t, locClientEventIndUnionType, void*) line 88 QMI_LOC_EVENT_NMEA_IND_V02
E/LocSvc_eng(16187): D/void loc_eng_deferred_action_thread(void*):1627] received msg_id = LOC_ENG_MSG_REPORT_NMEA context = 0x4b0c7e10
E/LocSvc_adapter(16187): I/<--- void globalEventCb(locClientHandleType, uint32_t, locClientEventIndUnionType, void*) line 88 QMI_LOC_EVENT_NMEA_IND_V02
E/LocSvc_eng(16187): D/void loc_eng_deferred_action_thread(void*):1627] received msg_id = LOC_ENG_MSG_REPORT_NMEA context = 0x4b0c7e10
D/Finsky (24094): [1] GmsCoreHelper.cleanupNlp: result=false type=4
E/LocSvc_adapter(16187): I/<--- void globalEventCb(locClientHandleType, uint32_t, locClientEventIndUnionType, void*) line 88 QMI_LOC_EVENT_GNSS_SV_INFO_IND_V02
E/LocSvc_adapter(16187): I/num sv: 18 ephemeris mask: 1367877666 almanac mask: 51882822
E/LocSvc_adapter(16187): used in fix mask: 0
E/LocSvc_adapter(16187): sv: prn snr elevation azimuth
E/LocSvc_adapter(16187): I/ 0: 14 21.200001 31.000000 254.000000
E/LocSvc_adapter(16187): I/ 9: 69 19.100000 14.000000 354.000000
E/LocSvc_eng(16187): D/void loc_eng_deferred_action_thread(void*):1627] received msg_id = LOC_ENG_MSG_REPORT_SV context = 0x4b0c7e10
E/LocSvc_adapter(16187): I/<--- void globalEventCb(locClientHandleType, uint32_t, locClientEventIndUnionType, void*) line 88 QMI_LOC_EVENT_NMEA_IND_V02
E/LocSvc_eng(16187): D/void loc_eng_deferred_action_thread(void*):1627] received msg_id = LOC_ENG_MSG_REPORT_NMEA context = 0x4b0c7e10
E/LocSvc_adapter(16187): I/<--- void globalEventCb(locClientHandleType, uint32_t, locClientEventIndUnionType, void*) line 88 QMI_LOC_EVENT_NMEA_IND_V02
D/Finsky (24094): [1] RestoreTracker.stopServiceIfDone: Restore complete with 0 success and 0 failed.
E/LocSvc_eng(16187): D/void loc_eng_deferred_action_thread(void*):1627] received msg_id = LOC_ENG_MSG_REPORT_NMEA context = 0x4b0c7e10
E/LocSvc_adapter(16187): I/<--- void globalEventCb(locClientHandleType, uint32_t, locClientEventIndUnionType, void*) line 88 QMI_LOC_EVENT_NMEA_IND_V02
E/LocSvc_eng(16187): D/void loc_eng_deferred_action_thread(void*):1627] received msg_id = LOC_ENG_MSG_REPORT_NMEA context = 0x4b0c7e10
I/art (19246): Heap trim of managed (duration=3.570557ms, advised=1384KB) and native (duration=3.601074ms, advised=36KB) heaps. Managed heap utilization of 43%.
E/LocSvc_adapter(16187): I/<--- void globalEventCb(locClientHandleType, uint32_t, locClientEventIndUnionType, void*) line 88 QMI_LOC_EVENT_NMEA_IND_V02
E/LocSvc_eng(16187): D/void loc_eng_deferred_action_thread(void*):1627] received msg_id = LOC_ENG_MSG_REPORT_NMEA context = 0x4b0c7e10
D/GCM (16790): GcmService start Intent { act=android.net.conn.CONNECTIVITY_CHANGE flg=0x4000010 cmp=com.google.android.gms/.gcm.GcmService (has extras) } android.net.conn.CONNECTIVITY_CHANGE
I/KdeConnect(16953): Connection state changed, trying to connect
I/BackgroundService(16953): onStartCommand
I/BackgroundService(16953): OnNetworkChange
I/ActivityManager(16187): Killing 19515:com.devexpert.weather/u0a102 (adj 15): empty #17
I/LanLinkProvider(16953): Using tcpPort 1714
I/art (17667): Heap trim of managed (duration=8.117675ms, advised=2MB) and native (duration=4.516601ms, advised=1352KB) heaps. Managed heap utilization of 25%.
I/k9 (17667): Committing preference changes
I/k9 (17667): Preferences commit took 13ms
W/k9 (17667): Attempt to interrupt null mConnection to stop pushing on folderPusher for bokomoko:AA-bokomoko.other/pool-648-thread-1
W/k9 (17667): Attempt to interrupt null mConnection to stop pushing on folderPusher for bokomoko:AA-bokomoko.dev/pool-648-thread-1
W/k9 (17667): Attempt to interrupt null mConnection to stop pushing on folderPusher for bokomoko:AA-bokomoko.order/pool-648-thread-1
W/k9 (17667): Attempt to interrupt null mConnection to stop pushing on folderPusher for bokomoko:AA-bokomoko.contact/pool-648-thread-1
W/k9 (17667): Attempt to interrupt null mConnection to stop pushing on folderPusher for bokomoko:AA-bokomoko.ml/pool-648-thread-1
W/k9 (17667): Attempt to interrupt null mConnection to stop pushing on folderPusher for bokomoko:AA-bokomoko.fdbaut/pool-648-thread-1
W/k9 (17667): Attempt to interrupt null mConnection to stop pushing on folderPusher for bokomoko:INBOX/pool-648-thread-1
W/k9 (17667): Attempt to interrupt null mConnection to stop pushing on folderPusher for bokomoko:Freunde.Kristina/pool-648-thread-1
W/k9 (17667): Attempt to interrupt null mConnection to stop pushing on folderPusher for bokomoko:Freunde.Kathrin/pool-648-thread-1
W/k9 (17667): Attempt to interrupt null mConnection to stop pushing on folderPusher for bokomoko:Freunde.Marina/pool-648-thread-1
D/GCM (16790): GcmService start Intent { act=android.net.conn.CONNECTIVITY_CHANGE flg=0x4000010 cmp=com.google.android.gms/.gcm.GcmService (has extras) } android.net.conn.CONNECTIVITY_CHANGE
I/KdeConnect(16953): Connection state changed, trying to connect
I/BackgroundService(16953): onStartCommand
I/BackgroundService(16953): OnNetworkChange
E/LocSvc_adapter(16187): I/<--- void globalEventCb(locClientHandleType, uint32_t, locClientEventIndUnionType, void*) line 88 QMI_LOC_EVENT_POSITION_REPORT_IND_V02
E/LocSvc_adapter(16187): D/Reporting postion from V2 Adapter
E/LocSvc_eng(16187): D/void loc_eng_deferred_action_thread(void*):1627] received msg_id = LOC_ENG_MSG_REPORT_POSITION context = 0x4b0c7e10
I/LanLinkProvider(16953): Using tcpPort 1714
D/GCM (16790): GcmService start Intent { act=com.google.android.checkin.CHECKIN_COMPLETE flg=0x10 cmp=com.google.android.gms/.gcm.GcmService (has extras) } com.google.android.checkin.CHECKIN_COMPLETE
I/k9 (17667): Committing preference changes
I/ActivityManager(16187): Delay finish: com.google.android.music/.leanback.AutoCacheSchedulingService$EnablingReceiver
I/k9 (17667): Preferences commit took 19ms
W/k9 (17667): Attempt to interrupt null mConnection to stop pushing on folderPusher for bokomoko:AA-bokomoko.other/pool-648-thread-1
W/k9 (17667): Attempt to interrupt null mConnection to stop pushing on folderPusher for bokomoko:AA-bokomoko.dev/pool-648-thread-1
W/k9 (17667): Attempt to interrupt null mConnection to stop pushing on folderPusher for bokomoko:AA-bokomoko.order/pool-648-thread-1
W/k9 (17667): Attempt to interrupt null mConnection to stop pushing on folderPusher for bokomoko:AA-bokomoko.contact/pool-648-thread-1
W/k9 (17667): Attempt to interrupt null mConnection to stop pushing on folderPusher for bokomoko:AA-bokomoko.ml/pool-648-thread-1
W/k9 (17667): Attempt to interrupt null mConnection to stop pushing on folderPusher for bokomoko:AA-bokomoko.fdbaut/pool-648-thread-1
W/k9 (17667): Attempt to interrupt null mConnection to stop pushing on folderPusher for bokomoko:INBOX/pool-648-thread-1
W/k9 (17667): Attempt to interrupt null mConnection to stop pushing on folderPusher for bokomoko:Freunde.Kristina/pool-648-thread-1
W/k9 (17667): Attempt to interrupt null mConnection to stop pushing on folderPusher for bokomoko:Freunde.Kathrin/pool-648-thread-1
W/k9 (17667): Attempt to interrupt null mConnection to stop pushing on folderPusher for bokomoko:Freunde.Marina/pool-648-thread-1
W/ContextImpl(23737): Implicit intents with startService are not safe: Intent { act=com.google.android.music.NETWORK_MONITOR_SERVICE } android.content.ContextWrapper.bindService:517 com.google.android.music.utils.SafeServiceConnection$ServiceConnectionImp.bindService:98 com.google.android.music.utils.SafeServiceConnection.bindService:259
I/ActivityManager(16187): Resuming delayed broadcast
D/GCM (16790): GcmService start Intent { act=com.google.android.checkin.CHECKIN_COMPLETE flg=0x10 cmp=com.google.android.gms/.gcm.GcmService (has extras) } com.google.android.checkin.CHECKIN_COMPLETE
W/ContextImpl(23737): Implicit intents with startService are not safe: Intent { act=com.google.android.music.NETWORK_MONITOR_SERVICE } android.content.ContextWrapper.bindService:517 com.google.android.music.utils.SafeServiceConnection$ServiceConnectionImp.bindService:98 com.google.android.music.utils.SafeServiceConnection.bindService:259
I/MusicLeanback(23737): Conditions not met for autocaching.
I/MusicLeanback(23737): Stop autocaching.
D/StatusBar.NetworkController(16454): updateConnectivity: intent=Intent { act=android.net.conn.INET_CONDITION_ACTION flg=0x4000010 (has extras) }
D/StatusBar.NetworkController(16454): updateConnectivity: networkInfo=NetworkInfo: type: WIFI[], state: CONNECTED/CONNECTED, reason: (unspecified), extra: "FairSpot_FREE", roaming: false, failover: false, isAvailable: true, isConnectedToProvisioningNetwork: false
D/ConnectivityService(16187): handleInetConditionHoldEnd: net=1, condition=100, published condition=100
D/StatusBar.NetworkController(16454): updateConnectivity: connectionStatus=100
D/StatusBar.NetworkController(16454): refreshViews connected={ wifi } level=3 combinedSignalIconId=0x7f0200a3/com.android.systemui:drawable/stat_sys_wifi_signal_3_fully mobileLabel=maXXim wifiLabel="FairSpot_FREE"xxxxXXXXxxxxXXXX emergencyOnly=false combinedLabel="FairSpot_FREE"xxxxXXXXxxxxXXXX mAirplaneMode=false mDataActivity=0 mPhoneSignalIconId=0x7f02009a mQSPhoneSignalIconId=0x7f020045 mDataDirectionIconId=0x0 mDataSignalIconId=0x7f02009a mDataTypeIconId=0x7f02008e mQSDataTypeIconId=0x7f02004b mNoSimIconId=0x0 mWifiIconId=0x7f0200a3 mQSWifiIconId=0x7f02005f mBluetoothTetherIconId=0x10805d0
I/GAV2 (23816): Thread[GAThread,5,main]: No campaign data found.
E/LocSvc_adapter(16187): I/<--- void globalEventCb(locClientHandleType, uint32_t, locClientEventIndUnionType, void*) line 88 QMI_LOC_EVENT_NMEA_IND_V02
E/LocSvc_eng(16187): D/void loc_eng_deferred_action_thread(void*):1627] received msg_id = LOC_ENG_MSG_REPORT_NMEA context = 0x4b0c7e10
E/LocSvc_adapter(16187): I/<--- void globalEventCb(locClientHandleType, uint32_t, locClientEventIndUnionType, void*) line 88 QMI_LOC_EVENT_NMEA_IND_V02
E/LocSvc_eng(16187): D/void loc_eng_deferred_action_thread(void*):1627] received msg_id = LOC_ENG_MSG_REPORT_NMEA context = 0x4b0c7e10
E/LocSvc_adapter(16187): I/<--- void globalEventCb(locClientHandleType, uint32_t, locClientEventIndUnionType, void*) line 88 QMI_LOC_EVENT_NMEA_IND_V02
E/LocSvc_eng(16187): D/void loc_eng_deferred_action_thread(void*):1627] received msg_id = LOC_ENG_MSG_REPORT_NMEA context = 0x4b0c7e10
E/LocSvc_adapter(16187): I/<--- void globalEventCb(locClientHandleType, uint32_t, locClientEventIndUnionType, void*) line 88 QMI_LOC_EVENT_NMEA_IND_V02
E/LocSvc_eng(16187): D/void loc_eng_deferred_action_thread(void*):1627] received msg_id = LOC_ENG_MSG_REPORT_NMEA context = 0x4b0c7e10
E/LocSvc_adapter(16187): I/<--- void globalEventCb(locClientHandleType, uint32_t, locClientEventIndUnionType, void*) line 88 QMI_LOC_EVENT_NMEA_IND_V02
E/LocSvc_eng(16187): D/void loc_eng_deferred_action_thread(void*):1627] received msg_id = LOC_ENG_MSG_REPORT_NMEA context = 0x4b0c7e10
E/LocSvc_adapter(16187): I/<--- void globalEventCb(locClientHandleType, uint32_t, locClientEventIndUnionType, void*) line 88 QMI_LOC_EVENT_NMEA_IND_V02
E/LocSvc_eng(16187): D/void loc_eng_deferred_action_thread(void*):1627] received msg_id = LOC_ENG_MSG_REPORT_NMEA context = 0x4b0c7e10
E/LocSvc_adapter(16187): I/<--- void globalEventCb(locClientHandleType, uint32_t, locClientEventIndUnionType, void*) line 88 QMI_LOC_EVENT_NMEA_IND_V02
E/LocSvc_eng(16187): D/void loc_eng_deferred_action_thread(void*):1627] received msg_id = LOC_ENG_MSG_REPORT_NMEA context = 0x4b0c7e10
D/DisplayPowerController(16187): SSTEMP : mIsLockZone = true
E/LocSvc_adapter(16187): I/<--- void globalEventCb(locClientHandleType, uint32_t, locClientEventIndUnionType, void*) line 88 QMI_LOC_EVENT_GNSS_SV_INFO_IND_V02
E/LocSvc_adapter(16187): I/num sv: 18 ephemeris mask: 1367877666 almanac mask: 51882822
E/LocSvc_adapter(16187): used in fix mask: 0
E/LocSvc_adapter(16187): sv: prn snr elevation azimuth
E/LocSvc_adapter(16187): I/ 0: 14 21.200001 31.000000 254.000000
E/LocSvc_adapter(16187): I/ 1: 31 28.799999 23.000000 307.000000
E/LocSvc_adapter(16187): I/ 9: 69 19.100000 14.000000 354.000000
E/LocSvc_eng(16187): D/void loc_eng_deferred_action_thread(void*):1627] received msg_id = LOC_ENG_MSG_REPORT_SV context = 0x4b0c7e10
E/LocSvc_adapter(16187): I/<--- void globalEventCb(locClientHandleType, uint32_t, locClientEventIndUnionType, void*) line 88 QMI_LOC_EVENT_NMEA_IND_V02
E/LocSvc_eng(16187): D/void loc_eng_deferred_action_thread(void*):1627] received msg_id = LOC_ENG_MSG_REPORT_NMEA context = 0x4b0c7e10
E/LocSvc_adapter(16187): I/<--- void globalEventCb(locClientHandleType, uint32_t, locClientEventIndUnionType, void*) line 88 QMI_LOC_EVENT_NMEA_IND_V02
E/LocSvc_eng(16187): D/void loc_eng_deferred_action_thread(void*):1627] received msg_id = LOC_ENG_MSG_REPORT_NMEA context = 0x4b0c7e10
E/LocSvc_adapter(16187): I/<--- void globalEventCb(locClientHandleType, uint32_t, locClientEventIndUnionType, void*) line 88 QMI_LOC_EVENT_NMEA_IND_V02
E/LocSvc_eng(16187): D/void loc_eng_deferred_action_thread(void*):1627] received msg_id = LOC_ENG_MSG_REPORT_NMEA context = 0x4b0c7e10
E/LocSvc_adapter(16187): I/<--- void globalEventCb(locClientHandleType, uint32_t, locClientEventIndUnionType, void*) line 88 QMI_LOC_EVENT_NMEA_IND_V02
E/LocSvc_eng(16187): D/void loc_eng_deferred_action_thread(void*):1627] received msg_id = LOC_ENG_MSG_REPORT_NMEA context = 0x4b0c7e10
E/LocSvc_adapter(16187): I/<--- void globalEventCb(locClientHandleType, uint32_t, locClientEventIndUnionType, void*) line 88 QMI_LOC_EVENT_NMEA_IND_V02
E/LocSvc_eng(16187): D/void loc_eng_deferred_action_thread(void*):1627] received msg_id = LOC_ENG_MSG_REPORT_NMEA context = 0x4b0c7e10
E/LocSvc_adapter(16187): I/<--- void globalEventCb(locClientHandleType, uint32_t, locClientEventIndUnionType, void*) line 88 QMI_LOC_EVENT_POSITION_REPORT_IND_V02
E/LocSvc_adapter(16187): D/Reporting postion from V2 Adapter
E/LocSvc_eng(16187): D/void loc_eng_deferred_action_thread(void*):1627] received msg_id = LOC_ENG_MSG_REPORT_POSITION context = 0x4b0c7e10
E/LocSvc_adapter(16187): I/<--- void globalEventCb(locClientHandleType, uint32_t, locClientEventIndUnionType, void*) line 88 QMI_LOC_EVENT_NMEA_IND_V02
E/LocSvc_eng(16187): D/void loc_eng_deferred_action_thread(void*):1627] received msg_id = LOC_ENG_MSG_REPORT_NMEA context = 0x4b0c7e10
E/LocSvc_adapter(16187): I/<--- void globalEventCb(locClientHandleType, uint32_t, locClientEventIndUnionType, void*) line 88 QMI_LOC_EVENT_NMEA_IND_V02
E/LocSvc_eng(16187): D/void loc_eng_deferred_action_thread(void*):1627] received msg_id = LOC_ENG_MSG_REPORT_NMEA context = 0x4b0c7e10
E/LocSvc_adapter(16187): I/<--- void globalEventCb(locClientHandleType, uint32_t, locClientEventIndUnionType, void*) line 88 QMI_LOC_EVENT_NMEA_IND_V02
E/LocSvc_eng(16187): D/void loc_eng_deferred_action_thread(void*):1627] received msg_id = LOC_ENG_MSG_REPORT_NMEA context = 0x4b0c7e10
E/LocSvc_adapter(16187): I/<--- void globalEventCb(locClientHandleType, uint32_t, locClientEventIndUnionType, void*) line 88 QMI_LOC_EVENT_NMEA_IND_V02
E/LocSvc_eng(16187): D/void loc_eng_deferred_action_thread(void*):1627] received msg_id = LOC_ENG_MSG_REPORT_NMEA context = 0x4b0c7e10
E/LocSvc_adapter(16187): I/<--- void globalEventCb(locClientHandleType, uint32_t, locClientEventIndUnionType, void*) line 88 QMI_LOC_EVENT_NMEA_IND_V02
E/LocSvc_eng(16187): D/void loc_eng_deferred_action_thread(void*):1627] received msg_id = LOC_ENG_MSG_REPORT_NMEA context = 0x4b0c7e10
E/LocSvc_adapter(16187): I/<--- void globalEventCb(locClientHandleType, uint32_t, locClientEventIndUnionType, void*) line 88 QMI_LOC_EVENT_NMEA_IND_V02
E/LocSvc_eng(16187): D/void loc_eng_deferred_action_thread(void*):1627] received msg_id = LOC_ENG_MSG_REPORT_NMEA context = 0x4b0c7e10
E/LocSvc_adapter(16187): I/<--- void globalEventCb(locClientHandleType, uint32_t, locClientEventIndUnionType, void*) line 88 QMI_LOC_EVENT_GNSS_SV_INFO_IND_V02
E/LocSvc_adapter(16187): I/num sv: 18 ephemeris mask: 1367877666 almanac mask: 51882822
E/LocSvc_adapter(16187): used in fix mask: 40002000
E/LocSvc_adapter(16187): sv: prn snr elevation azimuth
E/LocSvc_adapter(16187): I/ 0: 14 20.000000 31.000000 254.000000
