I/ActivityManager(16187): START u0 {act=android.intent.action.MAIN cat=[android.intent.category.LAUNCHER] flg=0x10200000 cmp=org.navitproject.navit/.Navit bnds=[276,255][540,590]} from pid 16679
V/AudioPolicyManagerBase(16033): getOutput() device 2, stream 1, samplingRate 0, format 0, channelMask 3, flags 0
V/AudioPolicyManagerBase(16033): getOutput() returns output 2
V/AudioPolicyManagerBase(16033): getOutput() device 2, stream 1, samplingRate 0, format 0, channelMask 3, flags 0
V/AudioPolicyManagerBase(16033): getOutput() returns output 2
V/AudioPolicyManagerBase(16033): getOutput() device 2, stream 1, samplingRate 48000, format 1, channelMask 3, flags 4
V/AudioPolicyManagerBase(16033): selectOutput() commonFlags for output 3, 0001
V/AudioPolicyManagerBase(16033): getOutput() returns output 3
V/AudioPolicyManagerBase(16033): startOutput() output 3, stream 1, session 453
V/AudioPolicyManagerBase(16033): changeRefCount() stream 1, count 1
E/AudioPolicyManagerBase(16033): unknown stream type
E/AudioPolicyManagerBase(16033): unknown stream type
E/AudioPolicyManagerBase(16033): unknown stream type
E/AudioPolicyManagerBase(16033): unknown stream type
E/AudioPolicyManagerBase(16033): unknown stream type
E/AudioPolicyManagerBase(16033): unknown stream type
E/AudioPolicyManagerBase(16033): unknown stream type
E/AudioPolicyManagerBase(16033): unknown stream type
E/AudioPolicyManagerBase(16033): unknown stream type
E/AudioPolicyManagerBase(16033): unknown stream type
E/AudioPolicyManagerBase(16033): unknown stream type
E/AudioPolicyManagerBase(16033): unknown stream type
E/AudioPolicyManagerBase(16033): unknown stream type
E/AudioPolicyManagerBase(16033): unknown stream type
E/AudioPolicyManagerBase(16033): unknown stream type
E/AudioPolicyManagerBase(16033): unknown stream type
V/AudioPolicyManagerBase(16033): getNewDevice() selected device 2
V/AudioPolicyManagerBase(16033): setOutputDevice() output 3 device 0002 force 0 delayMs 0
V/AudioPolicyManagerBase(16033): setOutputDevice() prevDevice 0002
V/AudioPolicyManagerBase(16033): setOutputDevice() setting same device 0002 or null device for output 3
V/AudioPolicyManagerBase(16033): releaseOutput() 3
D/ALSADevice(16033): route: devices 0x2 in mode 0
V/ALSADevice(16033): switchDevice: device 0x2 mode:0
V/ALSADevice(16033): getUCMDevice for output device: devices:2 is input device:0
V/ALSADevice(16033): getUCMDevice for input device: devices:0 is input device:1
D/ALSADevice(16033): No valid input device: 0
V/ALSADevice(16033): switchDevice,rxDev:Speaker, txDev:(null), curRxDev:Speaker, curTxDev:VR Main Mic
D/alsa_ucm(16033): snd_use_case_set(): uc_mgr 0xb8501808 identifier _enadev value Speaker
D/ALSADevice(16033): switchDevice: mCurTxUCMDevivce VR Main Mic mCurRxDevDevice Speaker inCallDevSwitch = 0
V/ALSADevice(16033): switchDevice Done
D/alsa_ucm(16033): snd_use_case_set(): uc_mgr 0xb8501808 identifier _enamod value Play Lowlatency Music
D/alsa_ucm(16033): Set mixer controls for Speaker enable 1
D/alsa_ucm(16033): acdb_id 15 cap 1 enable 1
D/ACDB-LOADER(16033): ACDB -> send_audio_cal, acdb_id = 15, path = 0
D/ACDB-LOADER(16033): ACDB -> send_adm_topology
D/ACDB-LOADER(16033): ACDB -> ACDB_CMD_GET_AUDPROC_COMMON_TOPOLOGY_ID
D/ACDB-LOADER(16033): ACDB -> send_audtable
D/ACDB-LOADER(16033): ACDB -> ACDB_CMD_GET_AUDPROC_COMMON_TABLE
D/ACDB-LOADER(16033): ACDB -> AUDIO_SET_AUDPROC_CAL
D/ACDB-LOADER(16033): ACDB -> send_audvoltable
D/ACDB-LOADER(16033): ACDB -> ACDB_CMD_GET_AUDPROC_GAIN_DEP_VOLTBL_STEP_COPP
E/ACDB-LOADER(16033): Error: ACDB AudProc vol returned = -8
D/ACDB-LOADER(16033): ACDB -> AUDIO_SET_AUDPROC_VOL_CAL
D/ACDB-LOADER(16033): ACDB -> send_afe_cal
D/ACDB-LOADER(16033): ACDB -> ACDB_CMD_GET_AFE_COMMON_TABLE
D/ACDB-LOADER(16033): ACDB -> AUDIO_SET_AFE_CAL
D/alsa_ucm(16033): Setting mixer control: SLIM_0_RX Channels, value: Two
D/alsa_ucm(16033): Setting mixer control: RX5 MIX1 INP1, value: RX1
D/alsa_ucm(16033): Setting mixer control: RX5 MIX1 INP2, value: RX2
D/alsa_ucm(16033): Setting mixer control: RX6 DSM MUX, value: DSM_INV
D/alsa_ucm(16033): Setting multi value: LINEOUT2 Volume
D/alsa_ucm(16033): Setting multi value: LINEOUT4 Volume
D/alsa_ucm(16033): Setting multi value: RX5 Digital Volume
D/alsa_ucm(16033): Set mixer controls for Play Lowlatency Music enable 1
D/alsa_ucm(16033): Setting mixer control: SLIMBUS_0_RX Audio Mixer MultiMedia5, value: 1
D/ALSADevice(16033): close: handle 0xb853ba68 h 0x0
D/ALSADevice(16033): open: handle 0xb853ba68, format 0x2
V/ALSADevice(16033): Music case
D/ALSADevice(16033): Device value returned is hw:0,14
V/ALSADevice(16033): flags 0, devName hw:0,14
V/ALSADevice(16033): pcm_open returned fd 38
D/ALSADevice(16033): handle->format: 0x2
D/ALSADevice(16033): setHardwareParams: reqBuffSize 1024 channels 2 sampleRate 48000
D/ALSADevice(16033): setHardwareParams: buffer_size 2048, period_size 1024, period_cnt 2
W/art (16028): Could not get current activity
I/ActivityManager(16187): Start proc org.navitproject.navit for activity org.navitproject.navit/.Navit: pid=23667 uid=10160 gids={50160, 3003, 1028, 1015}
I/HotwordWorker(17139): #onHotwordDetectorStopped(false)
I/MicrophoneInputStream(17139): mic_close ela@66367210
W/qdhwcomposer( 211): Excessive delay reading vsync: took 3773 ms
D/AudioStreamInALSA(16033): standby
D/AudioStreamInALSA(16033): standby
D/ALSADevice(16033): standby: handle 0xb854eb18 h 0x0
V/ALSADevice(16033): standby handle h 0xb854abe0
D/alsa_ucm(16033): snd_use_case_set(): uc_mgr 0xb8501808 identifier _verb value Inactive
D/alsa_ucm(16033): Set mixer controls for HiFi Rec enable 0
D/alsa_ucm(16033): Setting mixer control: MultiMedia1 Mixer SLIM_0_TX, value: 0
V/ALSADevice(16033): Number of modifiers 1
V/ALSADevice(16033): index 0 modifier Play Lowlatency Music
V/ALSADevice(16033): use case is Play Lowlatency Music
V/ALSADevice(16033): usecase_type is 1
D/alsa_ucm(16033): snd_use_case_set(): uc_mgr 0xb8501808 identifier _disdev value VR Main Mic
D/alsa_ucm(16033): Set mixer controls for VR Main Mic enable 0
D/alsa_ucm(16033): Setting mixer control: SLIM TX7 MUX, value: ZERO
D/alsa_ucm(16033): Setting mixer control: DEC4 MUX, value: ZERO
D/alsa_ucm(16033): Setting mixer control: ADC3 Volume, value: 0
D/alsa_ucm(16033): Setting mixer control: DEC4 Volume, value: 67
V/AudioPolicyManagerBase(16033): stopInput() input 452
V/AudioPolicyManagerBase(16033): releaseInput() 452
D/AudioHardwareALSA(16033): closeInputStream: Remove mActiveInput 0xb85521e8
D/AudioStreamInALSA(16033): close
D/AudioStreamInALSA(16033): close
D/ALSAStreamOps(16033): close
D/ALSADevice(16033): close: handle 0xb854eb18 h 0x0
D/ALSAStreamOps(16033): close
D/ALSADevice(16033): close: handle 0xb854eb18 h 0x0
I/HotwordRecognitionRnr(17139): Hotword detection finished
V/AudioPolicyManagerBase(16033): releaseInput() exit
I/HotwordRecognitionRnr(17139): Stopping hotword detection.
V/AudioPolicyManagerBase(16033): stopOutput() output 3, stream 1, session 453
V/AudioPolicyManagerBase(16033): changeRefCount() stream 1, count 0
E/AudioPolicyManagerBase(16033): unknown stream type
E/AudioPolicyManagerBase(16033): unknown stream type
E/AudioPolicyManagerBase(16033): unknown stream type
E/AudioPolicyManagerBase(16033): unknown stream type
E/AudioPolicyManagerBase(16033): unknown stream type
E/AudioPolicyManagerBase(16033): unknown stream type
E/AudioPolicyManagerBase(16033): unknown stream type
E/AudioPolicyManagerBase(16033): unknown stream type
E/AudioPolicyManagerBase(16033): unknown stream type
E/AudioPolicyManagerBase(16033): unknown stream type
E/AudioPolicyManagerBase(16033): unknown stream type
E/AudioPolicyManagerBase(16033): unknown stream type
E/AudioPolicyManagerBase(16033): unknown stream type
E/AudioPolicyManagerBase(16033): unknown stream type
E/AudioPolicyManagerBase(16033): unknown stream type
E/AudioPolicyManagerBase(16033): unknown stream type
E/AudioPolicyManagerBase(16033): unknown stream type
E/AudioPolicyManagerBase(16033): unknown stream type
E/AudioPolicyManagerBase(16033): unknown stream type
E/AudioPolicyManagerBase(16033): unknown stream type
E/AudioPolicyManagerBase(16033): unknown stream type
E/AudioPolicyManagerBase(16033): unknown stream type
E/AudioPolicyManagerBase(16033): unknown stream type
E/AudioPolicyManagerBase(16033): unknown stream type
V/AudioPolicyManagerBase(16033): getNewDevice() selected device 0
V/AudioPolicyManagerBase(16033): setOutputDevice() output 3 device 0000 force 0 delayMs 128
V/AudioPolicyManagerBase(16033): setOutputDevice() prevDevice 0002
E/AudioPolicyManagerBase(16033): unknown stream type
E/AudioPolicyManagerBase(16033): unknown stream type
E/AudioPolicyManagerBase(16033): unknown stream type
E/AudioPolicyManagerBase(16033): unknown stream type
E/AudioPolicyManagerBase(16033): unknown stream type
E/AudioPolicyManagerBase(16033): unknown stream type
E/AudioPolicyManagerBase(16033): unknown stream type
E/AudioPolicyManagerBase(16033): unknown stream type
V/AudioPolicyManagerBase(16033): setOutputDevice() setting same device 0000 or null device for output 3
E/AudioPolicyManagerBase(16033): unknown stream type
E/AudioPolicyManagerBase(16033): unknown stream type
E/AudioPolicyManagerBase(16033): unknown stream type
E/AudioPolicyManagerBase(16033): unknown stream type
D/ACRA (23667): Retrieve application default SharedPreferences.
D/ACRA (23667): Set OnSharedPreferenceChangeListener.
D/ACRA (23667): ACRA is enabled for org.navitproject.navit, intializing...
D/ACRA (23667): Using default Report Fields
D/ACRA (23667): Looking for error files in /data/data/org.navitproject.navit/files
E/Navit (23667): **1**A android.intent.action.MAIN
E/Navit (23667): **1**D null
E/NavitTextTranslations(23667): initializing translated text ...
E/NavitTextTranslations(23667): ... ready
E/Navit (23667): lang=de
E/Navit (23667): Country1 DE
E/Navit (23667): Country2 DE
E/Navit (23667): Language de
E/Navit (23667): Navit -> pixels x=1080 pixels y=1920
E/Navit (23667): Navit -> dpi=480
E/Navit (23667): Navit -> density=3.0
E/Navit (23667): Navit -> scaledDensity=3.0
E/Navit (23667): Res Name de, result /data/data/org.navitproject.navit/locale/de/LC_MESSAGES/navit.mo
E/Navit (23667): Res ID 2130903051
E/Navit (23667): found xhdpi device, this is not fully supported!!
E/Navit (23667): using hdpi values
E/Navit (23667): Res Name navithdpi, result /data/data/org.navitproject.navit/share/navit.xml
E/Navit (23667): Res ID 2130903085
E/Navit (23667): android.os.Build.VERSION.SDK_INT=19
E/test (23667): called
E/navit (23667): navit:Java_org_navitproject_navit_Navit_NavitMain:enter env=0x417256d8 thiz=0xbea37dfc activity=0x10046a lang=de_DE version=19
E/navit (23667): navit:Java_org_navitproject_navit_Navit_NavitMain:*****displaydensity=hdpi
E/navit (23667): navit:file_init:Maps larger than 2GB are not supported by this binary, sizeof(off_t)=4
E/navit (23667): navit:main_real:Loading /sdcard/navit/navit.xml
E/navit (23667): graphics_android:plugin_init:enter
E/navit (23667): vehicle_android:plugin_init:enter
E/navit (23667): graphics_android:event_android_new:enter
E/navit (23667): graphics_android:event_android_new:ok
E/navit (23667): graphics_android:graphics_android_init:at 2 jnienv=0x417256d8
E/navit (23667): graphics_android:graphics_android_init:at 3
E/navit (23667): graphics_android:graphics_android_init:at 4 android_activity=0x10046a
E/navit (23667): graphics_android:graphics_android_init:result=0x1200049
E/navit (23667): graphics_android:graphics_android_init:result=0x690004d
E/navit (23667): graphics_android:graphics_android_new:returning 0x48681080
E/navit (23667): vehicle_android:vehicle_android_new_android:enter
E/navit (23667): vehicle_android:vehicle_android_init:at 3
E/navit (23667): vehicle_android:vehicle_android_init:at 4 android_activity=0x10046a
E/NavitVehicle(23667): Providers [passive, gps, network]
E/NavitVehicle(23667): Precise Provider gps
E/NavitVehicle(23667): Fast Provider gps
E/navit (23667): vehicle_android:vehicle_android_init:result=0x140005d
E/navit (23667): vehicle_android:vehicle_android_new_android:return
E/navit (23667): navit:convert_to_attrs:failed to create attribute 'distance_metric' with value '25'
E/navit (23667): navit:convert_to_attrs:failed to create attribute 'distance_metric' with value '100'
E/navit (23667): navit:convert_to_attrs:failed to create attribute 'distance_metric' with value '200'
E/LocSvc_eng(16187): D/loc_eng_set_position_mode() application requested operation_mode = 1
E/navit (23667): navit:convert_to_attrs:failed to create attribute 'distance_metric' with value '50'
E/navit (23667): navit:convert_to_attrs:failed to create attribute 'distance_metric' with value '200'
E/LocSvc_utils_cfg(16187): W/loc_read_sec_gps_conf: no secgps conf file, using defaults
E/navit (23667): navit:convert_to_attrs:failed to create attribute 'distance_metric' with value '500'
E/LocSvc_eng(16187): D/loc_eng_set_position_mode() SEC preferred accuracy = 150 params.recurrence = 0
E/navit (23667): navit:convert_to_attrs:failed to create attribute 'distance_metric' with value '50'
E/LocSvc_eng(16187): D/loc_eng_start() : call loc_eng_sec_set_param
E/navit (23667): navit:convert_to_attrs:failed to create attribute 'distance_metric' with value '200'
E/LocSvc_eng(16187): D/void loc_eng_deferred_action_thread(void*):1627] received msg_id = LOC_ENG_MSG_SET_POSITION_MODE context = 0x4b0c7e10
E/navit (23667): navit:convert_to_attrs:failed to create attribute 'distance_metric' with value '500'
E/LocSvc_utils_cfg(16187): W/loc_read_sec_gps_conf: no secgps conf file, using defaults
E/navit (23667): navit:convert_to_attrs:failed to create attribute 'distance_metric' with value '50'
E/LocSvc_eng(16187): D/void loc_eng_deferred_action_thread(void*):1627] received msg_id = LOC_ENG_MSG_START_FIX context = 0x4b0c7e10
E/navit (23667): navit:convert_to_attrs:failed to create attribute 'distance_metric' with value '200'
E/navit (23667): navit:convert_to_attrs:failed to create attribute 'distance_metric' with value '500'
E/navit (23667): navit:convert_to_attrs:failed to create attribute 'distance_metric' with value '100'
E/navit (23667): navit:convert_to_attrs:failed to create attribute 'distance_metric' with value '400'
E/navit (23667): navit:convert_to_attrs:failed to create attribute 'distance_metric' with value '1000'
E/LocSvc_eng(16187): D/gps_set_battery_flag, connect=1
E/navit (23667): navit:convert_to_attrs:failed to create attribute 'distance_metric' with value '100'
E/navit (23667): navit:convert_to_attrs:failed to create attribute 'distance_metric' with value '400'
E/navit (23667): navit:convert_to_attrs:failed to create attribute 'distance_metric' with value '1000'
E/navit (23667): navit:convert_to_attrs:failed to create attribute 'distance_metric' with value '100'
E/navit (23667): navit:convert_to_attrs:failed to create attribute 'distance_metric' with value '400'
E/navit (23667): navit:convert_to_attrs:failed to create attribute 'distance_metric' with value '1000'
E/navit (23667): navit:convert_to_attrs:failed to create attribute 'distance_metric' with value '100'
E/navit (23667): navit:convert_to_attrs:failed to create attribute 'distance_metric' with value '400'
E/navit (23667): navit:convert_to_attrs:failed to create attribute 'distance_metric' with value '1000'
E/navit (23667): navit:convert_to_attrs:failed to create attribute 'distance_metric' with value '100'
E/navit (23667): navit:convert_to_attrs:failed to create attribute 'distance_metric' with value '400'
E/navit (23667): navit:convert_to_attrs:failed to create attribute 'distance_metric' with value '1000'
E/navit (23667): navit:convert_to_attrs:failed to create attribute 'distance_metric' with value '300'
E/navit (23667): navit:convert_to_attrs:failed to create attribute 'distance_metric' with value '1000'
E/navit (23667): navit:convert_to_attrs:failed to create attribute 'distance_metric' with value '2000'
E/navit (23667): navit:convert_to_attrs:failed to create attribute 'distance_metric' with value '300'
E/navit (23667): navit:convert_to_attrs:failed to create attribute 'distance_metric' with value '1000'
E/navit (23667): navit:convert_to_attrs:failed to create attribute 'distance_metric' with value '2000'
E/navit (23667): navit:convert_to_attrs:failed to create attribute 'distance_metric' with value '50'
E/navit (23667): navit:convert_to_attrs:failed to create attribute 'distance_metric' with value '200'
E/navit (23667): navit:convert_to_attrs:failed to create attribute 'distance_metric' with value '500'
E/navit (23667): navit:profile_option_new:return 0x4862ecd0
E/navit (23667): navit:profile_option_new:return 0x48688698
E/navit (23667): navit:profile_option_new:return 0x48688620
E/navit (23667): navit:convert_to_attrs:failed to create attribute 'distance_metric' with value '25'
E/navit (23667): navit:convert_to_attrs:failed to create attribute 'distance_metric' with value '100'
E/navit (23667): navit:convert_to_attrs:failed to create attribute 'distance_metric' with value '200'
E/navit (23667): navit:convert_to_attrs:failed to create attribute 'distance_metric' with value '50'
E/navit (23667): navit:convert_to_attrs:failed to create attribute 'distance_metric' with value '200'
E/navit (23667): navit:convert_to_attrs:failed to create attribute 'distance_metric' with value '500'
E/navit (23667): navit:convert_to_attrs:failed to create attribute 'distance_metric' with value '50'
E/navit (23667): navit:convert_to_attrs:failed to create attribute 'distance_metric' with value '200'
E/navit (23667): navit:convert_to_attrs:failed to create attribute 'distance_metric' with value '500'
E/navit (23667): navit:convert_to_attrs:failed to create attribute 'distance_metric' with value '50'
E/navit (23667): navit:convert_to_attrs:failed to create attribute 'distance_metric' with value '200'
E/navit (23667): navit:convert_to_attrs:failed to create attribute 'distance_metric' with value '500'
E/navit (23667): navit:convert_to_attrs:failed to create attribute 'distance_metric' with value '100'
E/navit (23667): navit:convert_to_attrs:failed to create attribute 'distance_metric' with value '400'
E/navit (23667): navit:convert_to_attrs:failed to create attribute 'distance_metric' with value '1000'
E/navit (23667): navit:convert_to_attrs:failed to create attribute 'distance_metric' with value '100'
E/navit (23667): navit:convert_to_attrs:failed to create attribute 'distance_metric' with value '400'
E/navit (23667): navit:convert_to_attrs:failed to create attribute 'distance_metric' with value '1000'
E/navit (23667): navit:convert_to_attrs:failed to create attribute 'distance_metric' with value '100'
E/navit (23667): navit:convert_to_attrs:failed to create attribute 'distance_metric' with value '400'
E/navit (23667): navit:convert_to_attrs:failed to create attribute 'distance_metric' with value '1000'
E/navit (23667): navit:convert_to_attrs:failed to create attribute 'distance_metric' with value '100'
E/navit (23667): navit:convert_to_attrs:failed to create attribute 'distance_metric' with value '400'
E/navit (23667): navit:convert_to_attrs:failed to create attribute 'distance_metric' with value '1000'
E/navit (23667): navit:convert_to_attrs:failed to create attribute 'distance_metric' with value '100'
E/navit (23667): navit:convert_to_attrs:failed to create attribute 'distance_metric' with value '400'
E/navit (23667): navit:convert_to_attrs:failed to create attribute 'distance_metric' with value '1000'
E/navit (23667): navit:convert_to_attrs:failed to create attribute 'distance_metric' with value '300'
E/navit (23667): navit:convert_to_attrs:failed to create attribute 'distance_metric' with value '1000'
E/navit (23667): navit:convert_to_attrs:failed to create attribute 'distance_metric' with value '2000'
E/navit (23667): navit:convert_to_attrs:failed to create attribute 'distance_metric' with value '300'
E/navit (23667): navit:convert_to_attrs:failed to create attribute 'distance_metric' with value '1000'
E/navit (23667): navit:convert_to_attrs:failed to create attribute 'distance_metric' with value '2000'
E/navit (23667): navit:convert_to_attrs:failed to create attribute 'distance_metric' with value '50'
E/navit (23667): navit:convert_to_attrs:failed to create attribute 'distance_metric' with value '200'
E/navit (23667): navit:convert_to_attrs:failed to create attribute 'distance_metric' with value '500'
E/navit (23667): navit:convert_to_attrs:failed to create attribute 'distance_metric' with value '25'
E/navit (23667): navit:convert_to_attrs:failed to create attribute 'distance_metric' with value '100'
E/navit (23667): navit:convert_to_attrs:failed to create attribute 'distance_metric' with value '200'
E/navit (23667): navit:convert_to_attrs:failed to create attribute 'distance_metric' with value '50'
E/navit (23667): navit:convert_to_attrs:failed to create attribute 'distance_metric' with value '200'
E/navit (23667): navit:convert_to_attrs:failed to create attribute 'distance_metric' with value '500'
E/navit (23667): navit:convert_to_attrs:failed to create attribute 'distance_metric' with value '50'
E/navit (23667): navit:convert_to_attrs:failed to create attribute 'distance_metric' with value '200'
E/navit (23667): navit:convert_to_attrs:failed to create attribute 'distance_metric' with value '500'
E/navit (23667): navit:convert_to_attrs:failed to create attribute 'distance_metric' with value '50'
E/navit (23667): navit:convert_to_attrs:failed to create attribute 'distance_metric' with value '200'
E/navit (23667): navit:convert_to_attrs:failed to create attribute 'distance_metric' with value '500'
E/navit (23667): navit:convert_to_attrs:failed to create attribute 'distance_metric' with value '100'
E/navit (23667): navit:convert_to_attrs:failed to create attribute 'distance_metric' with value '400'
E/navit (23667): navit:convert_to_attrs:failed to create attribute 'distance_metric' with value '1000'
E/navit (23667): navit:convert_to_attrs:failed to create attribute 'distance_metric' with value '100'
E/navit (23667): navit:convert_to_attrs:failed to create attribute 'distance_metric' with value '400'
E/navit (23667): navit:convert_to_attrs:failed to create attribute 'distance_metric' with value '1000'
E/navit (23667): navit:convert_to_attrs:failed to create attribute 'distance_metric' with value '100'
E/navit (23667): navit:convert_to_attrs:failed to create attribute 'distance_metric' with value '400'
E/navit (23667): navit:convert_to_attrs:failed to create attribute 'distance_metric' with value '1000'
E/navit (23667): navit:convert_to_attrs:failed to create attribute 'distance_metric' with value '100'
E/navit (23667): navit:convert_to_attrs:failed to create attribute 'distance_metric' with value '400'
E/navit (23667): navit:convert_to_attrs:failed to create attribute 'distance_metric' with value '1000'
E/navit (23667): navit:convert_to_attrs:failed to create attribute 'distance_metric' with value '100'
E/navit (23667): navit:convert_to_attrs:failed to create attribute 'distance_metric' with value '400'
E/navit (23667): navit:convert_to_attrs:failed to create attribute 'distance_metric' with value '1000'
E/navit (23667): navit:convert_to_attrs:failed to create attribute 'distance_metric' with value '300'
E/navit (23667): navit:convert_to_attrs:failed to create attribute 'distance_metric' with value '1000'
E/navit (23667): navit:convert_to_attrs:failed to create attribute 'distance_metric' with value '2000'
E/navit (23667): navit:convert_to_attrs:failed to create attribute 'distance_metric' with value '300'
E/navit (23667): navit:convert_to_attrs:failed to create attribute 'distance_metric' with value '1000'
E/navit (23667): navit:convert_to_attrs:failed to create attribute 'distance_metric' with value '2000'
E/navit (23667): navit:convert_to_attrs:failed to create attribute 'distance_metric' with value '50'
E/navit (23667): navit:convert_to_attrs:failed to create attribute 'distance_metric' with value '200'
E/navit (23667): navit:convert_to_attrs:failed to create attribute 'distance_metric' with value '500'
E/navit (23667): navit:convert_to_attrs:failed to create attribute 'distance_metric' with value '25'
E/navit (23667): navit:convert_to_attrs:failed to create attribute 'distance_metric' with value '100'
E/navit (23667): navit:convert_to_attrs:failed to create attribute 'distance_metric' with value '200'
E/navit (23667): navit:convert_to_attrs:failed to create attribute 'distance_metric' with value '50'
E/navit (23667): navit:convert_to_attrs:failed to create attribute 'distance_metric' with value '200'
E/navit (23667): navit:convert_to_attrs:failed to create attribute 'distance_metric' with value '500'
E/navit (23667): navit:convert_to_attrs:failed to create attribute 'distance_metric' with value '50'
E/navit (23667): navit:convert_to_attrs:failed to create attribute 'distance_metric' with value '200'
E/navit (23667): navit:convert_to_attrs:failed to create attribute 'distance_metric' with value '500'
E/navit (23667): navit:convert_to_attrs:failed to create attribute 'distance_metric' with value '50'
E/navit (23667): navit:convert_to_attrs:failed to create attribute 'distance_metric' with value '200'
E/navit (23667): navit:convert_to_attrs:failed to create attribute 'distance_metric' with value '500'
E/navit (23667): navit:convert_to_attrs:failed to create attribute 'distance_metric' with value '100'
E/navit (23667): navit:convert_to_attrs:failed to create attribute 'distance_metric' with value '400'
E/navit (23667): navit:convert_to_attrs:failed to create attribute 'distance_metric' with value '1000'
E/navit (23667): navit:convert_to_attrs:failed to create attribute 'distance_metric' with value '100'
E/navit (23667): navit:convert_to_attrs:failed to create attribute 'distance_metric' with value '400'
E/navit (23667): navit:convert_to_attrs:failed to create attribute 'distance_metric' with value '1000'
E/navit (23667): navit:convert_to_attrs:failed to create attribute 'distance_metric' with value '100'
E/navit (23667): navit:convert_to_attrs:failed to create attribute 'distance_metric' with value '400'
E/navit (23667): navit:convert_to_attrs:failed to create attribute 'distance_metric' with value '1000'
E/navit (23667): navit:convert_to_attrs:failed to create attribute 'distance_metric' with value '100'
E/navit (23667): navit:convert_to_attrs:failed to create attribute 'distance_metric' with value '400'
E/navit (23667): navit:convert_to_attrs:failed to create attribute 'distance_metric' with value '1000'
E/navit (23667): navit:convert_to_attrs:failed to create attribute 'distance_metric' with value '100'
E/navit (23667): navit:convert_to_attrs:failed to create attribute 'distance_metric' with value '400'
E/navit (23667): navit:convert_to_attrs:failed to create attribute 'distance_metric' with value '1000'
E/navit (23667): navit:convert_to_attrs:failed to create attribute 'distance_metric' with value '300'
E/navit (23667): navit:convert_to_attrs:failed to create attribute 'distance_metric' with value '1000'
E/navit (23667): navit:convert_to_attrs:failed to create attribute 'distance_metric' with value '2000'
E/navit (23667): navit:convert_to_attrs:failed to create attribute 'distance_metric' with value '300'
E/navit (23667): navit:convert_to_attrs:failed to create attribute 'distance_metric' with value '1000'
E/navit (23667): navit:convert_to_attrs:failed to create attribute 'distance_metric' with value '2000'
E/navit (23667): navit:convert_to_attrs:failed to create attribute 'distance_metric' with value '50'
E/navit (23667): navit:convert_to_attrs:failed to create attribute 'distance_metric' with value '200'
E/navit (23667): navit:convert_to_attrs:failed to create attribute 'distance_metric' with value '500'
E/navit (23667): navit:convert_to_attrs:failed to create attribute 'distance_metric' with value '25'
E/navit (23667): navit:convert_to_attrs:failed to create attribute 'distance_metric' with value '100'
E/navit (23667): navit:convert_to_attrs:failed to create attribute 'distance_metric' with value '200'
E/navit (23667): navit:convert_to_attrs:failed to create attribute 'distance_metric' with value '25'
E/navit (23667): navit:convert_to_attrs:failed to create attribute 'distance_metric' with value '100'
E/navit (23667): navit:convert_to_attrs:failed to create attribute 'distance_metric' with value '200'
E/navit (23667): navit:convert_to_attrs:failed to create attribute 'distance_metric' with value '25'
E/navit (23667): navit:convert_to_attrs:failed to create attribute 'distance_metric' with value '100'
E/navit (23667): navit:convert_to_attrs:failed to create attribute 'distance_metric' with value '200'
E/navit (23667): navit:convert_to_attrs:failed to create attribute 'distance_metric' with value '25'
E/navit (23667): navit:convert_to_attrs:failed to create attribute 'distance_metric' with value '100'
E/navit (23667): navit:convert_to_attrs:failed to create attribute 'distance_metric' with value '200'
E/navit (23667): navit:convert_to_attrs:failed to create attribute 'distance_metric' with value '25'
E/navit (23667): navit:convert_to_attrs:failed to create attribute 'distance_metric' with value '100'
E/navit (23667): navit:convert_to_attrs:failed to create attribute 'distance_metric' with value '200'
E/navit (23667): navit:convert_to_attrs:failed to create attribute 'distance_metric' with value '25'
E/navit (23667): navit:convert_to_attrs:failed to create attribute 'distance_metric' with value '100'
E/navit (23667): navit:convert_to_attrs:failed to create attribute 'distance_metric' with value '200'
E/navit (23667): navit:convert_to_attrs:failed to create attribute 'distance_metric' with value '25'
E/navit (23667): navit:convert_to_attrs:failed to create attribute 'distance_metric' with value '100'
E/navit (23667): navit:convert_to_attrs:failed to create attribute 'distance_metric' with value '200'
E/navit (23667): navit:convert_to_attrs:failed to create attribute 'distance_metric' with value '25'
E/navit (23667): navit:convert_to_attrs:failed to create attribute 'distance_metric' with value '100'
E/navit (23667): navit:convert_to_attrs:failed to create attribute 'distance_metric' with value '200'
E/navit (23667): navit:convert_to_attrs:failed to create attribute 'distance_metric' with value '25'
E/navit (23667): navit:convert_to_attrs:failed to create attribute 'distance_metric' with value '100'
E/navit (23667): navit:convert_to_attrs:failed to create attribute 'distance_metric' with value '200'
E/navit (23667): navit:convert_to_attrs:failed to create attribute 'distance_metric' with value '100'
E/navit (23667): navit:convert_to_attrs:failed to create attribute 'distance_metric' with value '400'
E/navit (23667): navit:convert_to_attrs:failed to create attribute 'distance_metric' with value '1000'
E/navit (23667): navit:convert_to_attrs:failed to create attribute 'distance_metric' with value '25'
E/navit (23667): navit:convert_to_attrs:failed to create attribute 'distance_metric' with value '100'
E/navit (23667): navit:convert_to_attrs:failed to create attribute 'distance_metric' with value '200'
E/navit (23667): navit:convert_to_attrs:failed to create attribute 'distance_metric' with value '25'
E/navit (23667): navit:convert_to_attrs:failed to create attribute 'distance_metric' with value '100'
E/navit (23667): navit:convert_to_attrs:failed to create attribute 'distance_metric' with value '200'
E/navit (23667): navit:convert_to_attrs:failed to create attribute 'distance_metric' with value '25'
E/navit (23667): navit:convert_to_attrs:failed to create attribute 'distance_metric' with value '100'
E/navit (23667): navit:convert_to_attrs:failed to create attribute 'distance_metric' with value '200'
E/navit (23667): navit:convert_to_attrs:failed to create attribute 'distance_metric' with value '25'
E/navit (23667): navit:convert_to_attrs:failed to create attribute 'distance_metric' with value '100'
E/navit (23667): navit:convert_to_attrs:failed to create attribute 'distance_metric' with value '200'
E/navit (23667): navit:convert_to_attrs:failed to create attribute 'distance_metric' with value '25'
E/navit (23667): navit:convert_to_attrs:failed to create attribute 'distance_metric' with value '100'
E/navit (23667): navit:convert_to_attrs:failed to create attribute 'distance_metric' with value '200'
E/navit (23667): navit:convert_to_attrs:failed to create attribute 'distance_metric' with value '25'
E/navit (23667): navit:convert_to_attrs:failed to create attribute 'distance_metric' with value '100'
E/navit (23667): navit:convert_to_attrs:failed to create attribute 'distance_metric' with value '200'
E/navit (23667): navit:convert_to_attrs:failed to create attribute 'distance_metric' with value '25'
E/navit (23667): navit:convert_to_attrs:failed to create attribute 'distance_metric' with value '100'
E/navit (23667): navit:convert_to_attrs:failed to create attribute 'distance_metric' with value '200'
E/navit (23667): navit:convert_to_attrs:failed to create attribute 'distance_metric' with value '25'
E/navit (23667): navit:convert_to_attrs:failed to create attribute 'distance_metric' with value '100'
E/navit (23667): navit:convert_to_attrs:failed to create attribute 'distance_metric' with value '200'
E/navit (23667): navit:convert_to_attrs:failed to create attribute 'distance_metric' with value '100'
E/navit (23667): navit:convert_to_attrs:failed to create attribute 'distance_metric' with value '400'
E/navit (23667): navit:convert_to_attrs:failed to create attribute 'distance_metric' with value '1000'
E/navit (23667): navit:convert_to_attrs:failed to create attribute 'distance_metric' with value '100'
E/navit (23667): navit:convert_to_attrs:failed to create attribute 'distance_metric' with value '400'
E/navit (23667): navit:convert_to_attrs:failed to create attribute 'distance_metric' with value '1000'
E/navit (23667): navit:convert_to_attrs:failed to create attribute 'distance_metric' with value '25'
E/navit (23667): navit:convert_to_attrs:failed to create attribute 'distance_metric' with value '100'
E/navit (23667): navit:convert_to_attrs:failed to create attribute 'distance_metric' with value '200'
E/navit (23667): navit:convert_to_attrs:failed to create attribute 'distance_metric' with value '25'
E/navit (23667): navit:convert_to_attrs:failed to create attribute 'distance_metric' with value '100'
E/navit (23667): navit:convert_to_attrs:failed to create attribute 'distance_metric' with value '200'
E/navit (23667): navit:convert_to_attrs:failed to create attribute 'distance_metric' with value '25'
E/navit (23667): navit:convert_to_attrs:failed to create attribute 'distance_metric' with value '100'
E/navit (23667): navit:convert_to_attrs:failed to create attribute 'distance_metric' with value '200'
E/navit (23667): navit:convert_to_attrs:failed to create attribute 'distance_metric' with value '25'
E/navit (23667): navit:convert_to_attrs:failed to create attribute 'distance_metric' with value '100'
E/navit (23667): navit:convert_to_attrs:failed to create attribute 'distance_metric' with value '200'
E/navit (23667): navit:convert_to_attrs:failed to create attribute 'distance_metric' with value '25'
E/navit (23667): navit:convert_to_attrs:failed to create attribute 'distance_metric' with value '100'
E/navit (23667): navit:convert_to_attrs:failed to create attribute 'distance_metric' with value '200'
E/navit (23667): navit:convert_to_attrs:failed to create attribute 'distance_metric' with value '25'
E/navit (23667): navit:convert_to_attrs:failed to create attribute 'distance_metric' with value '100'
E/navit (23667): navit:convert_to_attrs:failed to create attribute 'distance_metric' with value '200'
E/navit (23667): navit:convert_to_attrs:failed to create attribute 'distance_metric' with value '25'
E/navit (23667): navit:convert_to_attrs:failed to create attribute 'distance_metric' with value '100'
E/navit (23667): navit:convert_to_attrs:failed to create attribute 'distance_metric' with value '200'
E/navit (23667): navit:convert_to_attrs:failed to create attribute 'distance_metric' with value '25'
E/navit (23667): navit:convert_to_attrs:failed to create attribute 'distance_metric' with value '100'
E/navit (23667): navit:convert_to_attrs:failed to create attribute 'distance_metric' with value '200'
E/navit (23667): navit:convert_to_attrs:failed to create attribute 'distance_metric' with value '100'
E/navit (23667): navit:convert_to_attrs:failed to create attribute 'distance_metric' with value '400'
E/navit (23667): navit:convert_to_attrs:failed to create attribute 'distance_metric' with value '1000'
E/navit (23667): navit:convert_to_attrs:failed to create attribute 'distance_metric' with value '100'
E/navit (23667): navit:convert_to_attrs:failed to create attribute 'distance_metric' with value '400'
E/navit (23667): navit:convert_to_attrs:failed to create attribute 'distance_metric' with value '1000'
E/navit (23667): navit:convert_to_attrs:failed to create attribute 'distance_metric' with value '25'
E/navit (23667): navit:convert_to_attrs:failed to create attribute 'distance_metric' with value '100'
E/navit (23667): navit:convert_to_attrs:failed to create attribute 'distance_metric' with value '200'
E/navit (23667): navit:convert_to_attrs:failed to create attribute 'distance_metric' with value '50'
E/navit (23667): navit:convert_to_attrs:failed to create attribute 'distance_metric' with value '200'
E/navit (23667): navit:convert_to_attrs:failed to create attribute 'distance_metric' with value '500'
E/navit (23667): navit:convert_to_attrs:failed to create attribute 'distance_metric' with value '50'
E/navit (23667): navit:convert_to_attrs:failed to create attribute 'distance_metric' with value '200'
E/navit (23667): navit:convert_to_attrs:failed to create attribute 'distance_metric' with value '500'
E/navit (23667): navit:convert_to_attrs:failed to create attribute 'distance_metric' with value '50'
E/navit (23667): navit:convert_to_attrs:failed to create attribute 'distance_metric' with value '200'
E/navit (23667): navit:convert_to_attrs:failed to create attribute 'distance_metric' with value '500'
E/navit (23667): navit:convert_to_attrs:failed to create attribute 'distance_metric' with value '100'
E/navit (23667): navit:convert_to_attrs:failed to create attribute 'distance_metric' with value '400'
E/navit (23667): navit:convert_to_attrs:failed to create attribute 'distance_metric' with value '1000'
E/navit (23667): navit:convert_to_attrs:failed to create attribute 'distance_metric' with value '100'
E/navit (23667): navit:convert_to_attrs:failed to create attribute 'distance_metric' with value '400'
E/navit (23667): navit:convert_to_attrs:failed to create attribute 'distance_metric' with value '1000'
E/navit (23667): navit:convert_to_attrs:failed to create attribute 'distance_metric' with value '100'
E/navit (23667): navit:convert_to_attrs:failed to create attribute 'distance_metric' with value '400'
E/navit (23667): navit:convert_to_attrs:failed to create attribute 'distance_metric' with value '1000'
E/navit (23667): navit:convert_to_attrs:failed to create attribute 'distance_metric' with value '100'
E/navit (23667): navit:convert_to_attrs:failed to create attribute 'distance_metric' with value '400'
E/navit (23667): navit:convert_to_attrs:failed to create attribute 'distance_metric' with value '1000'
E/navit (23667): navit:convert_to_attrs:failed to create attribute 'distance_metric' with value '100'
E/navit (23667): navit:convert_to_attrs:failed to create attribute 'distance_metric' with value '400'
E/navit (23667): navit:convert_to_attrs:failed to create attribute 'distance_metric' with value '1000'
E/navit (23667): navit:convert_to_attrs:failed to create attribute 'distance_metric' with value '300'
E/navit (23667): navit:convert_to_attrs:failed to create attribute 'distance_metric' with value '1000'
E/navit (23667): navit:convert_to_attrs:failed to create attribute 'distance_metric' with value '2000'
E/navit (23667): navit:convert_to_attrs:failed to create attribute 'distance_metric' with value '300'
E/navit (23667): navit:convert_to_attrs:failed to create attribute 'distance_metric' with value '1000'
E/navit (23667): navit:convert_to_attrs:failed to create attribute 'distance_metric' with value '2000'
E/navit (23667): navit:convert_to_attrs:failed to create attribute 'distance_metric' with value '50'
E/navit (23667): navit:convert_to_attrs:failed to create attribute 'distance_metric' with value '200'
E/navit (23667): navit:convert_to_attrs:failed to create attribute 'distance_metric' with value '500'
E/navit (23667): navit:convert_to_attrs:failed to create attribute 'distance_metric' with value '25'
E/navit (23667): navit:convert_to_attrs:failed to create attribute 'distance_metric' with value '100'
E/navit (23667): navit:convert_to_attrs:failed to create attribute 'distance_metric' with value '200'
E/navit (23667): navit:convert_to_attrs:failed to create attribute 'distance_metric' with value '25'
E/navit (23667): navit:convert_to_attrs:failed to create attribute 'distance_metric' with value '100'
E/navit (23667): navit:convert_to_attrs:failed to create attribute 'distance_metric' with value '200'
E/navit (23667): navit:convert_to_attrs:failed to create attribute 'distance_metric' with value '25'
E/navit (23667): navit:convert_to_attrs:failed to create attribute 'distance_metric' with value '100'
E/navit (23667): navit:convert_to_attrs:failed to create attribute 'distance_metric' with value '200'
E/navit (23667): navit:convert_to_attrs:failed to create attribute 'distance_metric' with value '25'
E/navit (23667): navit:convert_to_attrs:failed to create attribute 'distance_metric' with value '100'
E/navit (23667): navit:convert_to_attrs:failed to create attribute 'distance_metric' with value '200'
E/navit (23667): navit:convert_to_attrs:failed to create attribute 'distance_metric' with value '25'
E/navit (23667): navit:convert_to_attrs:failed to create attribute 'distance_metric' with value '100'
E/navit (23667): navit:convert_to_attrs:failed to create attribute 'distance_metric' with value '200'
E/navit (23667): navit:convert_to_attrs:failed to create attribute 'distance_metric' with value '25'
E/navit (23667): navit:convert_to_attrs:failed to create attribute 'distance_metric' with value '100'
E/navit (23667): navit:convert_to_attrs:failed to create attribute 'distance_metric' with value '200'
E/navit (23667): navit:convert_to_attrs:failed to create attribute 'distance_metric' with value '25'
E/navit (23667): navit:convert_to_attrs:failed to create attribute 'distance_metric' with value '100'
E/navit (23667): navit:convert_to_attrs:failed to create attribute 'distance_metric' with value '200'
E/navit (23667): navit:vehicleprofile_apply_roadprofile:On 'tmtb_scale0' roads used in 'mtb' vehicleprofile access restrictions are ignored. You might even be directed to drive in wrong direction on a one-way road. Please define default access flags for above road type to item.c and rebuild the map.
E/navit (23667): navit:convert_to_attrs:failed to create attribute 'distance_metric' with value '25'
E/navit (23667): navit:convert_to_attrs:failed to create attribute 'distance_metric' with value '100'
E/navit (23667): navit:convert_to_attrs:failed to create attribute 'distance_metric' with value '200'
E/navit (23667): navit:vehicleprofile_apply_roadprofile:On 'tmtb_scale1' roads used in 'mtb' vehicleprofile access restrictions are ignored. You might even be directed to drive in wrong direction on a one-way road. Please define default access flags for above road type to item.c and rebuild the map.
E/navit (23667): navit:convert_to_attrs:failed to create attribute 'distance_metric' with value '25'
E/navit (23667): navit:convert_to_attrs:failed to create attribute 'distance_metric' with value '100'
E/navit (23667): navit:convert_to_attrs:failed to create attribute 'distance_metric' with value '200'
E/navit (23667): navit:vehicleprofile_apply_roadprofile:On 'tmtb_scale2' roads used in 'mtb' vehicleprofile access restrictions are ignored. You might even be directed to drive in wrong direction on a one-way road. Please define default access flags for above road type to item.c and rebuild the map.
E/navit (23667): navit:convert_to_attrs:failed to create attribute 'distance_metric' with value '25'
E/navit (23667): navit:convert_to_attrs:failed to create attribute 'distance_metric' with value '100'
E/navit (23667): navit:convert_to_attrs:failed to create attribute 'distance_metric' with value '200'
E/navit (23667): navit:convert_to_attrs:failed to create attribute 'distance_metric' with value '25'
E/navit (23667): navit:convert_to_attrs:failed to create attribute 'distance_metric' with value '100'
E/navit (23667): navit:convert_to_attrs:failed to create attribute 'distance_metric' with value '200'
E/navit (23667): navit:convert_to_attrs:failed to create attribute 'distance_metric' with value '25'
E/navit (23667): navit:convert_to_attrs:failed to create attribute 'distance_metric' with value '100'
E/navit (23667): navit:convert_to_attrs:failed to create attribute 'distance_metric' with value '200'
E/navit (23667): navit:convert_to_attrs:failed to create attribute 'distance_metric' with value '25'
E/navit (23667): navit:convert_to_attrs:failed to create attribute 'distance_metric' with value '100'
E/navit (23667): navit:convert_to_attrs:failed to create attribute 'distance_metric' with value '200'
E/navit (23667): navit:convert_to_attrs:failed to create attribute 'distance_metric' with value '25'
E/navit (23667): navit:convert_to_attrs:failed to create attribute 'distance_metric' with value '100'
E/navit (23667): navit:convert_to_attrs:failed to create attribute 'distance_metric' with value '200'
E/navit (23667): navit:convert_to_attrs:failed to create attribute 'distance_metric' with value '25'
E/navit (23667): navit:convert_to_attrs:failed to create attribute 'distance_metric' with value '100'
E/navit (23667): navit:convert_to_attrs:failed to create attribute 'distance_metric' with value '200'
E/navit (23667): navit:convert_to_attrs:failed to create attribute 'distance_metric' with value '25'
E/navit (23667): navit:convert_to_attrs:failed to create attribute 'distance_metric' with value '100'
E/navit (23667): navit:convert_to_attrs:failed to create attribute 'distance_metric' with value '200'
E/navit (23667): navit:convert_to_attrs:failed to create attribute 'distance_metric' with value '25'
E/navit (23667): navit:convert_to_attrs:failed to create attribute 'distance_metric' with value '100'
E/navit (23667): navit:convert_to_attrs:failed to create attribute 'distance_metric' with value '200'
E/navit (23667): navit:convert_to_attrs:failed to create attribute 'distance_metric' with value '25'
E/navit (23667): navit:convert_to_attrs:failed to create attribute 'distance_metric' with value '100'
E/navit (23667): navit:convert_to_attrs:failed to create attribute 'distance_metric' with value '200'
E/navit (23667): navit:convert_to_attrs:failed to create attribute 'distance_metric' with value '25'
E/navit (23667): navit:convert_to_attrs:failed to create attribute 'distance_metric' with value '100'
E/navit (23667): navit:convert_to_attrs:failed to create attribute 'distance_metric' with value '200'
E/navit (23667): navit:convert_to_attrs:failed to create attribute 'distance_metric' with value '25'
E/navit (23667): navit:convert_to_attrs:failed to create attribute 'distance_metric' with value '100'
E/navit (23667): navit:convert_to_attrs:failed to create attribute 'distance_metric' with value '200'
E/navit (23667): navit:convert_to_attrs:failed to create attribute 'distance_metric' with value '100'
E/navit (23667): navit:convert_to_attrs:failed to create attribute 'distance_metric' with value '400'
E/navit (23667): navit:convert_to_attrs:failed to create attribute 'distance_metric' with value '1000'
E/navit (23667): navit:convert_to_attrs:failed to create attribute 'distance_metric' with value '100'
E/navit (23667): navit:convert_to_attrs:failed to create attribute 'distance_metric' with value '400'
E/navit (23667): navit:convert_to_attrs:failed to create attribute 'distance_metric' with value '1000'
E/navit (23667): navit:vehicleprofile_apply_roadprofile:On 'tmtb_scale0' roads used in 'mtb' vehicleprofile access restrictions are ignored. You might even be directed to drive in wrong direction on a one-way road. Please define default access flags for above road type to item.c and rebuild the map.
E/navit (23667): navit:vehicleprofile_apply_roadprofile:On 'tmtb_scale1' roads used in 'mtb' vehicleprofile access restrictions are ignored. You might even be directed to drive in wrong direction on a one-way road. Please define default access flags for above road type to item.c and rebuild the map.
E/navit (23667): navit:vehicleprofile_apply_roadprofile:On 'tmtb_scale2' roads used in 'mtb' vehicleprofile access restrictions are ignored. You might even be directed to drive in wrong direction on a one-way road. Please define default access flags for above road type to item.c and rebuild the map.
E/navit (23667): navit:convert_to_attrs:failed to create attribute 'distance_metric' with value '25'
E/navit (23667): navit:convert_to_attrs:failed to create attribute 'distance_metric' with value '100'
E/navit (23667): navit:convert_to_attrs:failed to create attribute 'distance_metric' with value '200'
E/navit (23667): navit:convert_to_attrs:failed to create attribute 'distance_metric' with value '25'
E/navit (23667): navit:convert_to_attrs:failed to create attribute 'distance_metric' with value '100'
E/navit (23667): navit:convert_to_attrs:failed to create attribute 'distance_metric' with value '200'
E/navit (23667): navit:convert_to_attrs:failed to create attribute 'distance_metric' with value '25'
E/navit (23667): navit:convert_to_attrs:failed to create attribute 'distance_metric' with value '100'
E/navit (23667): navit:convert_to_attrs:failed to create attribute 'distance_metric' with value '200'
