E/LocSvc_adapter(16187): I/<--- void globalEventCb(locClientHandleType, uint32_t, locClientEventIndUnionType, void*) line 88 QMI_LOC_EVENT_NMEA_IND_V02
E/LocSvc_eng(16187): D/void loc_eng_deferred_action_thread(void*):1627] received msg_id = LOC_ENG_MSG_REPORT_NMEA context = 0x4b0c7e10
E/LocSvc_adapter(16187): I/<--- void globalEventCb(locClientHandleType, uint32_t, locClientEventIndUnionType, void*) line 88 QMI_LOC_EVENT_NMEA_IND_V02
E/LocSvc_eng(16187): D/void loc_eng_deferred_action_thread(void*):1627] received msg_id = LOC_ENG_MSG_REPORT_NMEA context = 0x4b0c7e10
E/LocSvc_adapter(16187): I/<--- void globalEventCb(locClientHandleType, uint32_t, locClientEventIndUnionType, void*) line 88 QMI_LOC_EVENT_GNSS_SV_INFO_IND_V02
E/LocSvc_adapter(16187): I/num sv: 16 ephemeris mask: 1367877666 almanac mask: 51882822
E/LocSvc_adapter(16187): used in fix mask: 41002000
E/LocSvc_adapter(16187): sv: prn snr elevation azimuth
E/LocSvc_adapter(16187): I/ 0: 14 29.600000 31.000000 254.000000
E/LocSvc_adapter(16187): I/ 1: 25 26.600000 75.000000 284.000000
E/LocSvc_adapter(16187): I/ 2: 31 29.500000 23.000000 307.000000
E/LocSvc_adapter(16187): I/ 9: 78 17.600000 18.000000 312.000000
E/LocSvc_adapter(16187): I/ 10: 86 12.600000 59.000000 53.000000
E/LocSvc_adapter(16187): I/ 11: 77 19.000000 72.000000 317.000000
E/LocSvc_adapter(16187): I/ 12: 69 20.900000 14.000000 354.000000
E/LocSvc_eng(16187): D/void loc_eng_deferred_action_thread(void*):1627] received msg_id = LOC_ENG_MSG_REPORT_SV context = 0x4b0c7e10
E/LocSvc_adapter(16187): I/<--- void globalEventCb(locClientHandleType, uint32_t, locClientEventIndUnionType, void*) line 88 QMI_LOC_EVENT_POSITION_REPORT_IND_V02
E/LocSvc_adapter(16187): D/Reporting postion from V2 Adapter
E/LocSvc_eng(16187): D/void loc_eng_deferred_action_thread(void*):1627] received msg_id = LOC_ENG_MSG_REPORT_POSITION context = 0x4b0c7e10
W/qdhwcomposer( 211): Excessive delay reading vsync: took 9308 ms
D/DisplayPowerController(16187): SSTEMP : mIsLockZone = true
W/art (16028): Could not get current activity
I/ActivityManager(16187): Start proc com.android.providers.calendar for content provider com.android.providers.calendar/.CalendarProvider2: pid=24455 uid=10001 gids={50001, 3003, 1028, 1015}
W/art (24455): Failed to find ELF magic in /system/framework/android.test.runner.odex: dey
W/art (24455): Failed to find ELF magic in /system/priv-app/CalendarProvider.odex: dey
I/art (17001): Heap trim of managed (duration=9.552001ms, advised=2MB) and native (duration=2.899170ms, advised=136KB) heaps. Managed heap utilization of 47%.
I/CalendarProvider2(24455): Created com.android.providers.calendar.CalendarAlarmManager@65909088(com.android.providers.calendar.CalendarProvider2@658f9990)
I/dumpstate(24284): done
I/ActivityManager(16187): Process org.navitproject.navit (pid 23667) has died.
I/WindowState(16187): WIN DEATH: Window{66b0f3e0 u0 org.navitproject.navit/org.navitproject.navit.Navit}
D/PowerManagerService(16187): [api] [s] userActivity : event: 0 flags: 0 (uid: 1000 pid: 16187)
D/PowerManagerService(16187): [api] release WakeLock flags=0x2000000a tag=WindowManager uid=1000 pid=16187 (0x0)
D/PowerManagerService(16187): [api] applyWakeLockFlagsOnReleaseLocked : userActivityNoUpdateLocked is called : SCREEN_BRIGHT_WAKE_LOCK 'WindowManager' ON_AFTER_RELEASE (uid=1000, pid=16187, ws=WorkSource{10160}) (elapsedTime=35870)
E/LocSvc_adapter(16187): I/<--- void globalEventCb(locClientHandleType, uint32_t, locClientEventIndUnionType, void*) line 88 QMI_LOC_EVENT_NMEA_IND_V02
E/LocSvc_eng(16187): D/void loc_eng_deferred_action_thread(void*):1627] received msg_id = LOC_ENG_MSG_REPORT_NMEA context = 0x4b0c7e10
I/art (16028): Process 23667 terminated by signal (8)
E/LocSvc_adapter(16187): I/<--- void globalEventCb(locClientHandleType, uint32_t, locClientEventIndUnionType, void*) line 88 QMI_LOC_EVENT_NMEA_IND_V02
E/LocSvc_eng(16187): D/void loc_eng_deferred_action_thread(void*):1627] received msg_id = LOC_ENG_MSG_REPORT_NMEA context = 0x4b0c7e10
E/LocSvc_adapter(16187): I/<--- void globalEventCb(locClientHandleType, uint32_t, locClientEventIndUnionType, void*) line 88 QMI_LOC_EVENT_NMEA_IND_V02
E/LocSvc_eng(16187): D/void loc_eng_deferred_action_thread(void*):1627] received msg_id = LOC_ENG_MSG_REPORT_NMEA context = 0x4b0c7e10
E/LocSvc_adapter(16187): I/<--- void globalEventCb(locClientHandleType, uint32_t, locClientEventIndUnionType, void*) line 88 QMI_LOC_EVENT_NMEA_IND_V02
E/LocSvc_eng(16187): D/void loc_eng_deferred_action_thread(void*):1627] received msg_id = LOC_ENG_MSG_REPORT_NMEA context = 0x4b0c7e10
I/ContactAccountLoggerTas(17139): canRun() : Opted Out
E/LocSvc_eng(16187): D/void loc_eng_deferred_action_thread(void*):1627] received msg_id = LOC_ENG_MSG_STOP_FIX context = 0x4b0c7e10
E/LocSvc_adapter(16187): D/ virtual loc_api_adapter_err LocApiV02Adapter::stopFix():394]: stop called
E/LocSvc_eng(16187): D/gps_set_battery_flag, connect=0
I/Velvet.VelvetFactory(17139): refreshing search history.
E/LocSvc_adapter(16187): I/<--- void globalEventCb(locClientHandleType, uint32_t, locClientEventIndUnionType, void*) line 88 QMI_LOC_EVENT_NMEA_IND_V02
W/GAV2 (17139): Thread[Thread-1713,5,main]: dispatch call queued. Need to call GAServiceManager.getInstance().initialize().
I/ContactAccountLoggerTas(17139): canRun() : Opted Out
E/LocSvc_adapter(16187): I/<--- void globalEventCb(locClientHandleType, uint32_t, locClientEventIndUnionType, void*) line 88 QMI_LOC_EVENT_NMEA_IND_V02
E/LocSvc_adapter(16187): I/<--- void globalEventCb(locClientHandleType, uint32_t, locClientEventIndUnionType, void*) line 88 QMI_LOC_EVENT_GNSS_SV_INFO_IND_V02
E/LocSvc_adapter(16187): I/num sv: 18 ephemeris mask: 1367877666 almanac mask: 51882822
E/LocSvc_adapter(16187): used in fix mask: 41002800
E/LocSvc_adapter(16187): sv: prn snr elevation azimuth
E/LocSvc_adapter(16187): I/ 0: 12 11.200000 61.000000 85.000000
E/LocSvc_adapter(16187): I/ 1: 14 23.200001 31.000000 254.000000
E/LocSvc_adapter(16187): I/ 2: 25 17.000000 75.000000 284.000000
E/LocSvc_adapter(16187): I/ 3: 31 27.500000 23.000000 307.000000
E/LocSvc_adapter(16187): I/ 9: 78 17.600000 18.000000 312.000000
E/LocSvc_adapter(16187): I/ 10: 86 12.700000 59.000000 53.000000
E/LocSvc_adapter(16187): I/ 11: 77 16.100000 72.000000 317.000000
E/LocSvc_adapter(16187): I/ 12: 69 22.000000 14.000000 354.000000
E/LocSvc_adapter(16187): I/<--- void globalEventCb(locClientHandleType, uint32_t, locClientEventIndUnionType, void*) line 88 QMI_LOC_EVENT_NMEA_IND_V02
E/LocSvc_adapter(16187): I/<--- void globalEventCb(locClientHandleType, uint32_t, locClientEventIndUnionType, void*) line 88 QMI_LOC_EVENT_NMEA_IND_V02
E/LocSvc_adapter(16187): I/<--- void globalEventCb(locClientHandleType, uint32_t, locClientEventIndUnionType, void*) line 88 QMI_LOC_EVENT_NMEA_IND_V02
E/LocSvc_adapter(16187): I/<--- void globalEventCb(locClientHandleType, uint32_t, locClientEventIndUnionType, void*) line 88 QMI_LOC_EVENT_NMEA_IND_V02
I/ActivityManager(16187): Start proc com.google.android.partnersetup for content provider com.google.android.partnersetup/.RlzAppProvider: pid=24480 uid=10012 gids={50012, 3003}
E/LocSvc_adapter(16187): I/<--- void globalEventCb(locClientHandleType, uint32_t, locClientEventIndUnionType, void*) line 88 QMI_LOC_EVENT_NMEA_IND_V02
E/LocSvc_adapter(16187): I/<--- void globalEventCb(locClientHandleType, uint32_t, locClientEventIndUnionType, void*) line 88 QMI_LOC_EVENT_NMEA_IND_V02
W/GLSUser (16790): GoogleAccountDataService.getToken()
E/LocSvc_adapter(16187): I/<--- void globalEventCb(locClientHandleType, uint32_t, locClientEventIndUnionType, void*) line 88 QMI_LOC_EVENT_NMEA_IND_V02
E/LocSvc_adapter(16187): I/<--- void globalEventCb(locClientHandleType, uint32_t, locClientEventIndUnionType, void*) line 88 QMI_LOC_EVENT_GNSS_SV_INFO_IND_V02
E/LocSvc_adapter(16187): I/num sv: 18 ephemeris mask: 1367877666 almanac mask: 51882822
E/LocSvc_adapter(16187): used in fix mask: 41002800
E/LocSvc_adapter(16187): sv: prn snr elevation azimuth
E/LocSvc_adapter(16187): I/ 0: 12 11.200000 61.000000 85.000000
E/LocSvc_adapter(16187): I/ 1: 14 23.200001 31.000000 254.000000
E/LocSvc_adapter(16187): I/ 2: 25 17.000000 75.000000 284.000000
E/LocSvc_adapter(16187): I/ 3: 31 27.500000 23.000000 307.000000
E/LocSvc_adapter(16187): I/ 9: 78 17.600000 18.000000 312.000000
E/LocSvc_adapter(16187): I/ 10: 86 12.700000 59.000000 53.000000
E/LocSvc_adapter(16187): I/ 11: 77 16.100000 72.000000 317.000000
E/LocSvc_adapter(16187): I/ 12: 69 22.000000 14.000000 354.000000
E/LocSvc_adapter(16187): I/<--- void globalEventCb(locClientHandleType, uint32_t, locClientEventIndUnionType, void*) line 88 QMI_LOC_EVENT_POSITION_REPORT_IND_V02
E/LocSvc_adapter(16187): D/Reporting postion from V2 Adapter
E/LocSvc_eng(16187): D/void loc_eng_deferred_action_thread(void*):1627] received msg_id = LOC_ENG_MSG_REPORT_NMEA context = 0x4b0c7e10
E/LocSvc_eng(16187): D/void loc_eng_deferred_action_thread(void*):1627] received msg_id = LOC_ENG_MSG_REPORT_NMEA context = 0x4b0c7e10
E/LocSvc_eng(16187): D/void loc_eng_deferred_action_thread(void*):1627] received msg_id = LOC_ENG_MSG_REPORT_SV context = 0x4b0c7e10
E/LocSvc_eng(16187): D/void loc_eng_deferred_action_thread(void*):1627] received msg_id = LOC_ENG_MSG_REPORT_NMEA context = 0x4b0c7e10
E/LocSvc_eng(16187): D/void loc_eng_deferred_action_thread(void*):1627] received msg_id = LOC_ENG_MSG_REPORT_NMEA context = 0x4b0c7e10
E/LocSvc_eng(16187): D/void loc_eng_deferred_action_thread(void*):1627] received msg_id = LOC_ENG_MSG_REPORT_NMEA context = 0x4b0c7e10
E/LocSvc_eng(16187): D/void loc_eng_deferred_action_thread(void*):1627] received msg_id = LOC_ENG_MSG_REPORT_NMEA context = 0x4b0c7e10
E/LocSvc_eng(16187): D/void loc_eng_deferred_action_thread(void*):1627] received msg_id = LOC_ENG_MSG_REPORT_NMEA context = 0x4b0c7e10
E/LocSvc_eng(16187): D/void loc_eng_deferred_action_thread(void*):1627] received msg_id = LOC_ENG_MSG_REPORT_NMEA context = 0x4b0c7e10
E/LocSvc_eng(16187): D/void loc_eng_deferred_action_thread(void*):1627] received msg_id = LOC_ENG_MSG_REPORT_NMEA context = 0x4b0c7e10
E/LocSvc_eng(16187): D/void loc_eng_deferred_action_thread(void*):1627] received msg_id = LOC_ENG_MSG_REPORT_SV context = 0x4b0c7e10
E/LocSvc_eng(16187): D/void loc_eng_deferred_action_thread(void*):1627] received msg_id = LOC_ENG_MSG_REPORT_POSITION context = 0x4b0c7e10
E/LocSvc_adapter(16187): I/<--- void globalEventCb(locClientHandleType, uint32_t, locClientEventIndUnionType, void*) line 88 QMI_LOC_EVENT_POSITION_REPORT_IND_V02
E/LocSvc_adapter(16187): D/Reporting postion from V2 Adapter
E/LocSvc_eng(16187): D/void loc_eng_deferred_action_thread(void*):1627] received msg_id = LOC_ENG_MSG_REPORT_POSITION context = 0x4b0c7e10
E/LocSvc_adapter(16187): D/void LocApiV02Adapter::reportPosition(const qmiLocEventPositionReportIndMsgT_v02*):1876]: Ignoring position report with sess status = 2, fix id = 31
E/LocSvc_adapter(16187): I/<--- void globalEventCb(locClientHandleType, uint32_t, locClientEventIndUnionType, void*) line 88 QMI_LOC_EVENT_ENGINE_STATE_IND_V02
E/LocSvc_eng(16187): D/void loc_eng_deferred_action_thread(void*):1627] received msg_id = LOC_ENG_MSG_REPORT_STATUS context = 0x4b0c7e10
E/LocSvc_eng(16187): D/void loc_eng_deferred_action_thread(void*):1627] received msg_id = LOC_ENG_MSG_REPORT_STATUS context = 0x4b0c7e10
W/qdhwcomposer( 211): Excessive delay reading vsync: took 415 ms