E/LocSvc_eng(16187): D/void loc_eng_deferred_action_thread(void*):1627] received msg_id = LOC_ENG_MSG_REPORT_NMEA context = 0x4b0c7e10
E/LocSvc_adapter(16187): I/<--- void globalEventCb(locClientHandleType, uint32_t, locClientEventIndUnionType, void*) line 88 QMI_LOC_EVENT_NMEA_IND_V02
E/LocSvc_eng(16187): D/void loc_eng_deferred_action_thread(void*):1627] received msg_id = LOC_ENG_MSG_REPORT_NMEA context = 0x4b0c7e10
E/LocSvc_adapter(16187): I/<--- void globalEventCb(locClientHandleType, uint32_t, locClientEventIndUnionType, void*) line 88 QMI_LOC_EVENT_NMEA_IND_V02
E/LocSvc_eng(16187): D/void loc_eng_deferred_action_thread(void*):1627] received msg_id = LOC_ENG_MSG_REPORT_NMEA context = 0x4b0c7e10
E/LocSvc_adapter(16187): I/<--- void globalEventCb(locClientHandleType, uint32_t, locClientEventIndUnionType, void*) line 88 QMI_LOC_EVENT_GNSS_SV_INFO_IND_V02
E/LocSvc_adapter(16187): I/num sv: 18 ephemeris mask: 1367877666 almanac mask: 51882822
E/LocSvc_adapter(16187): used in fix mask: 51002000
E/LocSvc_adapter(16187): sv: prn snr elevation azimuth
E/LocSvc_adapter(16187): I/ 0: 14 29.700001 31.000000 254.000000
E/LocSvc_adapter(16187): I/ 1: 25 24.799999 75.000000 284.000000
E/LocSvc_adapter(16187): I/ 2: 29 17.000000 31.000000 212.000000
E/LocSvc_adapter(16187): I/ 3: 31 31.000000 23.000000 307.000000
E/LocSvc_adapter(16187): I/ 9: 78 20.299999 18.000000 312.000000
E/LocSvc_adapter(16187): I/ 10: 77 22.299999 72.000000 317.000000
E/LocSvc_adapter(16187): I/ 11: 69 16.600000 14.000000 354.000000
E/LocSvc_eng(16187): D/void loc_eng_deferred_action_thread(void*):1627] received msg_id = LOC_ENG_MSG_REPORT_SV context = 0x4b0c7e10
E/LocSvc_adapter(16187): I/<--- void globalEventCb(locClientHandleType, uint32_t, locClientEventIndUnionType, void*) line 88 QMI_LOC_EVENT_NMEA_IND_V02
E/LocSvc_eng(16187): D/void loc_eng_deferred_action_thread(void*):1627] received msg_id = LOC_ENG_MSG_REPORT_NMEA context = 0x4b0c7e10
E/LocSvc_adapter(16187): I/<--- void globalEventCb(locClientHandleType, uint32_t, locClientEventIndUnionType, void*) line 88 QMI_LOC_EVENT_NMEA_IND_V02
E/LocSvc_eng(16187): D/void loc_eng_deferred_action_thread(void*):1627] received msg_id = LOC_ENG_MSG_REPORT_NMEA context = 0x4b0c7e10
E/LocSvc_adapter(16187): I/<--- void globalEventCb(locClientHandleType, uint32_t, locClientEventIndUnionType, void*) line 88 QMI_LOC_EVENT_NMEA_IND_V02
E/LocSvc_eng(16187): D/void loc_eng_deferred_action_thread(void*):1627] received msg_id = LOC_ENG_MSG_REPORT_NMEA context = 0x4b0c7e10
E/LocSvc_adapter(16187): I/<--- void globalEventCb(locClientHandleType, uint32_t, locClientEventIndUnionType, void*) line 88 QMI_LOC_EVENT_NMEA_IND_V02
E/LocSvc_eng(16187): D/void loc_eng_deferred_action_thread(void*):1627] received msg_id = LOC_ENG_MSG_REPORT_NMEA context = 0x4b0c7e10
E/LocSvc_adapter(16187): I/<--- void globalEventCb(locClientHandleType, uint32_t, locClientEventIndUnionType, void*) line 88 QMI_LOC_EVENT_NMEA_IND_V02
E/LocSvc_eng(16187): D/void loc_eng_deferred_action_thread(void*):1627] received msg_id = LOC_ENG_MSG_REPORT_NMEA context = 0x4b0c7e10
E/LocSvc_adapter(16187): I/<--- void globalEventCb(locClientHandleType, uint32_t, locClientEventIndUnionType, void*) line 88 QMI_LOC_EVENT_NMEA_IND_V02
E/LocSvc_eng(16187): D/void loc_eng_deferred_action_thread(void*):1627] received msg_id = LOC_ENG_MSG_REPORT_NMEA context = 0x4b0c7e10
E/LocSvc_adapter(16187): I/<--- void globalEventCb(locClientHandleType, uint32_t, locClientEventIndUnionType, void*) line 88 QMI_LOC_EVENT_NMEA_IND_V02
E/LocSvc_eng(16187): D/void loc_eng_deferred_action_thread(void*):1627] received msg_id = LOC_ENG_MSG_REPORT_NMEA context = 0x4b0c7e10
E/LocSvc_adapter(16187): I/<--- void globalEventCb(locClientHandleType, uint32_t, locClientEventIndUnionType, void*) line 88 QMI_LOC_EVENT_GNSS_SV_INFO_IND_V02
E/LocSvc_adapter(16187): I/num sv: 18 ephemeris mask: 1367877666 almanac mask: 51882822
E/LocSvc_adapter(16187): used in fix mask: 51002000
E/LocSvc_adapter(16187): sv: prn snr elevation azimuth
E/LocSvc_adapter(16187): I/ 0: 14 29.700001 31.000000 254.000000
E/LocSvc_adapter(16187): I/ 1: 25 24.799999 75.000000 284.000000
E/LocSvc_adapter(16187): I/ 2: 29 17.000000 31.000000 212.000000
E/LocSvc_adapter(16187): I/ 3: 31 31.000000 23.000000 307.000000
E/LocSvc_adapter(16187): I/ 9: 78 20.299999 18.000000 312.000000
E/LocSvc_adapter(16187): I/ 10: 77 22.299999 72.000000 317.000000
E/LocSvc_adapter(16187): I/ 11: 69 16.600000 14.000000 354.000000
E/LocSvc_eng(16187): D/void loc_eng_deferred_action_thread(void*):1627] received msg_id = LOC_ENG_MSG_REPORT_SV context = 0x4b0c7e10
E/LocSvc_adapter(16187): I/<--- void globalEventCb(locClientHandleType, uint32_t, locClientEventIndUnionType, void*) line 88 QMI_LOC_EVENT_POSITION_REPORT_IND_V02
E/LocSvc_adapter(16187): D/Reporting postion from V2 Adapter
E/LocSvc_eng(16187): D/void loc_eng_deferred_action_thread(void*):1627] received msg_id = LOC_ENG_MSG_REPORT_POSITION context = 0x4b0c7e10
E/NavitGraphics(23667): overlay_disable: 1Parent: true
D/InputReader(16187): Input event: value=1 when=40524085549000
I/InputReader(16187): Touch event's action is 0x0 (deviceType=0) [pCnt=1, s=0.3417 ] when=40524085579000
I/InputDispatcher(16187): Delivering touch to: action: 0x4
I/InputDispatcher(16187): Delivering touch to: action: 0x0
E/NavitGraphics(23667): Start drag mode
E/NavitGraphics(23667): Start drag mode
E/NavitGraphics(23667): Start drag mode
E/NavitGraphics(23667): Start drag mode
E/NavitGraphics(23667): overlay_disable: 1Parent: false
E/NavitGraphics(23667): overlay_disable: 1Parent: false
E/NavitGraphics(23667): overlay_disable: 1Parent: false
E/NavitGraphics(23667): overlay_disable: 1Parent: false
E/NavitGraphics(23667): overlay_disable: 1Parent: false
E/NavitGraphics(23667): overlay_disable: 1Parent: false
W/qdhwcomposer( 211): Excessive delay reading vsync: took 1246 ms
E/NavitGraphics(23667): overlay_disable: 1Parent: false
E/NavitGraphics(23667): overlay_disable: 1Parent: false
E/NavitGraphics(23667): overlay_disable: 1Parent: false
E/NavitGraphics(23667): overlay_disable: 1Parent: false
E/NavitGraphics(23667): overlay_disable: 1Parent: false
E/NavitGraphics(23667): overlay_disable: 1Parent: false
D/InputReader(16187): Input event: value=0 when=40524427102000
I/InputReader(16187): Touch event's action is 0x1 (deviceType=0) [pCnt=1, s=] when=40524427102000
I/InputDispatcher(16187): Delivering touch to: action: 0x1
E/NavitGraphics(23667): ACTION_UP
E/NavitGraphics(23667): onTouch move
E/NavitGraphics(23667): overlay_disable: 0Parent: false
E/LocSvc_adapter(16187): I/<--- void globalEventCb(locClientHandleType, uint32_t, locClientEventIndUnionType, void*) line 88 QMI_LOC_EVENT_NMEA_IND_V02
E/LocSvc_eng(16187): D/void loc_eng_deferred_action_thread(void*):1627] received msg_id = LOC_ENG_MSG_REPORT_NMEA context = 0x4b0c7e10
E/LocSvc_adapter(16187): I/<--- void globalEventCb(locClientHandleType, uint32_t, locClientEventIndUnionType, void*) line 88 QMI_LOC_EVENT_NMEA_IND_V02
E/LocSvc_eng(16187): D/void loc_eng_deferred_action_thread(void*):1627] received msg_id = LOC_ENG_MSG_REPORT_NMEA context = 0x4b0c7e10
E/LocSvc_adapter(16187): I/<--- void globalEventCb(locClientHandleType, uint32_t, locClientEventIndUnionType, void*) line 88 QMI_LOC_EVENT_NMEA_IND_V02
E/LocSvc_eng(16187): D/void loc_eng_deferred_action_thread(void*):1627] received msg_id = LOC_ENG_MSG_REPORT_NMEA context = 0x4b0c7e10
E/LocSvc_adapter(16187): I/<--- void globalEventCb(locClientHandleType, uint32_t, locClientEventIndUnionType, void*) line 88 QMI_LOC_EVENT_NMEA_IND_V02
E/LocSvc_eng(16187): D/void loc_eng_deferred_action_thread(void*):1627] received msg_id = LOC_ENG_MSG_REPORT_NMEA context = 0x4b0c7e10
E/LocSvc_adapter(16187): I/<--- void globalEventCb(locClientHandleType, uint32_t, locClientEventIndUnionType, void*) line 88 QMI_LOC_EVENT_NMEA_IND_V02
E/LocSvc_eng(16187): D/void loc_eng_deferred_action_thread(void*):1627] received msg_id = LOC_ENG_MSG_REPORT_NMEA context = 0x4b0c7e10
E/LocSvc_adapter(16187): I/<--- void globalEventCb(locClientHandleType, uint32_t, locClientEventIndUnionType, void*) line 88 QMI_LOC_EVENT_NMEA_IND_V02
E/LocSvc_eng(16187): D/void loc_eng_deferred_action_thread(void*):1627] received msg_id = LOC_ENG_MSG_REPORT_NMEA context = 0x4b0c7e10
E/LocSvc_adapter(16187): I/<--- void globalEventCb(locClientHandleType, uint32_t, locClientEventIndUnionType, void*) line 88 QMI_LOC_EVENT_GNSS_SV_INFO_IND_V02
E/LocSvc_adapter(16187): I/num sv: 18 ephemeris mask: 1367877666 almanac mask: 51882822
E/LocSvc_adapter(16187): used in fix mask: 51002000
E/LocSvc_adapter(16187): sv: prn snr elevation azimuth
E/LocSvc_adapter(16187): I/ 0: 14 30.000000 31.000000 254.000000
E/LocSvc_adapter(16187): I/ 1: 25 25.799999 75.000000 284.000000
E/LocSvc_adapter(16187): I/ 2: 29 17.500000 31.000000 212.000000
E/LocSvc_adapter(16187): I/ 3: 31 32.400002 23.000000 307.000000
E/LocSvc_adapter(16187): I/ 9: 78 20.200001 18.000000 312.000000
E/LocSvc_adapter(16187): I/ 10: 77 21.799999 72.000000 317.000000
E/LocSvc_adapter(16187): I/ 11: 69 20.000000 14.000000 354.000000
E/LocSvc_eng(16187): D/void loc_eng_deferred_action_thread(void*):1627] received msg_id = LOC_ENG_MSG_REPORT_SV context = 0x4b0c7e10
E/LocSvc_adapter(16187): I/<--- void globalEventCb(locClientHandleType, uint32_t, locClientEventIndUnionType, void*) line 88 QMI_LOC_EVENT_NMEA_IND_V02
E/LocSvc_eng(16187): D/void loc_eng_deferred_action_thread(void*):1627] received msg_id = LOC_ENG_MSG_REPORT_NMEA context = 0x4b0c7e10
E/LocSvc_adapter(16187): I/<--- void globalEventCb(locClientHandleType, uint32_t, locClientEventIndUnionType, void*) line 88 QMI_LOC_EVENT_NMEA_IND_V02
E/LocSvc_eng(16187): D/void loc_eng_deferred_action_thread(void*):1627] received msg_id = LOC_ENG_MSG_REPORT_NMEA context = 0x4b0c7e10
E/LocSvc_adapter(16187): I/<--- void globalEventCb(locClientHandleType, uint32_t, locClientEventIndUnionType, void*) line 88 QMI_LOC_EVENT_NMEA_IND_V02
E/LocSvc_eng(16187): D/void loc_eng_deferred_action_thread(void*):1627] received msg_id = LOC_ENG_MSG_REPORT_NMEA context = 0x4b0c7e10
E/LocSvc_adapter(16187): I/<--- void globalEventCb(locClientHandleType, uint32_t, locClientEventIndUnionType, void*) line 88 QMI_LOC_EVENT_NMEA_IND_V02
E/LocSvc_eng(16187): D/void loc_eng_deferred_action_thread(void*):1627] received msg_id = LOC_ENG_MSG_REPORT_NMEA context = 0x4b0c7e10
E/LocSvc_adapter(16187): I/<--- void globalEventCb(locClientHandleType, uint32_t, locClientEventIndUnionType, void*) line 88 QMI_LOC_EVENT_NMEA_IND_V02
E/LocSvc_eng(16187): D/void loc_eng_deferred_action_thread(void*):1627] received msg_id = LOC_ENG_MSG_REPORT_NMEA context = 0x4b0c7e10
E/LocSvc_adapter(16187): I/<--- void globalEventCb(locClientHandleType, uint32_t, locClientEventIndUnionType, void*) line 88 QMI_LOC_EVENT_NMEA_IND_V02
E/LocSvc_eng(16187): D/void loc_eng_deferred_action_thread(void*):1627] received msg_id = LOC_ENG_MSG_REPORT_NMEA context = 0x4b0c7e10
E/LocSvc_adapter(16187): I/<--- void globalEventCb(locClientHandleType, uint32_t, locClientEventIndUnionType, void*) line 88 QMI_LOC_EVENT_NMEA_IND_V02
E/LocSvc_eng(16187): D/void loc_eng_deferred_action_thread(void*):1627] received msg_id = LOC_ENG_MSG_REPORT_NMEA context = 0x4b0c7e10
E/LocSvc_adapter(16187): I/<--- void globalEventCb(locClientHandleType, uint32_t, locClientEventIndUnionType, void*) line 88 QMI_LOC_EVENT_GNSS_SV_INFO_IND_V02
E/LocSvc_adapter(16187): I/num sv: 18 ephemeris mask: 1367877666 almanac mask: 51882822
E/LocSvc_adapter(16187): used in fix mask: 51002000
E/LocSvc_adapter(16187): sv: prn snr elevation azimuth
E/LocSvc_adapter(16187): I/ 0: 14 30.000000 31.000000 254.000000
E/LocSvc_adapter(16187): I/ 1: 25 25.799999 75.000000 284.000000
E/LocSvc_adapter(16187): I/ 2: 29 17.500000 31.000000 212.000000
E/LocSvc_adapter(16187): I/ 3: 31 32.400002 23.000000 307.000000
E/LocSvc_adapter(16187): I/ 9: 78 20.200001 18.000000 312.000000
E/LocSvc_adapter(16187): I/ 10: 77 21.799999 72.000000 317.000000
E/LocSvc_adapter(16187): I/ 11: 69 20.000000 14.000000 354.000000
E/LocSvc_eng(16187): D/void loc_eng_deferred_action_thread(void*):1627] received msg_id = LOC_ENG_MSG_REPORT_SV context = 0x4b0c7e10
E/LocSvc_adapter(16187): I/<--- void globalEventCb(locClientHandleType, uint32_t, locClientEventIndUnionType, void*) line 88 QMI_LOC_EVENT_POSITION_REPORT_IND_V02
E/LocSvc_adapter(16187): D/Reporting postion from V2 Adapter
E/LocSvc_eng(16187): D/void loc_eng_deferred_action_thread(void*):1627] received msg_id = LOC_ENG_MSG_REPORT_POSITION context = 0x4b0c7e10
E/NavitGraphics(23667): overlay_disable: 1Parent: true
D/StatusBar.NetworkController(16454): refreshViews connected={ wifi } level=3 combinedSignalIconId=0x7f0200a1/com.android.systemui:drawable/stat_sys_wifi_signal_1_fully mobileLabel=maXXim wifiLabel="FairSpot_FREE"xxxxXXXXxxxxXXXX emergencyOnly=false combinedLabel="FairSpot_FREE"xxxxXXXXxxxxXXXX mAirplaneMode=false mDataActivity=0 mPhoneSignalIconId=0x7f02009a mQSPhoneSignalIconId=0x7f020045 mDataDirectionIconId=0x0 mDataSignalIconId=0x7f02009a mDataTypeIconId=0x7f02008e mQSDataTypeIconId=0x7f02004b mNoSimIconId=0x0 mWifiIconId=0x7f0200a1 mQSWifiIconId=0x7f02005d mBluetoothTetherIconId=0x10805d0
D/InputReader(16187): Input event: value=1 when=40525241066000
I/InputReader(16187): Touch event's action is 0x0 (deviceType=0) [pCnt=1, s=0.3418 ] when=40525241097000
I/InputDispatcher(16187): Delivering touch to: action: 0x4
I/InputDispatcher(16187): Delivering touch to: action: 0x0
D/PowerManagerService(16187): [api] userActivityFromNative : 10 (event: 2 flags: 0)
E/NavitGraphics(23667): Start drag mode
E/NavitGraphics(23667): Start drag mode
E/NavitGraphics(23667): Start drag mode
E/NavitGraphics(23667): Start drag mode
E/NavitGraphics(23667): Start drag mode
E/NavitGraphics(23667): Start drag mode
E/NavitGraphics(23667): overlay_disable: 1Parent: false
E/NavitGraphics(23667): overlay_disable: 1Parent: false
E/NavitGraphics(23667): overlay_disable: 1Parent: false
E/NavitGraphics(23667): overlay_disable: 1Parent: false
E/NavitGraphics(23667): overlay_disable: 1Parent: false
E/NavitGraphics(23667): overlay_disable: 1Parent: false
E/NavitGraphics(23667): overlay_disable: 1Parent: false
E/NavitGraphics(23667): overlay_disable: 1Parent: false
E/NavitGraphics(23667): overlay_disable: 1Parent: false
E/NavitGraphics(23667): overlay_disable: 1Parent: false
E/NavitGraphics(23667): overlay_disable: 1Parent: false
D/InputReader(16187): Input event: value=0 when=40525549660000
I/InputReader(16187): Touch event's action is 0x1 (deviceType=0) [pCnt=1, s=] when=40525549660000
I/InputDispatcher(16187): Delivering touch to: action: 0x1
E/NavitGraphics(23667): ACTION_UP
E/NavitGraphics(23667): onTouch move
E/NavitGraphics(23667): overlay_disable: 0Parent: false
E/LocSvc_adapter(16187): I/<--- void globalEventCb(locClientHandleType, uint32_t, locClientEventIndUnionType, void*) line 88 QMI_LOC_EVENT_NMEA_IND_V02
E/LocSvc_eng(16187): D/void loc_eng_deferred_action_thread(void*):1627] received msg_id = LOC_ENG_MSG_REPORT_NMEA context = 0x4b0c7e10
E/LocSvc_adapter(16187): I/<--- void globalEventCb(locClientHandleType, uint32_t, locClientEventIndUnionType, void*) line 88 QMI_LOC_EVENT_NMEA_IND_V02
E/LocSvc_eng(16187): D/void loc_eng_deferred_action_thread(void*):1627] received msg_id = LOC_ENG_MSG_REPORT_NMEA context = 0x4b0c7e10
E/LocSvc_adapter(16187): I/<--- void globalEventCb(locClientHandleType, uint32_t, locClientEventIndUnionType, void*) line 88 QMI_LOC_EVENT_NMEA_IND_V02
E/LocSvc_eng(16187): D/void loc_eng_deferred_action_thread(void*):1627] received msg_id = LOC_ENG_MSG_REPORT_NMEA context = 0x4b0c7e10
E/LocSvc_adapter(16187): I/<--- void globalEventCb(locClientHandleType, uint32_t, locClientEventIndUnionType, void*) line 88 QMI_LOC_EVENT_NMEA_IND_V02
E/LocSvc_eng(16187): D/void loc_eng_deferred_action_thread(void*):1627] received msg_id = LOC_ENG_MSG_REPORT_NMEA context = 0x4b0c7e10
E/LocSvc_adapter(16187): I/<--- void globalEventCb(locClientHandleType, uint32_t, locClientEventIndUnionType, void*) line 88 QMI_LOC_EVENT_NMEA_IND_V02
E/LocSvc_eng(16187): D/void loc_eng_deferred_action_thread(void*):1627] received msg_id = LOC_ENG_MSG_REPORT_NMEA context = 0x4b0c7e10
E/LocSvc_adapter(16187): I/<--- void globalEventCb(locClientHandleType, uint32_t, locClientEventIndUnionType, void*) line 88 QMI_LOC_EVENT_NMEA_IND_V02
E/LocSvc_eng(16187): D/void loc_eng_deferred_action_thread(void*):1627] received msg_id = LOC_ENG_MSG_REPORT_NMEA context = 0x4b0c7e10
E/LocSvc_adapter(16187): I/<--- void globalEventCb(locClientHandleType, uint32_t, locClientEventIndUnionType, void*) line 88 QMI_LOC_EVENT_GNSS_SV_INFO_IND_V02
E/LocSvc_adapter(16187): I/num sv: 18 ephemeris mask: 1367877666 almanac mask: 51882822
E/LocSvc_adapter(16187): used in fix mask: 51002000
E/LocSvc_adapter(16187): sv: prn snr elevation azimuth
E/LocSvc_adapter(16187): I/ 0: 14 29.600000 31.000000 254.000000
E/LocSvc_adapter(16187): I/ 1: 25 25.400000 75.000000 284.000000
E/LocSvc_adapter(16187): I/ 2: 29 17.600000 31.000000 212.000000
E/LocSvc_adapter(16187): I/ 3: 31 32.099998 23.000000 307.000000
E/LocSvc_adapter(16187): I/ 9: 78 20.400000 18.000000 312.000000
E/LocSvc_adapter(16187): I/ 10: 77 21.400000 72.000000 317.000000
E/LocSvc_adapter(16187): I/ 11: 69 20.600000 14.000000 354.000000
E/LocSvc_eng(16187): D/void loc_eng_deferred_action_thread(void*):1627] received msg_id = LOC_ENG_MSG_REPORT_SV context = 0x4b0c7e10
E/LocSvc_adapter(16187): I/<--- void globalEventCb(locClientHandleType, uint32_t, locClientEventIndUnionType, void*) line 88 QMI_LOC_EVENT_NMEA_IND_V02
E/LocSvc_eng(16187): D/void loc_eng_deferred_action_thread(void*):1627] received msg_id = LOC_ENG_MSG_REPORT_NMEA context = 0x4b0c7e10
E/LocSvc_adapter(16187): I/<--- void globalEventCb(locClientHandleType, uint32_t, locClientEventIndUnionType, void*) line 88 QMI_LOC_EVENT_NMEA_IND_V02
E/LocSvc_eng(16187): D/void loc_eng_deferred_action_thread(void*):1627] received msg_id = LOC_ENG_MSG_REPORT_NMEA context = 0x4b0c7e10
E/LocSvc_adapter(16187): I/<--- void globalEventCb(locClientHandleType, uint32_t, locClientEventIndUnionType, void*) line 88 QMI_LOC_EVENT_NMEA_IND_V02
E/LocSvc_eng(16187): D/void loc_eng_deferred_action_thread(void*):1627] received msg_id = LOC_ENG_MSG_REPORT_NMEA context = 0x4b0c7e10
E/LocSvc_adapter(16187): I/<--- void globalEventCb(locClientHandleType, uint32_t, locClientEventIndUnionType, void*) line 88 QMI_LOC_EVENT_NMEA_IND_V02
E/LocSvc_eng(16187): D/void loc_eng_deferred_action_thread(void*):1627] received msg_id = LOC_ENG_MSG_REPORT_NMEA context = 0x4b0c7e10
E/LocSvc_adapter(16187): I/<--- void globalEventCb(locClientHandleType, uint32_t, locClientEventIndUnionType, void*) line 88 QMI_LOC_EVENT_NMEA_IND_V02
E/LocSvc_eng(16187): D/void loc_eng_deferred_action_thread(void*):1627] received msg_id = LOC_ENG_MSG_REPORT_NMEA context = 0x4b0c7e10
E/LocSvc_adapter(16187): I/<--- void globalEventCb(locClientHandleType, uint32_t, locClientEventIndUnionType, void*) line 88 QMI_LOC_EVENT_NMEA_IND_V02
E/LocSvc_eng(16187): D/void loc_eng_deferred_action_thread(void*):1627] received msg_id = LOC_ENG_MSG_REPORT_NMEA context = 0x4b0c7e10
E/LocSvc_adapter(16187): I/<--- void globalEventCb(locClientHandleType, uint32_t, locClientEventIndUnionType, void*) line 88 QMI_LOC_EVENT_NMEA_IND_V02
E/LocSvc_eng(16187): D/void loc_eng_deferred_action_thread(void*):1627] received msg_id = LOC_ENG_MSG_REPORT_NMEA context = 0x4b0c7e10
E/LocSvc_adapter(16187): I/<--- void globalEventCb(locClientHandleType, uint32_t, locClientEventIndUnionType, void*) line 88 QMI_LOC_EVENT_GNSS_SV_INFO_IND_V02
E/LocSvc_adapter(16187): I/num sv: 18 ephemeris mask: 1367877666 almanac mask: 51882822
E/LocSvc_adapter(16187): used in fix mask: 51002000
E/LocSvc_adapter(16187): sv: prn snr elevation azimuth
E/LocSvc_adapter(16187): I/ 0: 14 29.600000 31.000000 254.000000
E/LocSvc_adapter(16187): I/ 1: 25 25.400000 75.000000 284.000000
E/LocSvc_adapter(16187): I/ 2: 29 17.600000 31.000000 212.000000
E/LocSvc_adapter(16187): I/ 3: 31 32.099998 23.000000 307.000000
E/LocSvc_adapter(16187): I/ 9: 78 20.400000 18.000000 312.000000
E/LocSvc_adapter(16187): I/ 10: 77 21.400000 72.000000 317.000000
E/LocSvc_adapter(16187): I/ 11: 69 20.600000 14.000000 354.000000
E/LocSvc_eng(16187): D/void loc_eng_deferred_action_thread(void*):1627] received msg_id = LOC_ENG_MSG_REPORT_SV context = 0x4b0c7e10
E/LocSvc_adapter(16187): I/<--- void globalEventCb(locClientHandleType, uint32_t, locClientEventIndUnionType, void*) line 88 QMI_LOC_EVENT_POSITION_REPORT_IND_V02
E/LocSvc_adapter(16187): D/Reporting postion from V2 Adapter
E/LocSvc_eng(16187): D/void loc_eng_deferred_action_thread(void*):1627] received msg_id = LOC_ENG_MSG_REPORT_POSITION context = 0x4b0c7e10
E/NavitGraphics(23667): overlay_disable: 1Parent: true
E/LocSvc_adapter(16187): I/<--- void globalEventCb(locClientHandleType, uint32_t, locClientEventIndUnionType, void*) line 88 QMI_LOC_EVENT_NMEA_IND_V02
E/LocSvc_eng(16187): D/void loc_eng_deferred_action_thread(void*):1627] received msg_id = LOC_ENG_MSG_REPORT_NMEA context = 0x4b0c7e10
E/LocSvc_adapter(16187): I/<--- void globalEventCb(locClientHandleType, uint32_t, locClientEventIndUnionType, void*) line 88 QMI_LOC_EVENT_NMEA_IND_V02
E/LocSvc_eng(16187): D/void loc_eng_deferred_action_thread(void*):1627] received msg_id = LOC_ENG_MSG_REPORT_NMEA context = 0x4b0c7e10
E/LocSvc_adapter(16187): I/<--- void globalEventCb(locClientHandleType, uint32_t, locClientEventIndUnionType, void*) line 88 QMI_LOC_EVENT_NMEA_IND_V02
E/LocSvc_eng(16187): D/void loc_eng_deferred_action_thread(void*):1627] received msg_id = LOC_ENG_MSG_REPORT_NMEA context = 0x4b0c7e10
E/LocSvc_adapter(16187): I/<--- void globalEventCb(locClientHandleType, uint32_t, locClientEventIndUnionType, void*) line 88 QMI_LOC_EVENT_NMEA_IND_V02
E/LocSvc_eng(16187): D/void loc_eng_deferred_action_thread(void*):1627] received msg_id = LOC_ENG_MSG_REPORT_NMEA context = 0x4b0c7e10
E/LocSvc_adapter(16187): I/<--- void globalEventCb(locClientHandleType, uint32_t, locClientEventIndUnionType, void*) line 88 QMI_LOC_EVENT_NMEA_IND_V02
E/LocSvc_eng(16187): D/void loc_eng_deferred_action_thread(void*):1627] received msg_id = LOC_ENG_MSG_REPORT_NMEA context = 0x4b0c7e10
E/LocSvc_adapter(16187): I/<--- void globalEventCb(locClientHandleType, uint32_t, locClientEventIndUnionType, void*) line 88 QMI_LOC_EVENT_NMEA_IND_V02
E/LocSvc_eng(16187): D/void loc_eng_deferred_action_thread(void*):1627] received msg_id = LOC_ENG_MSG_REPORT_NMEA context = 0x4b0c7e10
E/LocSvc_adapter(16187): I/<--- void globalEventCb(locClientHandleType, uint32_t, locClientEventIndUnionType, void*) line 88 QMI_LOC_EVENT_GNSS_SV_INFO_IND_V02
E/LocSvc_adapter(16187): I/num sv: 18 ephemeris mask: 1367877666 almanac mask: 51882822
E/LocSvc_adapter(16187): used in fix mask: 51002000
E/LocSvc_adapter(16187): sv: prn snr elevation azimuth
E/LocSvc_adapter(16187): I/ 0: 14 29.600000 31.000000 254.000000
E/LocSvc_adapter(16187): I/ 1: 25 23.600000 75.000000 284.000000
E/LocSvc_adapter(16187): I/ 2: 29 21.100000 31.000000 212.000000
E/LocSvc_adapter(16187): I/ 3: 31 31.500000 23.000000 307.000000
E/LocSvc_adapter(16187): I/ 9: 78 18.799999 18.000000 312.000000
E/LocSvc_adapter(16187): I/ 10: 77 23.400000 72.000000 317.000000
E/LocSvc_adapter(16187): I/ 11: 69 21.400000 14.000000 354.000000
E/LocSvc_eng(16187): D/void loc_eng_deferred_action_thread(void*):1627] received msg_id = LOC_ENG_MSG_REPORT_SV context = 0x4b0c7e10
E/LocSvc_adapter(16187): I/<--- void globalEventCb(locClientHandleType, uint32_t, locClientEventIndUnionType, void*) line 88 QMI_LOC_EVENT_NMEA_IND_V02
E/LocSvc_eng(16187): D/void loc_eng_deferred_action_thread(void*):1627] received msg_id = LOC_ENG_MSG_REPORT_NMEA context = 0x4b0c7e10
E/LocSvc_adapter(16187): I/<--- void globalEventCb(locClientHandleType, uint32_t, locClientEventIndUnionType, void*) line 88 QMI_LOC_EVENT_NMEA_IND_V02
E/LocSvc_eng(16187): D/void loc_eng_deferred_action_thread(void*):1627] received msg_id = LOC_ENG_MSG_REPORT_NMEA context = 0x4b0c7e10
E/LocSvc_adapter(16187): I/<--- void globalEventCb(locClientHandleType, uint32_t, locClientEventIndUnionType, void*) line 88 QMI_LOC_EVENT_NMEA_IND_V02
E/LocSvc_eng(16187): D/void loc_eng_deferred_action_thread(void*):1627] received msg_id = LOC_ENG_MSG_REPORT_NMEA context = 0x4b0c7e10
E/LocSvc_adapter(16187): I/<--- void globalEventCb(locClientHandleType, uint32_t, locClientEventIndUnionType, void*) line 88 QMI_LOC_EVENT_NMEA_IND_V02
E/LocSvc_eng(16187): D/void loc_eng_deferred_action_thread(void*):1627] received msg_id = LOC_ENG_MSG_REPORT_NMEA context = 0x4b0c7e10
E/LocSvc_adapter(16187): I/<--- void globalEventCb(locClientHandleType, uint32_t, locClientEventIndUnionType, void*) line 88 QMI_LOC_EVENT_NMEA_IND_V02
E/LocSvc_eng(16187): D/void loc_eng_deferred_action_thread(void*):1627] received msg_id = LOC_ENG_MSG_REPORT_NMEA context = 0x4b0c7e10
E/LocSvc_adapter(16187): I/<--- void globalEventCb(locClientHandleType, uint32_t, locClientEventIndUnionType, void*) line 88 QMI_LOC_EVENT_NMEA_IND_V02
E/LocSvc_eng(16187): D/void loc_eng_deferred_action_thread(void*):1627] received msg_id = LOC_ENG_MSG_REPORT_NMEA context = 0x4b0c7e10
E/LocSvc_adapter(16187): I/<--- void globalEventCb(locClientHandleType, uint32_t, locClientEventIndUnionType, void*) line 88 QMI_LOC_EVENT_NMEA_IND_V02
E/LocSvc_eng(16187): D/void loc_eng_deferred_action_thread(void*):1627] received msg_id = LOC_ENG_MSG_REPORT_NMEA context = 0x4b0c7e10
E/LocSvc_adapter(16187): I/<--- void globalEventCb(locClientHandleType, uint32_t, locClientEventIndUnionType, void*) line 88 QMI_LOC_EVENT_GNSS_SV_INFO_IND_V02
E/LocSvc_adapter(16187): I/num sv: 18 ephemeris mask: 1367877666 almanac mask: 51882822
E/LocSvc_adapter(16187): used in fix mask: 51002000
E/LocSvc_adapter(16187): sv: prn snr elevation azimuth
E/LocSvc_adapter(16187): I/ 0: 14 29.600000 31.000000 254.000000
E/LocSvc_adapter(16187): I/ 1: 25 23.600000 75.000000 284.000000
E/LocSvc_adapter(16187): I/ 2: 29 21.100000 31.000000 212.000000
E/LocSvc_adapter(16187): I/ 3: 31 31.500000 23.000000 307.000000
E/LocSvc_adapter(16187): I/ 9: 78 18.799999 18.000000 312.000000
E/LocSvc_adapter(16187): I/ 10: 77 23.400000 72.000000 317.000000
E/LocSvc_adapter(16187): I/ 11: 69 21.400000 14.000000 354.000000
E/LocSvc_eng(16187): D/void loc_eng_deferred_action_thread(void*):1627] received msg_id = LOC_ENG_MSG_REPORT_SV context = 0x4b0c7e10
E/LocSvc_adapter(16187): I/<--- void globalEventCb(locClientHandleType, uint32_t, locClientEventIndUnionType, void*) line 88 QMI_LOC_EVENT_POSITION_REPORT_IND_V02
E/LocSvc_adapter(16187): D/Reporting postion from V2 Adapter
E/LocSvc_eng(16187): D/void loc_eng_deferred_action_thread(void*):1627] received msg_id = LOC_ENG_MSG_REPORT_POSITION context = 0x4b0c7e10
E/NavitGraphics(23667): overlay_disable: 1Parent: true
D/SSRMv2:Monitor(16187): SIOP:: AP = 400, Prev AP = 400, Duration = 10090
E/LocSvc_adapter(16187): I/<--- void globalEventCb(locClientHandleType, uint32_t, locClientEventIndUnionType, void*) line 88 QMI_LOC_EVENT_NMEA_IND_V02
E/LocSvc_eng(16187): D/void loc_eng_deferred_action_thread(void*):1627] received msg_id = LOC_ENG_MSG_REPORT_NMEA context = 0x4b0c7e10
E/LocSvc_adapter(16187): I/<--- void globalEventCb(locClientHandleType, uint32_t, locClientEventIndUnionType, void*) line 88 QMI_LOC_EVENT_NMEA_IND_V02
E/LocSvc_eng(16187): D/void loc_eng_deferred_action_thread(void*):1627] received msg_id = LOC_ENG_MSG_REPORT_NMEA context = 0x4b0c7e10
E/LocSvc_adapter(16187): I/<--- void globalEventCb(locClientHandleType, uint32_t, locClientEventIndUnionType, void*) line 88 QMI_LOC_EVENT_NMEA_IND_V02
E/LocSvc_eng(16187): D/void loc_eng_deferred_action_thread(void*):1627] received msg_id = LOC_ENG_MSG_REPORT_NMEA context = 0x4b0c7e10
E/LocSvc_adapter(16187): I/<--- void globalEventCb(locClientHandleType, uint32_t, locClientEventIndUnionType, void*) line 88 QMI_LOC_EVENT_NMEA_IND_V02
E/LocSvc_eng(16187): D/void loc_eng_deferred_action_thread(void*):1627] received msg_id = LOC_ENG_MSG_REPORT_NMEA context = 0x4b0c7e10
E/LocSvc_adapter(16187): I/<--- void globalEventCb(locClientHandleType, uint32_t, locClientEventIndUnionType, void*) line 88 QMI_LOC_EVENT_NMEA_IND_V02
E/LocSvc_eng(16187): D/void loc_eng_deferred_action_thread(void*):1627] received msg_id = LOC_ENG_MSG_REPORT_NMEA context = 0x4b0c7e10
E/LocSvc_adapter(16187): I/<--- void globalEventCb(locClientHandleType, uint32_t, locClientEventIndUnionType, void*) line 88 QMI_LOC_EVENT_NMEA_IND_V02
E/LocSvc_eng(16187): D/void loc_eng_deferred_action_thread(void*):1627] received msg_id = LOC_ENG_MSG_REPORT_NMEA context = 0x4b0c7e10
E/LocSvc_adapter(16187): I/<--- void globalEventCb(locClientHandleType, uint32_t, locClientEventIndUnionType, void*) line 88 QMI_LOC_EVENT_GNSS_SV_INFO_IND_V02
E/LocSvc_adapter(16187): I/num sv: 18 ephemeris mask: 1367877666 almanac mask: 51882822
E/LocSvc_adapter(16187): used in fix mask: 51002000
E/LocSvc_adapter(16187): sv: prn snr elevation azimuth
E/LocSvc_adapter(16187): I/ 0: 14 29.500000 31.000000 254.000000
E/LocSvc_adapter(16187): I/ 1: 25 24.799999 75.000000 284.000000
E/LocSvc_adapter(16187): I/ 2: 29 18.700001 31.000000 212.000000
E/LocSvc_adapter(16187): I/ 3: 31 30.799999 23.000000 307.000000
E/LocSvc_adapter(16187): I/ 9: 78 18.900000 18.000000 312.000000
E/LocSvc_adapter(16187): I/ 10: 77 22.600000 72.000000 317.000000
E/LocSvc_adapter(16187): I/ 11: 69 20.700001 14.000000 354.000000
E/LocSvc_eng(16187): D/void loc_eng_deferred_action_thread(void*):1627] received msg_id = LOC_ENG_MSG_REPORT_SV context = 0x4b0c7e10
E/LocSvc_adapter(16187): I/<--- void globalEventCb(locClientHandleType, uint32_t, locClientEventIndUnionType, void*) line 88 QMI_LOC_EVENT_NMEA_IND_V02
E/LocSvc_eng(16187): D/void loc_eng_deferred_action_thread(void*):1627] received msg_id = LOC_ENG_MSG_REPORT_NMEA context = 0x4b0c7e10
E/LocSvc_adapter(16187): I/<--- void globalEventCb(locClientHandleType, uint32_t, locClientEventIndUnionType, void*) line 88 QMI_LOC_EVENT_NMEA_IND_V02
E/LocSvc_eng(16187): D/void loc_eng_deferred_action_thread(void*):1627] received msg_id = LOC_ENG_MSG_REPORT_NMEA context = 0x4b0c7e10
E/LocSvc_adapter(16187): I/<--- void globalEventCb(locClientHandleType, uint32_t, locClientEventIndUnionType, void*) line 88 QMI_LOC_EVENT_NMEA_IND_V02
E/LocSvc_eng(16187): D/void loc_eng_deferred_action_thread(void*):1627] received msg_id = LOC_ENG_MSG_REPORT_NMEA context = 0x4b0c7e10
E/LocSvc_adapter(16187): I/<--- void globalEventCb(locClientHandleType, uint32_t, locClientEventIndUnionType, void*) line 88 QMI_LOC_EVENT_NMEA_IND_V02
E/LocSvc_eng(16187): D/void loc_eng_deferred_action_thread(void*):1627] received msg_id = LOC_ENG_MSG_REPORT_NMEA context = 0x4b0c7e10
E/LocSvc_adapter(16187): I/<--- void globalEventCb(locClientHandleType, uint32_t, locClientEventIndUnionType, void*) line 88 QMI_LOC_EVENT_NMEA_IND_V02
E/LocSvc_eng(16187): D/void loc_eng_deferred_action_thread(void*):1627] received msg_id = LOC_ENG_MSG_REPORT_NMEA context = 0x4b0c7e10
E/LocSvc_adapter(16187): I/<--- void globalEventCb(locClientHandleType, uint32_t, locClientEventIndUnionType, void*) line 88 QMI_LOC_EVENT_NMEA_IND_V02
E/LocSvc_eng(16187): D/void loc_eng_deferred_action_thread(void*):1627] received msg_id = LOC_ENG_MSG_REPORT_NMEA context = 0x4b0c7e10
E/LocSvc_adapter(16187): I/<--- void globalEventCb(locClientHandleType, uint32_t, locClientEventIndUnionType, void*) line 88 QMI_LOC_EVENT_NMEA_IND_V02
E/LocSvc_eng(16187): D/void loc_eng_deferred_action_thread(void*):1627] received msg_id = LOC_ENG_MSG_REPORT_NMEA context = 0x4b0c7e10
E/LocSvc_adapter(16187): I/<--- void globalEventCb(locClientHandleType, uint32_t, locClientEventIndUnionType, void*) line 88 QMI_LOC_EVENT_GNSS_SV_INFO_IND_V02
E/LocSvc_adapter(16187): I/num sv: 18 ephemeris mask: 1367877666 almanac mask: 51882822
E/LocSvc_adapter(16187): used in fix mask: 51002000
E/LocSvc_adapter(16187): sv: prn snr elevation azimuth
E/LocSvc_adapter(16187): I/ 0: 14 29.500000 31.000000 254.000000
E/LocSvc_adapter(16187): I/ 1: 25 24.799999 75.000000 284.000000
E/LocSvc_adapter(16187): I/ 2: 29 18.700001 31.000000 212.000000
E/LocSvc_adapter(16187): I/ 3: 31 30.799999 23.000000 307.000000
E/LocSvc_adapter(16187): I/ 9: 78 18.900000 18.000000 312.000000
E/LocSvc_adapter(16187): I/ 10: 77 22.600000 72.000000 317.000000
E/LocSvc_adapter(16187): I/ 11: 69 20.700001 14.000000 354.000000
E/LocSvc_eng(16187): D/void loc_eng_deferred_action_thread(void*):1627] received msg_id = LOC_ENG_MSG_REPORT_SV context = 0x4b0c7e10
E/LocSvc_adapter(16187): I/<--- void globalEventCb(locClientHandleType, uint32_t, locClientEventIndUnionType, void*) line 88 QMI_LOC_EVENT_POSITION_REPORT_IND_V02
E/LocSvc_adapter(16187): D/Reporting postion from V2 Adapter
E/LocSvc_eng(16187): D/void loc_eng_deferred_action_thread(void*):1627] received msg_id = LOC_ENG_MSG_REPORT_POSITION context = 0x4b0c7e10
E/NavitGraphics(23667): overlay_disable: 1Parent: true
W/qdhwcomposer( 211): Excessive delay reading vsync: took 3390 ms
E/LocSvc_adapter(16187): I/<--- void globalEventCb(locClientHandleType, uint32_t, locClientEventIndUnionType, void*) line 88 QMI_LOC_EVENT_NMEA_IND_V02
E/LocSvc_eng(16187): D/void loc_eng_deferred_action_thread(void*):1627] received msg_id = LOC_ENG_MSG_REPORT_NMEA context = 0x4b0c7e10
E/LocSvc_adapter(16187): I/<--- void globalEventCb(locClientHandleType, uint32_t, locClientEventIndUnionType, void*) line 88 QMI_LOC_EVENT_NMEA_IND_V02
E/LocSvc_eng(16187): D/void loc_eng_deferred_action_thread(void*):1627] received msg_id = LOC_ENG_MSG_REPORT_NMEA context = 0x4b0c7e10
E/LocSvc_adapter(16187): I/<--- void globalEventCb(locClientHandleType, uint32_t, locClientEventIndUnionType, void*) line 88 QMI_LOC_EVENT_NMEA_IND_V02
E/LocSvc_eng(16187): D/void loc_eng_deferred_action_thread(void*):1627] received msg_id = LOC_ENG_MSG_REPORT_NMEA context = 0x4b0c7e10
E/LocSvc_adapter(16187): I/<--- void globalEventCb(locClientHandleType, uint32_t, locClientEventIndUnionType, void*) line 88 QMI_LOC_EVENT_NMEA_IND_V02
E/LocSvc_eng(16187): D/void loc_eng_deferred_action_thread(void*):1627] received msg_id = LOC_ENG_MSG_REPORT_NMEA context = 0x4b0c7e10
E/LocSvc_adapter(16187): I/<--- void globalEventCb(locClientHandleType, uint32_t, locClientEventIndUnionType, void*) line 88 QMI_LOC_EVENT_NMEA_IND_V02
E/LocSvc_eng(16187): D/void loc_eng_deferred_action_thread(void*):1627] received msg_id = LOC_ENG_MSG_REPORT_NMEA context = 0x4b0c7e10
E/LocSvc_adapter(16187): I/<--- void globalEventCb(locClientHandleType, uint32_t, locClientEventIndUnionType, void*) line 88 QMI_LOC_EVENT_NMEA_IND_V02
E/LocSvc_eng(16187): D/void loc_eng_deferred_action_thread(void*):1627] received msg_id = LOC_ENG_MSG_REPORT_NMEA context = 0x4b0c7e10
E/LocSvc_adapter(16187): I/<--- void globalEventCb(locClientHandleType, uint32_t, locClientEventIndUnionType, void*) line 88 QMI_LOC_EVENT_GNSS_SV_INFO_IND_V02
E/LocSvc_adapter(16187): I/num sv: 18 ephemeris mask: 1367877666 almanac mask: 51882822
E/LocSvc_adapter(16187): used in fix mask: 51002000
E/LocSvc_adapter(16187): sv: prn snr elevation azimuth
E/LocSvc_adapter(16187): I/ 0: 14 29.700001 31.000000 254.000000
E/LocSvc_adapter(16187): I/ 1: 25 25.200001 75.000000 284.000000
E/LocSvc_adapter(16187): I/ 2: 29 18.299999 31.000000 212.000000
E/LocSvc_adapter(16187): I/ 3: 31 30.700001 23.000000 307.000000
E/LocSvc_adapter(16187): I/ 9: 78 18.700001 18.000000 312.000000
E/LocSvc_adapter(16187): I/ 10: 77 23.799999 72.000000 317.000000
E/LocSvc_adapter(16187): I/ 11: 69 21.400000 14.000000 354.000000
E/LocSvc_eng(16187): D/void loc_eng_deferred_action_thread(void*):1627] received msg_id = LOC_ENG_MSG_REPORT_SV context = 0x4b0c7e10
E/LocSvc_adapter(16187): I/<--- void globalEventCb(locClientHandleType, uint32_t, locClientEventIndUnionType, void*) line 88 QMI_LOC_EVENT_NMEA_IND_V02
E/LocSvc_eng(16187): D/void loc_eng_deferred_action_thread(void*):1627] received msg_id = LOC_ENG_MSG_REPORT_NMEA context = 0x4b0c7e10
E/LocSvc_adapter(16187): I/<--- void globalEventCb(locClientHandleType, uint32_t, locClientEventIndUnionType, void*) line 88 QMI_LOC_EVENT_NMEA_IND_V02
E/LocSvc_eng(16187): D/void loc_eng_deferred_action_thread(void*):1627] received msg_id = LOC_ENG_MSG_REPORT_NMEA context = 0x4b0c7e10
E/LocSvc_adapter(16187): I/<--- void globalEventCb(locClientHandleType, uint32_t, locClientEventIndUnionType, void*) line 88 QMI_LOC_EVENT_NMEA_IND_V02
E/LocSvc_eng(16187): D/void loc_eng_deferred_action_thread(void*):1627] received msg_id = LOC_ENG_MSG_REPORT_NMEA context = 0x4b0c7e10
E/LocSvc_adapter(16187): I/<--- void globalEventCb(locClientHandleType, uint32_t, locClientEventIndUnionType, void*) line 88 QMI_LOC_EVENT_NMEA_IND_V02
E/LocSvc_eng(16187): D/void loc_eng_deferred_action_thread(void*):1627] received msg_id = LOC_ENG_MSG_REPORT_NMEA context = 0x4b0c7e10
E/LocSvc_adapter(16187): I/<--- void globalEventCb(locClientHandleType, uint32_t, locClientEventIndUnionType, void*) line 88 QMI_LOC_EVENT_NMEA_IND_V02
E/LocSvc_eng(16187): D/void loc_eng_deferred_action_thread(void*):1627] received msg_id = LOC_ENG_MSG_REPORT_NMEA context = 0x4b0c7e10
E/LocSvc_adapter(16187): I/<--- void globalEventCb(locClientHandleType, uint32_t, locClientEventIndUnionType, void*) line 88 QMI_LOC_EVENT_NMEA_IND_V02
E/LocSvc_eng(16187): D/void loc_eng_deferred_action_thread(void*):1627] received msg_id = LOC_ENG_MSG_REPORT_NMEA context = 0x4b0c7e10
E/LocSvc_adapter(16187): I/<--- void globalEventCb(locClientHandleType, uint32_t, locClientEventIndUnionType, void*) line 88 QMI_LOC_EVENT_NMEA_IND_V02
E/LocSvc_eng(16187): D/void loc_eng_deferred_action_thread(void*):1627] received msg_id = LOC_ENG_MSG_REPORT_NMEA context = 0x4b0c7e10
E/LocSvc_adapter(16187): I/<--- void globalEventCb(locClientHandleType, uint32_t, locClientEventIndUnionType, void*) line 88 QMI_LOC_EVENT_GNSS_SV_INFO_IND_V02
E/LocSvc_adapter(16187): I/num sv: 18 ephemeris mask: 1367877666 almanac mask: 51882822
E/LocSvc_adapter(16187): used in fix mask: 51002000
E/LocSvc_adapter(16187): sv: prn snr elevation azimuth
E/LocSvc_adapter(16187): I/ 0: 14 29.700001 31.000000 254.000000
E/LocSvc_adapter(16187): I/ 1: 25 25.200001 75.000000 284.000000
E/LocSvc_adapter(16187): I/ 2: 29 18.299999 31.000000 212.000000
E/LocSvc_adapter(16187): I/ 3: 31 30.700001 23.000000 307.000000
E/LocSvc_adapter(16187): I/ 9: 78 18.700001 18.000000 312.000000
E/LocSvc_adapter(16187): I/ 10: 77 23.799999 72.000000 317.000000
E/LocSvc_adapter(16187): I/ 11: 69 21.400000 14.000000 354.000000
E/LocSvc_eng(16187): D/void loc_eng_deferred_action_thread(void*):1627] received msg_id = LOC_ENG_MSG_REPORT_SV context = 0x4b0c7e10
E/LocSvc_adapter(16187): I/<--- void globalEventCb(locClientHandleType, uint32_t, locClientEventIndUnionType, void*) line 88 QMI_LOC_EVENT_POSITION_REPORT_IND_V02
E/LocSvc_adapter(16187): D/Reporting postion from V2 Adapter
E/LocSvc_eng(16187): D/void loc_eng_deferred_action_thread(void*):1627] received msg_id = LOC_ENG_MSG_REPORT_POSITION context = 0x4b0c7e10
F/libc (23667): Fatal signal 8 (SIGFPE) at 0x00005c73 (code=-6), thread 23667 (itproject.navit)
I/DEBUG ( 205): *** *** *** *** *** *** *** *** *** *** *** *** *** *** *** ***
I/DEBUG ( 205): Build fingerprint: 'samsung/jgedlteue/jgedlte:4.4.4/KTU84P.S001/140602:user/release-keys'
I/DEBUG ( 205): Revision: '11'
I/DEBUG ( 205): pid: 23667, tid: 23667, name: itproject.navit >>> org.navitproject.navit <<<
I/DEBUG ( 205): signal 8 (SIGFPE), code -6 (SI_TKILL), fault addr 00005c73
D/BatteryService(16187): Sending ACTION_BATTERY_CHANGED. level:94, scale:100, status:3, health:2, present:true, voltage: 4063, temperature: 301, technology: Li-ion, AC powered:false, USB powered:false, Wireless powered:false, icon:17302931, invalid charger:0
D/BatteryService(16187): Sending ACTION_BATTERY_CHANGED.
W/art (16028): Could not get current activity
I/ActivityManager(16187): Start proc com.devexpert.weather for broadcast com.devexpert.weather/.view.WidgetWeather2x1: pid=24250 uid=10102 gids={50102, 3003, 1028, 1015}
D/InputReader(16187): Input event: value=1 when=40529171669000
I/InputReader(16187): Touch event's action is 0x0 (deviceType=0) [pCnt=1, s=0.3419 ] when=40529171700000
I/InputDispatcher(16187): Delivering touch to: action: 0x4
I/InputDispatcher(16187): Delivering touch to: action: 0x0
I/ActivityManager(16187): Waited long enough for: ServiceRecord{66b38058 u0 com.fsck.k9/.service.PushService}
I/ActivityManager(16187): Killing 24094:com.android.vending/u0a17 (adj 15): empty #17
W/ActivityManager(16187): Scheduling restart of crashed service com.android.vending/com.google.android.finsky.billing.iab.InAppBillingService in 4000ms
I/DEBUG ( 205): r0 00000000 r1 00005c73 r2 00000008 r3 00000000
I/DEBUG ( 205): r4 00000008 r5 0000000b r6 00005c73 r7 0000010c
I/DEBUG ( 205): r8 4862c5d8 r9 bea37d20 sl 00000001 fp 00000008
I/DEBUG ( 205): ip bea37d08 sp bea37c68 lr 40073025 pc 40081fcc cpsr 00090010
I/DEBUG ( 205): d0 3f811110896efbb2 d1 3fc3c46546df3e9f
I/DEBUG ( 205): d2 3f162cb93fa0f112 d3 3d7cac25672ec7ed
I/DEBUG ( 205): d4 be4dfeab3e12a787 d5 3dd727d33eab79d7
I/DEBUG ( 205): d6 3ea07b21bc2f0ee2 d7 4045748a3c34d3eb
I/DEBUG ( 205): d8 0000000000000000 d9 0000000000000000
I/DEBUG ( 205): d10 0000000000000000 d11 0000000000000000
I/DEBUG ( 205): d12 0000000000000000 d13 0000000000000000
I/DEBUG ( 205): d14 0000000000000000 d15 0000000000000000
I/DEBUG ( 205): d16 3fd9268983d16d12 d17 3fcf885da89094b0
I/DEBUG ( 205): d18 3ec6cd878c3b46a7 d19 3fa37a7ea5fc32c2
I/DEBUG ( 205): d20 3fc54f34b4f0ed2c d21 bf66b815fe1c32cf
I/DEBUG ( 205): d22 bfd15645cfc8a28e d23 bfc4ea064098ba66
I/DEBUG ( 205): d24 bf29dd21d2e227ea d25 3fe2c5972c439aa0
I/DEBUG ( 205): d26 3ff206abff2aadf2 d27 4000000000000000
I/DEBUG ( 205): d28 40022ac8b9f91452 d29 3fcd45bb0e58ab88
I/DEBUG ( 205): d30 3ff0000000000000 d31 3fee349260000000
I/DEBUG ( 205): scr 80000012
I/DEBUG ( 205):
I/DEBUG ( 205): backtrace:
I/DEBUG ( 205): #00 pc 00021fcc /system/lib/libc.so (tgkill+12)
I/DEBUG ( 205): #01 pc 00013021 /system/lib/libc.so (pthread_kill+48)
I/DEBUG ( 205): #02 pc 00013235 /system/lib/libc.so (raise+10)
I/DEBUG ( 205): #03 pc 0006ad24 /data/app-lib/org.navitproject.navit-2/libnavit.so (__aeabi_idiv0+8)
I/DEBUG ( 205): #04 pc 0004dacc /data/app-lib/org.navitproject.navit-2/libnavit.so (transform_distance+544)
I/DEBUG ( 205):
I/DEBUG ( 205): stack:
I/DEBUG ( 205): bea37c28 4006fe0d /system/lib/libc.so (dlmalloc)
I/DEBUG ( 205): bea37c2c 4867ae10 /data/app-lib/org.navitproject.navit-2/libosd_core.so
I/DEBUG ( 205): bea37c30 bea37c7c [stack]
I/DEBUG ( 205): bea37c34 bea37bf4 [stack]
I/DEBUG ( 205): bea37c38 4a6fa188
I/DEBUG ( 205): bea37c3c 4a6fa178
I/DEBUG ( 205): bea37c40 00000000
I/DEBUG ( 205): bea37c44 00000001
I/DEBUG ( 205): bea37c48 4862c5d8
I/DEBUG ( 205): bea37c4c 4006dc39 /system/lib/libc.so (malloc+12)
I/DEBUG ( 205): bea37c50 44c13b04 /data/app-lib/org.navitproject.navit-2/libnavit.so (standard_malloc)
I/DEBUG ( 205): bea37c54 44c13b90 /data/app-lib/org.navitproject.navit-2/libnavit.so (g_malloc+56)
I/DEBUG ( 205): bea37c58 4867ae10 /data/app-lib/org.navitproject.navit-2/libosd_core.so
I/DEBUG ( 205): bea37c5c 44c1402c /data/app-lib/org.navitproject.navit-2/libnavit.so (g_vasprintf+52)
I/DEBUG ( 205): bea37c60 4a6fa190
I/DEBUG ( 205): bea37c64 bea37c9c [stack]
I/DEBUG ( 205): #00 bea37c68 00000008
I/DEBUG ( 205): bea37c6c 0000000b
I/DEBUG ( 205): bea37c70 00005c73
I/DEBUG ( 205): bea37c74 bea37d08 [stack]
I/DEBUG ( 205): bea37c78 bea37d08 [stack]
I/DEBUG ( 205): bea37c7c 40073025 /system/lib/libc.so (pthread_kill+52)
I/DEBUG ( 205): #01 bea37c80 00000008
I/DEBUG ( 205): bea37c84 00002cfe
I/DEBUG ( 205): bea37c88 00000000
I/DEBUG ( 205): bea37c8c 40073239 /system/lib/libc.so (raise+14)
I/DEBUG ( 205): #02 bea37c90 00002f2b
I/DEBUG ( 205): bea37c94 44c1fd28 /data/app-lib/org.navitproject.navit-2/libnavit.so (__aeabi_idiv0+12)
I/DEBUG ( 205):
I/DEBUG ( 205): memory near r1:
I/DEBUG ( 205): 00005c50 ffffffff ffffffff ffffffff ffffffff
I/DEBUG ( 205): 00005c60 ffffffff ffffffff ffffffff ffffffff
I/DEBUG ( 205): 00005c70 ffffffff ffffffff ffffffff ffffffff
I/DEBUG ( 205): 00005c80 ffffffff ffffffff ffffffff ffffffff
I/DEBUG ( 205): 00005c90 ffffffff ffffffff ffffffff ffffffff
I/DEBUG ( 205): 00005ca0 ffffffff ffffffff ffffffff ffffffff
I/DEBUG ( 205): 00005cb0 ffffffff ffffffff ffffffff ffffffff
I/DEBUG ( 205): 00005cc0 ffffffff ffffffff ffffffff ffffffff
I/DEBUG ( 205): 00005cd0 ffffffff ffffffff ffffffff ffffffff
I/DEBUG ( 205): 00005ce0 ffffffff ffffffff ffffffff ffffffff
I/DEBUG ( 205): 00005cf0 ffffffff ffffffff ffffffff ffffffff
I/DEBUG ( 205): 00005d00 ffffffff ffffffff ffffffff ffffffff
I/DEBUG ( 205): 00005d10 ffffffff ffffffff ffffffff ffffffff
I/DEBUG ( 205): 00005d20 ffffffff ffffffff ffffffff ffffffff
I/DEBUG ( 205): 00005d30 ffffffff ffffffff ffffffff ffffffff
I/DEBUG ( 205): 00005d40 ffffffff ffffffff ffffffff ffffffff
I/DEBUG ( 205):
I/DEBUG ( 205): memory near r6:
I/DEBUG ( 205): 00005c50 ffffffff ffffffff ffffffff ffffffff
I/DEBUG ( 205): 00005c60 ffffffff ffffffff ffffffff ffffffff
I/DEBUG ( 205): 00005c70 ffffffff ffffffff ffffffff ffffffff
I/DEBUG ( 205): 00005c80 ffffffff ffffffff ffffffff ffffffff
I/DEBUG ( 205): 00005c90 ffffffff ffffffff ffffffff ffffffff
I/DEBUG ( 205): 00005ca0 ffffffff ffffffff ffffffff ffffffff
I/DEBUG ( 205): 00005cb0 ffffffff ffffffff ffffffff ffffffff
I/DEBUG ( 205): 00005cc0 ffffffff ffffffff ffffffff ffffffff
I/DEBUG ( 205): 00005cd0 ffffffff ffffffff ffffffff ffffffff
I/DEBUG ( 205): 00005ce0 ffffffff ffffffff ffffffff ffffffff
I/DEBUG ( 205): 00005cf0 ffffffff ffffffff ffffffff ffffffff
I/DEBUG ( 205): 00005d00 ffffffff ffffffff ffffffff ffffffff
I/DEBUG ( 205): 00005d10 ffffffff ffffffff ffffffff ffffffff
I/DEBUG ( 205): 00005d20 ffffffff ffffffff ffffffff ffffffff
I/DEBUG ( 205): 00005d30 ffffffff ffffffff ffffffff ffffffff
I/DEBUG ( 205): 00005d40 ffffffff ffffffff ffffffff ffffffff
I/DEBUG ( 205):
I/DEBUG ( 205): memory near r8:
I/DEBUG ( 205): 4862c5b8 00020026 000000fa 00000000 00000013
I/DEBUG ( 205): 4862c5c8 00020035 00015180 00000000 00000163
I/DEBUG ( 205): 4862c5d8 44c35558 00000001 44392b50 00080001
I/DEBUG ( 205): 4862c5e8 4862c5d8 486964a0 48706770 486818f0
I/DEBUG ( 205): 4862c5f8 489896c8 4862d908 00000000 4862c7f0
I/DEBUG ( 205): 4862c608 4862c8a8 00000000 48697e28 48698338
I/DEBUG ( 205): 4862c618 4868b0e0 4862e9a0 00000003 00000000
I/DEBUG ( 205): 4862c628 4867f010 00000001 ffffffff 000000fa
I/DEBUG ( 205): 4862c638 ffffffff 4862dae0 00000000 4862e8b8
I/DEBUG ( 205): 4862c648 4862c7e0 48a5d5f8 00000000 00000000
I/DEBUG ( 205): 4862c658 48a5d1a8 48688ae8 00000000 48a5d518
I/DEBUG ( 205): 4862c668 000001db 00000406 000001db 00000406
I/DEBUG ( 205): 4862c678 00000359 00000474 00000000 00000001
I/DEBUG ( 205): 4862c688 00000000 00000000 00015180 0000000a
I/DEBUG ( 205): 4862c698 00000007 00200000 00000000 00000000
I/DEBUG ( 205): 4862c6a8 00000000 4ad4ffb8 00000000 00000001
I/DEBUG ( 205):
I/DEBUG ( 205): memory near r9:
I/DEBUG ( 205): bea37d00 00020084 00000000 001797ce 006d8618
I/DEBUG ( 205): bea37d10 5419322d 00024ca2 00020084 00000000
I/DEBUG ( 205): bea37d20 44beb94c 48675a5c 4862e760 00000000
I/DEBUG ( 205): bea37d30 44c21bcc 44c2e9e4 44c2c0e4 489898f0
I/DEBUG ( 205): bea37d40 00000000 48683368 bea37de0 00000003
I/DEBUG ( 205): bea37d50 4ad4e940 00000001 4862e9a0 65a1acb0
I/DEBUG ( 205): bea37d60 bea37e04 44bcd948 bea37e74 44c08cc4
I/DEBUG ( 205): bea37d70 ffffffff 44c02d7c bea37e44 00000001
I/DEBUG ( 205): bea37d80 48683368 4862c5d8 4862e128 00000100
I/DEBUG ( 205): bea37d90 44c2e54c 44c2e540 4a6fa0e8 44c35dd8
I/DEBUG ( 205): bea37da0 4862e9f0 443b2340 00060001 00000002
I/DEBUG ( 205): bea37db0 bea37de0 00000001 4862e9a0 65a1acb0
I/DEBUG ( 205): bea37dc0 bea37e04 44bcdb14 bea37de0 4862e128
I/DEBUG ( 205): bea37dd0 bea37de8 bea37e44 4862e8c0 44bcdb7c
I/DEBUG ( 205): bea37de0 4862c5d8 4862e128 00000773 00000753
I/DEBUG ( 205): bea37df0 4862e8b8 bea37e0c 4862c5d8 4862e8b8
I/DEBUG ( 205):
I/DEBUG ( 205): memory near ip:
I/DEBUG ( 205): bea37ce8 00000000 48683368 00060001 4862e1a4
I/DEBUG ( 205): bea37cf8 00080006 4862e128 00020084 00000000
I/DEBUG ( 205): bea37d08 001797ce 006d8618 5419322d 00024ca2
I/DEBUG ( 205): bea37d18 00020084 00000000 44beb94c 48675a5c
I/DEBUG ( 205): bea37d28 4862e760 00000000 44c21bcc 44c2e9e4
I/DEBUG ( 205): bea37d38 44c2c0e4 489898f0 00000000 48683368
I/DEBUG ( 205): bea37d48 bea37de0 00000003 4ad4e940 00000001
I/DEBUG ( 205): bea37d58 4862e9a0 65a1acb0 bea37e04 44bcd948
I/DEBUG ( 205): bea37d68 bea37e74 44c08cc4 ffffffff 44c02d7c
I/DEBUG ( 205): bea37d78 bea37e44 00000001 48683368 4862c5d8
I/DEBUG ( 205): bea37d88 4862e128 00000100 44c2e54c 44c2e540
I/DEBUG ( 205): bea37d98 4a6fa0e8 44c35dd8 4862e9f0 443b2340
I/DEBUG ( 205): bea37da8 00060001 00000002 bea37de0 00000001
I/DEBUG ( 205): bea37db8 4862e9a0 65a1acb0 bea37e04 44bcdb14
I/DEBUG ( 205): bea37dc8 bea37de0 4862e128 bea37de8 bea37e44
I/DEBUG ( 205): bea37dd8 4862e8c0 44bcdb7c 4862c5d8 4862e128
I/DEBUG ( 205):
I/DEBUG ( 205): memory near sp:
I/DEBUG ( 205): bea37c48 4862c5d8 4006dc39 44c13b04 44c13b90
I/DEBUG ( 205): bea37c58 4867ae10 44c1402c 4a6fa190 bea37c9c
I/DEBUG ( 205): bea37c68 00000008 0000000b 00005c73 bea37d08
I/DEBUG ( 205): bea37c78 bea37d08 40073025 00000008 00002cfe
I/DEBUG ( 205): bea37c88 00000000 40073239 00002f2b 44c1fd28
I/DEBUG ( 205): bea37c98 00000000 44c02ad0 4862e128 4862e128
I/DEBUG ( 205): bea37ca8 41d5064c bea37d08 48683d08 4862e128
I/DEBUG ( 205): bea37cb8 41d5064c bea37d08 48683d08 48676820
I/DEBUG ( 205): bea37cc8 486837b8 4867cda4 4867aa50 4867a9f0
I/DEBUG ( 205): bea37cd8 00000000 412e8480 e0000000 3ffb465f
I/DEBUG ( 205): bea37ce8 00000000 48683368 00060001 4862e1a4
I/DEBUG ( 205): bea37cf8 00080006 4862e128 00020084 00000000
I/DEBUG ( 205): bea37d08 001797ce 006d8618 5419322d 00024ca2
I/DEBUG ( 205): bea37d18 00020084 00000000 44beb94c 48675a5c
I/DEBUG ( 205): bea37d28 4862e760 00000000 44c21bcc 44c2e9e4
