E/navit (23667): navit:convert_to_attrs:failed to create attribute 'distance_metric' with value '25'
E/navit (23667): navit:convert_to_attrs:failed to create attribute 'distance_metric' with value '100'
E/navit (23667): navit:convert_to_attrs:failed to create attribute 'distance_metric' with value '200'
E/navit (23667): navit:convert_to_attrs:failed to create attribute 'distance_metric' with value '25'
E/navit (23667): navit:convert_to_attrs:failed to create attribute 'distance_metric' with value '100'
E/navit (23667): navit:convert_to_attrs:failed to create attribute 'distance_metric' with value '200'
E/navit (23667): navit:convert_to_attrs:failed to create attribute 'distance_metric' with value '25'
E/navit (23667): navit:convert_to_attrs:failed to create attribute 'distance_metric' with value '100'
E/navit (23667): navit:convert_to_attrs:failed to create attribute 'distance_metric' with value '200'
E/navit (23667): navit:convert_to_attrs:failed to create attribute 'distance_metric' with value '25'
E/navit (23667): navit:convert_to_attrs:failed to create attribute 'distance_metric' with value '100'
E/navit (23667): navit:convert_to_attrs:failed to create attribute 'distance_metric' with value '200'
E/navit (23667): navit:convert_to_attrs:failed to create attribute 'distance_metric' with value '25'
E/navit (23667): navit:convert_to_attrs:failed to create attribute 'distance_metric' with value '100'
E/navit (23667): navit:convert_to_attrs:failed to create attribute 'distance_metric' with value '200'
E/navit (23667): navit:convert_to_attrs:failed to create attribute 'distance_metric' with value '25'
E/navit (23667): navit:convert_to_attrs:failed to create attribute 'distance_metric' with value '100'
E/navit (23667): navit:convert_to_attrs:failed to create attribute 'distance_metric' with value '200'
E/navit (23667): navit:convert_to_attrs:failed to create attribute 'distance_metric' with value '100'
E/navit (23667): navit:convert_to_attrs:failed to create attribute 'distance_metric' with value '400'
E/navit (23667): navit:convert_to_attrs:failed to create attribute 'distance_metric' with value '1000'
E/navit (23667): navit:convert_to_attrs:failed to create attribute 'distance_metric' with value '100'
E/navit (23667): navit:convert_to_attrs:failed to create attribute 'distance_metric' with value '400'
E/navit (23667): navit:convert_to_attrs:failed to create attribute 'distance_metric' with value '1000'
E/navit (23667): navit:convert_to_attrs:failed to create attribute 'distance_metric' with value '25'
E/navit (23667): navit:convert_to_attrs:failed to create attribute 'distance_metric' with value '100'
E/navit (23667): navit:convert_to_attrs:failed to create attribute 'distance_metric' with value '200'
E/navit (23667): navit:convert_to_attrs:failed to create attribute 'distance_metric' with value '25'
E/navit (23667): navit:convert_to_attrs:failed to create attribute 'distance_metric' with value '100'
E/navit (23667): navit:convert_to_attrs:failed to create attribute 'distance_metric' with value '200'
E/navit (23667): navit:convert_to_attrs:failed to create attribute 'distance_metric' with value '25'
E/navit (23667): navit:convert_to_attrs:failed to create attribute 'distance_metric' with value '100'
E/navit (23667): navit:convert_to_attrs:failed to create attribute 'distance_metric' with value '200'
E/navit (23667): navit:convert_to_attrs:failed to create attribute 'distance_metric' with value '25'
E/navit (23667): navit:convert_to_attrs:failed to create attribute 'distance_metric' with value '100'
E/navit (23667): navit:convert_to_attrs:failed to create attribute 'distance_metric' with value '200'
E/navit (23667): navit:convert_to_attrs:failed to create attribute 'distance_metric' with value '25'
E/navit (23667): navit:convert_to_attrs:failed to create attribute 'distance_metric' with value '100'
E/navit (23667): navit:convert_to_attrs:failed to create attribute 'distance_metric' with value '200'
E/navit (23667): navit:convert_to_attrs:failed to create attribute 'distance_metric' with value '25'
E/navit (23667): navit:convert_to_attrs:failed to create attribute 'distance_metric' with value '100'
E/navit (23667): navit:convert_to_attrs:failed to create attribute 'distance_metric' with value '200'
E/navit (23667): navit:convert_to_attrs:failed to create attribute 'distance_metric' with value '25'
E/navit (23667): navit:convert_to_attrs:failed to create attribute 'distance_metric' with value '100'
E/navit (23667): navit:convert_to_attrs:failed to create attribute 'distance_metric' with value '200'
E/navit (23667): navit:convert_to_attrs:failed to create attribute 'distance_metric' with value '25'
E/navit (23667): navit:convert_to_attrs:failed to create attribute 'distance_metric' with value '100'
E/navit (23667): navit:convert_to_attrs:failed to create attribute 'distance_metric' with value '200'
E/navit (23667): navit:convert_to_attrs:failed to create attribute 'distance_metric' with value '25'
E/navit (23667): navit:convert_to_attrs:failed to create attribute 'distance_metric' with value '100'
E/navit (23667): navit:convert_to_attrs:failed to create attribute 'distance_metric' with value '200'
E/navit (23667): navit:convert_to_attrs:failed to create attribute 'distance_metric' with value '100'
E/navit (23667): navit:convert_to_attrs:failed to create attribute 'distance_metric' with value '400'
E/navit (23667): navit:convert_to_attrs:failed to create attribute 'distance_metric' with value '1000'
E/navit (23667): navit:convert_to_attrs:failed to create attribute 'distance_metric' with value '100'
E/navit (23667): navit:convert_to_attrs:failed to create attribute 'distance_metric' with value '400'
E/navit (23667): navit:convert_to_attrs:failed to create attribute 'distance_metric' with value '1000'
E/navit (23667): navit:convert_to_attrs:failed to create attribute 'distance_metric' with value '25'
E/navit (23667): navit:convert_to_attrs:failed to create attribute 'distance_metric' with value '100'
E/navit (23667): navit:convert_to_attrs:failed to create attribute 'distance_metric' with value '200'
E/navit (23667): navit:convert_to_attrs:failed to create attribute 'distance_metric' with value '25'
E/navit (23667): navit:convert_to_attrs:failed to create attribute 'distance_metric' with value '100'
E/navit (23667): navit:convert_to_attrs:failed to create attribute 'distance_metric' with value '200'
E/navit (23667): navit:convert_to_attrs:failed to create attribute 'distance_metric' with value '25'
E/navit (23667): navit:convert_to_attrs:failed to create attribute 'distance_metric' with value '100'
E/navit (23667): navit:convert_to_attrs:failed to create attribute 'distance_metric' with value '200'
E/navit (23667): navit:convert_to_attrs:failed to create attribute 'distance_metric' with value '25'
E/navit (23667): navit:convert_to_attrs:failed to create attribute 'distance_metric' with value '100'
E/navit (23667): navit:convert_to_attrs:failed to create attribute 'distance_metric' with value '200'
E/navit (23667): navit:convert_to_attrs:failed to create attribute 'distance_metric' with value '25'
E/navit (23667): navit:convert_to_attrs:failed to create attribute 'distance_metric' with value '100'
E/navit (23667): navit:convert_to_attrs:failed to create attribute 'distance_metric' with value '200'
E/navit (23667): navit:convert_to_attrs:failed to create attribute 'distance_metric' with value '25'
E/navit (23667): navit:convert_to_attrs:failed to create attribute 'distance_metric' with value '100'
E/navit (23667): navit:convert_to_attrs:failed to create attribute 'distance_metric' with value '200'
E/navit (23667): navit:convert_to_attrs:failed to create attribute 'distance_metric' with value '25'
E/navit (23667): navit:convert_to_attrs:failed to create attribute 'distance_metric' with value '100'
E/navit (23667): navit:convert_to_attrs:failed to create attribute 'distance_metric' with value '200'
E/navit (23667): navit:convert_to_attrs:failed to create attribute 'distance_metric' with value '25'
E/navit (23667): navit:convert_to_attrs:failed to create attribute 'distance_metric' with value '100'
E/navit (23667): navit:convert_to_attrs:failed to create attribute 'distance_metric' with value '200'
E/navit (23667): navit:convert_to_attrs:failed to create attribute 'distance_metric' with value '25'
E/navit (23667): navit:convert_to_attrs:failed to create attribute 'distance_metric' with value '100'
E/navit (23667): navit:convert_to_attrs:failed to create attribute 'distance_metric' with value '200'
E/navit (23667): navit:convert_to_attrs:failed to create attribute 'distance_metric' with value '100'
E/navit (23667): navit:convert_to_attrs:failed to create attribute 'distance_metric' with value '400'
E/navit (23667): navit:convert_to_attrs:failed to create attribute 'distance_metric' with value '1000'
E/navit (23667): navit:convert_to_attrs:failed to create attribute 'distance_metric' with value '100'
E/navit (23667): navit:convert_to_attrs:failed to create attribute 'distance_metric' with value '400'
E/navit (23667): navit:convert_to_attrs:failed to create attribute 'distance_metric' with value '1000'
E/navit (23667): navit:navigation_set_announce:street type -2147483566 out of range [-2147483641,-2147483573]
E/navit (23667): navit:xmlconfig_announce:Invalid type for announcement: hiking
E/navit (23667): speech_android:speech_android_init:at 3
E/navit (23667): speech_android:speech_android_init:at 4 android_activity=0x10046a
E/NavitSpeech2(23667): Create
E/NavitSpeech2(23667): ACTION_CHECK_TTS_DATA available
E/LocSvc_adapter(16187): I/<--- void globalRespCb(locClientHandleType, uint32_t, locClientRespIndUnionType, void*) line 115 QMI_LOC_SET_OPERATION_MODE_REQ_V02
E/LocSvc_api_v02(16187): D/loc_free_slot:298]: freeing slot 0
E/navit (23667): speech_android:speech_android_init:result=0x1a00065
E/navit (23667): navit:maps_new:enter
I/ActivityManager(16187): START u0 {act=android.speech.tts.engine.CHECK_TTS_DATA cmp=com.google.android.tts/.settings.CheckVoiceData} from pid 23667
E/navit (23667): navit:maps_new:enter
E/navit (23667): navit:maps_new:enter
E/navit (23667): navit:maps_new:enter
E/navit (23667): navit:maps_new:enter
E/navit (23667): navit:maps_new:enter
E/navit (23667): navit:maps_new:enter
E/navit (23667): navit:maps_new:enter
E/navit (23667): navit:maps_new:enter
E/navit (23667): navit:maps_new:enter
D/DisplayPowerController(16187): SSTEMP : mIsLockZone = false
E/navit (23667): navit:maps_new:enter
E/LocSvc_adapter(16187): I/<--- void globalEventCb(locClientHandleType, uint32_t, locClientEventIndUnionType, void*) line 88 QMI_LOC_EVENT_LOCATION_SERVER_CONNECTION_REQ_IND_V02
E/LocSvc_eng(16187): D/void loc_eng_deferred_action_thread(void*):1627] received msg_id = LOC_ENG_MSG_REQUEST_ATL context = 0x4b0c7e10
E/LocSvc_utils_ll(16187): D/linked_list_search: Search the list
E/LocSvc_utils_ll(16187): D/linked_list_search: Search the list
E/LocSvc_eng(16187): D/onRsrcEvent, old state AgpsReleasedState, new state AgpsPendingState, event 0
D/ConnectivityService(16187): startUsingNetworkFeature reconnecting to 0: enableSUPL
D/ConnectivityService(16187): startUsingNetworkFeature X: return APN_REQUEST_STARTED
E/navit (23667): navit:maps_new:enter
D/MobileDataStateTracker(16187): supl: Broadcast received: android.intent.action.ANY_DATA_STATE apnType=supl
E/navit (23667): navit:maps_new:enter
E/navit (23667): navit:maps_new:enter
E/navit (23667): navit:maps_new:enter
E/navit (23667): navit:maps_new:enter
D/StatusBar.NetworkController(16454): onDataConnectionStateChanged: state=0 type=10
D/StatusBar.NetworkController(16454): refreshViews connected={ wifi } level=4 combinedSignalIconId=0x7f0200a0/com.android.systemui:drawable/stat_sys_wifi_signal_0 mobileLabel=maXXim wifiLabel="FairSpot_FREE"xxxxXXXXxxxxXXXX emergencyOnly=false combinedLabel="FairSpot_FREE"xxxxXXXXxxxxXXXX mAirplaneMode=false mDataActivity=0 mPhoneSignalIconId=0x7f02009b mQSPhoneSignalIconId=0x7f020047 mDataDirectionIconId=0x0 mDataSignalIconId=0x7f02009b mDataTypeIconId=0x7f02008e mQSDataTypeIconId=0x7f02004b mNoSimIconId=0x0 mWifiIconId=0x7f0200a0 mQSWifiIconId=0x7f020058 mBluetoothTetherIconId=0x10805d0
D/MobileDataStateTracker(16187): supl: Received state=CONNECTING, old=DISCONNECTED, reason=dataEnabled
D/MobileDataStateTracker(16187): supl: setDetailed state, old =IDLE and new state=CONNECTING
D/MobileDataStateTracker(16187): fota: Broadcast received: android.intent.action.ANY_DATA_STATE apnType=fota
D/MobileDataStateTracker(16187): fota: Received state=DISCONNECTED, old=DISCONNECTED, reason=dataEnabled
D/MobileDataStateTracker(16187): dun: Broadcast received: android.intent.action.ANY_DATA_STATE apnType=dun
D/MobileDataStateTracker(16187): dun: Received state=DISCONNECTED, old=DISCONNECTED, reason=dataEnabled
D/MobileDataStateTracker(16187): hipri: Broadcast received: android.intent.action.ANY_DATA_STATE apnType=hipri
D/MobileDataStateTracker(16187): hipri: Received state=DISCONNECTED, old=DISCONNECTED, reason=dataEnabled
D/MobileDataStateTracker(16187): ims: Broadcast received: android.intent.action.ANY_DATA_STATE apnType=ims
D/MobileDataStateTracker(16187): ims: Received state=DISCONNECTED, old=DISCONNECTED, reason=dataEnabled
D/MobileDataStateTracker(16187): default: Broadcast received: android.intent.action.ANY_DATA_STATE apnType=default
D/MobileDataStateTracker(16187): default: Received state=DISCONNECTED, old=DISCONNECTED, reason=dataEnabled
D/MobileDataStateTracker(16187): mms: Broadcast received: android.intent.action.ANY_DATA_STATE apnType=mms
D/MobileDataStateTracker(16187): mms: Received state=DISCONNECTED, old=DISCONNECTED, reason=dataEnabled
D/MobileDataStateTracker(16187): cbs: Broadcast received: android.intent.action.ANY_DATA_STATE apnType=cbs
D/MobileDataStateTracker(16187): cbs: Received state=DISCONNECTED, old=DISCONNECTED, reason=dataEnabled
I/art (16454): Heap trim of managed (duration=9.521483ms, advised=3MB) and native (duration=4.394531ms, advised=552KB) heaps. Managed heap utilization of 26%.
E/navit (23667): navit:maps_new:enter
E/navit (23667): navit:maps_new:enter
E/navit (23667): navit:maps_new:enter
E/navit (23667): navit:maps_new:enter
E/navit (23667): navit:maps_new:enter
E/navit (23667): navit:maps_new:enter
E/navit (23667): navit:maps_new:enter
E/navit (23667): navit:maps_new:enter
E/navit (23667): navit:maps_new:enter
E/navit (23667): navit:maps_new:enter
E/navit (23667): navit:maps_new:enter
E/navit (23667): navit:maps_new:enter
E/navit (23667): navit:maps_new:enter
E/navit (23667): navit:maps_new:enter
E/navit (23667): navit:maps_new:enter
E/navit (23667): navit:maps_new:enter
W/ActivityManager(16187): Activity pause timeout for ActivityRecord{66ce2078 u0 org.navitproject.navit/.Navit t25}
E/LocSvc_adapter(16187): I/<--- void globalEventCb(locClientHandleType, uint32_t, locClientEventIndUnionType, void*) line 88 QMI_LOC_EVENT_ENGINE_STATE_IND_V02
E/LocSvc_eng(16187): D/void loc_eng_deferred_action_thread(void*):1627] received msg_id = LOC_ENG_MSG_REPORT_STATUS context = 0x4b0c7e10
E/LocSvc_eng(16187): D/void loc_eng_deferred_action_thread(void*):1627] received msg_id = LOC_ENG_MSG_REPORT_STATUS context = 0x4b0c7e10
E/navit (23667): navit:attr_new_from_text:Unknown item type 'poi_airport_terminal' ignored.
E/navit (23667): navit:attr_new_from_text:Unknown item type 'poi_aerodrome' ignored.
E/navit (23667): navit:attr_new_from_text:Unknown item type 'poi_er' ignored.
E/navit (23667): navit:attr_new_from_text:Unknown item type 'poi_college' ignored.
E/navit (23667): navit:attr_new_from_text:Unknown item type 'poi_fire_station' ignored.
E/navit (23667): navit:attr_new_from_text:Unknown item type 'poi_dangerous' ignored.
E/navit (23667): navit:attr_new_from_text:Unknown item type 'poi_bureau_de_change' ignored.
E/navit (23667): navit:attr_new_from_text:Unknown item type 'poi_forbiden_area' ignored.
E/navit (23667): navit:attr_new_from_text:Unknown item type 'poi_courthouse' ignored.
E/navit (23667): navit:attr_new_from_text:Unknown item type 'poi_post' ignored.
E/navit (23667): navit:attr_new_from_text:Unknown item type 'poi_university' ignored.
E/navit (23667): navit:attr_new_from_text:Unknown item type 'barrier_cattle_grid' ignored.
E/navit (23667): navit:attr_new_from_text:Unknown item type 'barrier_gate' ignored.
E/navit (23667): navit:attr_new_from_text:Unknown item type 'barrier_kissing_gate' ignored.
E/navit (23667): navit:attr_new_from_text:Unknown item type 'barrier_stile' ignored.
E/navit (23667): navit:attr_new_from_text:Unknown item type 'barrier_toll_booth' ignored.
E/navit (23667): navit:attr_new_from_text:Unknown item type 'poi_shop_garden_centre' ignored.
E/navit (23667): navit:attr_new_from_text:Unknown item type 'power_pole' ignored.
E/navit (23667): navit:attr_new_from_text:Unknown item type 'poi_theatre' ignored.
E/navit (23667): navit:attr_new_from_text:Unknown item type 'poi_waste_basket' ignored.
E/navit (23667): navit:attr_new_from_text:Unknown item type 'tec_mobile' ignored.
E/navit (23667): navit:attr_new_from_text:Unknown item type 'tec_red_light' ignored.
E/navit (23667): navit:attr_new_from_text:Unknown item type 'poi_gc_letterbox' ignored.
E/navit (23667): navit:attr_new_from_text:Unknown item type 'poi_gc_earthcache' ignored.
E/navit (23667): navit:attr_new_from_text:Unknown item type 'poi_gc_virtual' ignored.
E/navit (23667): navit:attr_new_from_text:Unknown item type 'poi_gc_puzzle' ignored.
D/StatusBar.NetworkController(16454): refreshViews connected={ wifi } level=4 combinedSignalIconId=0x7f0200a0/com.android.systemui:drawable/stat_sys_wifi_signal_0 mobileLabel=maXXim wifiLabel="FairSpot_FREE"xxxxXXXXxxxxXXXX emergencyOnly=false combinedLabel="FairSpot_FREE"xxxxXXXXxxxxXXXX mAirplaneMode=false mDataActivity=0 mPhoneSignalIconId=0x7f02009b mQSPhoneSignalIconId=0x7f020047 mDataDirectionIconId=0x0 mDataSignalIconId=0x7f02009b mDataTypeIconId=0x7f02008e mQSDataTypeIconId=0x7f02004b mNoSimIconId=0x0 mWifiIconId=0x7f0200a0 mQSWifiIconId=0x7f020058 mBluetoothTetherIconId=0x10805d0
E/navit (23667): navit:main_real:Benutze Konfigurations-Datei '/sdcard/navit/navit.xml'
E/navit (23667): graphics_android:event_android_main_loop_run:enter
E/Navit (23667): OnResume
E/Navit (23667): **2**A android.intent.action.MAIN
E/Navit (23667): **2**D null
E/navit (23667): navit:eval_value:illegal character 0x3e
E/NavitSpeech2(23667): onActivityResult 1 1
I/TextToSpeech(23667): Sucessfully bound to com.google.android.tts
E/Navit (23667): OnResume
E/Navit (23667): **2**A android.intent.action.MAIN
E/Navit (23667): **2**D null
I/GoogleTTSService( 931): Creating Google TTS service, version 3.2.12.1369973.arm
I/patts ( 931): Loading project file (apk mode is false,assets from com.google.android.tts) ...
I/patts ( 931): [android_project_file.cc:35] Loading "/data/data/com.google.android.tts/app_voices_v2/de-de-x-nfh-phone-hmm/phonology.cfg" ...
D/PowerManagerService(16187): [api] acquire WakeLock flags=0x2000000a tag=WindowManager uid=1000 pid=16187
I/Adreno-EGL(23667): : EGL 1.4 QUALCOMM build: _msm8960_kk_2.7__release_AU ()
I/Adreno-EGL(23667): OpenGL ES Shader Compiler Version: 20.00.01
I/Adreno-EGL(23667): Build Date: 11/07/13 Thu I/Adreno-EGL(23667): Local Branch: klp
I/Adreno-EGL(23667): Remote Branch: quic/hammerhead_klp
I/Adreno-EGL(23667): Local Patches: NONE
I/Adreno-EGL(23667): Reconstruct Branch: NOTHING
I/patts ( 931): [android_project_file.cc:35] Loading "/data/data/com.google.android.tts/app_voices_v2/de-de-x-nfh-phone-hmm/compressed_lexicon_de_de.blex" ...
I/patts ( 931): [mmap_file_resource.cc:76] Mem-mapping /data/data/com.google.android.tts/app_voices_v2/de-de-x-nfh-phone-hmm/compressed_lexicon_de_de.blex ...
I/patts ( 931): [android_project_file.cc:35] Loading "/data/data/com.google.android.tts/app_voices_v2/de-de-x-nfh-phone-hmm/phonology.pb" ...
I/patts ( 931): [android_project_file.cc:35] Loading "/data/data/com.google.android.tts/app_voices_v2/de-de-x-nfh-phone-hmm/rewrite_android.far" ...
I/patts ( 931): [grm-manager.h:57] Loading FST archive from "/data/data/com.google.android.tts/app_voices_v2/de-de-x-nfh-phone-hmm/rewrite_android.far" ...
I/patts ( 931): [android_project_file.cc:35] Loading "/data/data/com.google.android.tts/app_voices_v2/de-de-x-nfh-phone-hmm/tokenize_and_classify_android.far" ...
I/patts ( 931): [grm-manager.h:57] Loading FST archive from "/data/data/com.google.android.tts/app_voices_v2/de-de-x-nfh-phone-hmm/tokenize_and_classify_android.far" ...
D/OpenGLRenderer(23667): Enabling debug mode 0
I/patts ( 931): [android_project_file.cc:35] Loading "/data/data/com.google.android.tts/app_voices_v2/de-de-x-nfh-phone-hmm/textnorm_params.pb" ...
E/Navit (23667): NavitGraphics -> onSizeChanged pixels x=1080 pixels y=1845
E/Navit (23667): NavitGraphics -> onSizeChanged density=3.0
E/Navit (23667): NavitGraphics -> onSizeChanged scaledDensity=3.0
E/navit (23667): navit:Java_org_navitproject_navit_NavitGraphics_SizeChangedCallback:enter 0x486815d8 1080 1845
E/navit (23667): graphics_android:resize_callback:w=1080 h=1845 ok
E/navit (23667): graphics_android:graphics_android_init:at 2 jnienv=0x417256d8
E/navit (23667): graphics_android:graphics_android_init:at 3
E/navit (23667): graphics_android:graphics_android_init:at 4 android_activity=0x10046a
E/navit (23667): graphics_android:graphics_android_init:result=0xb0003d
E/navit (23667): graphics_android:graphics_android_init:result=0xf00041
E/navit (23667): graphics_android:overlay_new:returning 0x44167d58
E/NavitGraphics(23667): overlay_disable: 0Parent: true
E/navit (23667): graphics_android:graphics_android_init:at 2 jnienv=0x417256d8
E/navit (23667): graphics_android:graphics_android_init:at 3
E/navit (23667): graphics_android:graphics_android_init:at 4 android_activity=0x10046a
E/navit (23667): graphics_android:graphics_android_init:result=0x1b00065
E/navit (23667): graphics_android:graphics_android_init:result=0x3600069
E/navit (23667): graphics_android:overlay_new:returning 0x4ad44540
E/NavitGraphics(23667): overlay_disable: 0Parent: true
E/navit (23667): graphics_android:graphics_android_init:at 2 jnienv=0x417256d8
E/navit (23667): graphics_android:graphics_android_init:at 3
E/navit (23667): graphics_android:graphics_android_init:at 4 android_activity=0x10046a
E/navit (23667): graphics_android:graphics_android_init:result=0x60008d
E/navit (23667): graphics_android:graphics_android_init:result=0x700091
E/navit (23667): graphics_android:overlay_new:returning 0x4ad44838
E/NavitGraphics(23667): overlay_disable: 0Parent: true
E/navit (23667): graphics_android:graphics_android_init:at 2 jnienv=0x417256d8
E/navit (23667): graphics_android:graphics_android_init:at 3
E/navit (23667): graphics_android:graphics_android_init:at 4 android_activity=0x10046a
E/navit (23667): graphics_android:graphics_android_init:result=0xc000b5
E/navit (23667): graphics_android:graphics_android_init:result=0x7000b9
E/navit (23667): graphics_android:overlay_new:returning 0x4ad48e08
E/NavitGraphics(23667): overlay_disable: 0Parent: true
E/navit (23667): graphics_android:graphics_android_init:at 2 jnienv=0x417256d8
E/navit (23667): graphics_android:graphics_android_init:at 3
E/navit (23667): graphics_android:graphics_android_init:at 4 android_activity=0x10046a
E/navit (23667): graphics_android:graphics_android_init:result=0x24000dd
E/navit (23667): graphics_android:graphics_android_init:result=0xc000e1
E/navit (23667): graphics_android:overlay_new:returning 0x4ad4a910
E/NavitGraphics(23667): overlay_disable: 0Parent: true
E/navit (23667): graphics_android:graphics_android_init:at 2 jnienv=0x417256d8
E/navit (23667): graphics_android:graphics_android_init:at 3
E/navit (23667): graphics_android:graphics_android_init:at 4 android_activity=0x10046a
E/navit (23667): graphics_android:graphics_android_init:result=0x2700105
E/navit (23667): graphics_android:graphics_android_init:result=0x600109
E/navit (23667): graphics_android:overlay_new:returning 0x4ad4c400
E/NavitGraphics(23667): overlay_disable: 0Parent: true
E/navit (23667): graphics_android:graphics_android_init:at 2 jnienv=0x417256d8
E/navit (23667): graphics_android:graphics_android_init:at 3
E/navit (23667): graphics_android:graphics_android_init:at 4 android_activity=0x10046a
E/navit (23667): graphics_android:graphics_android_init:result=0x80012d
E/navit (23667): graphics_android:graphics_android_init:result=0x1200131
E/navit (23667): graphics_android:overlay_new:returning 0x4ad4cb50
E/NavitGraphics(23667): overlay_disable: 0Parent: true
E/navit (23667): graphics_android:graphics_android_init:at 2 jnienv=0x417256d8
E/navit (23667): graphics_android:graphics_android_init:at 3
E/navit (23667): graphics_android:graphics_android_init:at 4 android_activity=0x10046a
E/navit (23667): graphics_android:graphics_android_init:result=0x600155
E/navit (23667): graphics_android:graphics_android_init:result=0x700159
E/navit (23667): graphics_android:overlay_new:returning 0x4ad4ea10
E/NavitGraphics(23667): overlay_disable: 0Parent: true
E/navit (23667): graphics_android:graphics_android_init:at 2 jnienv=0x417256d8
E/navit (23667): graphics_android:graphics_android_init:at 3
E/navit (23667): graphics_android:graphics_android_init:at 4 android_activity=0x10046a
E/navit (23667): graphics_android:graphics_android_init:result=0xc0017d
E/navit (23667): graphics_android:graphics_android_init:result=0x1000181
E/navit (23667): graphics_android:overlay_new:returning 0x4ad4f128
E/NavitGraphics(23667): overlay_disable: 0Parent: true
E/navit (23667): graphics_android:graphics_android_init:at 2 jnienv=0x417256d8
E/navit (23667): graphics_android:graphics_android_init:at 3
E/navit (23667): graphics_android:graphics_android_init:at 4 android_activity=0x10046a
E/navit (23667): graphics_android:graphics_android_init:result=0xe001a5
E/navit (23667): graphics_android:graphics_android_init:result=0xe001a9
E/navit (23667): graphics_android:overlay_new:returning 0x4ad4f700
E/NavitGraphics(23667): overlay_disable: 0Parent: true
E/navit (23667): graphics_android:graphics_android_init:at 2 jnienv=0x417256d8
E/navit (23667): graphics_android:graphics_android_init:at 3
E/navit (23667): graphics_android:graphics_android_init:at 4 android_activity=0x10046a
E/navit (23667): graphics_android:graphics_android_init:result=0xa001cd
E/navit (23667): graphics_android:graphics_android_init:result=0x12001d1
E/navit (23667): graphics_android:overlay_new:returning 0x4ad51d40
E/NavitGraphics(23667): overlay_disable: 0Parent: true
I/TextToSpeech(23667): Connected to ComponentInfo{com.google.android.tts/com.google.android.tts.service.GoogleTTSService}
I/TextToSpeech(23667): Set up connection to ComponentInfo{com.google.android.tts/com.google.android.tts.service.GoogleTTSService}
E/Watchdog(16187): !@Sync 847
E/NavitSpeech2(23667): Status 0
W/WindowManager(16187): Rebuild removed 18 windows but added 17
W/WindowManager(16187): java.lang.RuntimeException: here
W/WindowManager(16187): at com.android.server.wm.WindowManagerService.rebuildAppWindowListLocked(WindowManagerService.java:8094)
W/WindowManager(16187): at com.android.server.wm.WindowManagerService.rebuildAppWindowListLocked(WindowManagerService.java:8030)
W/WindowManager(16187): at com.android.server.wm.WindowManagerService.handleAnimatingStoppedAndTransitionLocked(WindowManagerService.java:8774)
W/WindowManager(16187): at com.android.server.wm.WindowManagerService.performLayoutAndPlaceSurfacesLockedInner(WindowManagerService.java:9288)
W/WindowManager(16187): at com.android.server.wm.WindowManagerService.performLayoutAndPlaceSurfacesLockedLoop(WindowManagerService.java:8246)
W/WindowManager(16187): at com.android.server.wm.WindowManagerService.performLayoutAndPlaceSurfacesLocked(WindowManagerService.java:8188)
W/WindowManager(16187): at com.android.server.wm.WindowManagerService.access$300(WindowManagerService.java:158)
W/WindowManager(16187): at com.android.server.wm.WindowManagerService$H.handleMessage(WindowManagerService.java:7222)
W/WindowManager(16187): at android.os.Handler.dispatchMessage(Handler.java:102)
W/WindowManager(16187): at android.os.Looper.loop(Looper.java:136)
W/WindowManager(16187): at android.os.HandlerThread.run(HandlerThread.java:61)
W/WindowManager(16187): This window was lost: Window{6678fa68 u0 Starting org.navitproject.navit}
W/WindowManager(16187): mDisplayId=0 mSession=Session{6660bee8 16187:1000} mClient=android.view.ViewRootImpl$W@66b8cae8
W/WindowManager(16187): mOwnerUid=1000 mShowToOwnerOnly=false package=org.navitproject.navit appop=NONE
W/WindowManager(16187): mAttrs=WM.LayoutParams{(0,0)(fillxfill) sim=#20 ty=3 fl=#1830118 pfl=0x19 wanim=0x1030001}
W/WindowManager(16187): Requested w=1080 h=1920 mLayoutSeq=4189
W/WindowManager(16187): mBaseLayer=21000 mSubLayer=0 mAnimLayer=21090+1000=21090 mLastLayer=22090
W/WindowManager(16187): mToken=AppWindowToken{6597cb70 token=Token{66741440 ActivityRecord{668a70a0 u0 com.google.android.tts/.settings.CheckVoiceData t25}}}
W/WindowManager(16187): mRootToken=AppWindowToken{6597cb70 token=Token{66741440 ActivityRecord{668a70a0 u0 com.google.android.tts/.settings.CheckVoiceData t25}}}
W/WindowManager(16187): mAppToken=AppWindowToken{6597cb70 token=Token{66741440 ActivityRecord{668a70a0 u0 com.google.android.tts/.settings.CheckVoiceData t25}}}
W/WindowManager(16187): mViewVisibility=0x0 mHaveFrame=true mObscured=false
W/WindowManager(16187): mSeq=0 mSystemUiVisibility=0x0
W/WindowManager(16187): mGivenContentInsets=[0,0][0,0] mGivenVisibleInsets=[0,0][0,0]
W/WindowManager(16187): mConfiguration={1.0 262mcc7mnc de_DE ldltr sw360dp w360dp h615dp 480dpi nrml long port finger -keyb/v/h -nav/h s.12}
W/WindowManager(16187): mHasSurface=true mShownFrame=[0.0,0.0][1080.0,1920.0] isReadyForDisplay()=false
W/WindowManager(16187): mFrame=[0,0][1080,1920] last=[0,0][1080,1920]
W/WindowManager(16187): mSystemDecorRect=[0,0][1080,1920] last=[0,0][1080,1920]
W/WindowManager(16187): Frames: containing=[0,0][1080,1920] parent=[0,0][1080,1920]
W/WindowManager(16187): display=[0,0][1080,1920] overscan=[0,0][1080,1920]
W/WindowManager(16187): content=[0,75][1080,1920] visible=[0,75][1080,1920]
W/WindowManager(16187): decor=[0,0][1080,1920]
W/WindowManager(16187): Cur insets: overscan=[0,0][0,0] content=[0,75][0,0] visible=[0,75][0,0]
W/WindowManager(16187): Lst insets: overscan=[0,0][0,0] content=[0,75][0,0] visible=[0,75][0,0]
W/WindowManager(16187): WindowStateAnimator{66cf8e20 Starting org.navitproject.navit}:
W/WindowManager(16187): mSurface=Surface(name=Starting org.navitproject.navit)
W/WindowManager(16187): mDrawState=HAS_DRAWN mLastHidden=true
W/WindowManager(16187): Surface: shown=false layer=22090 alpha=1.0 rect=(0.0,0.0) 1080.0 x 1920.0
W/WindowManager(16187): mGlobalScale=1.0 mDsDx=1.0 mDtDx=0.0 mDsDy=0.0 mDtDy=1.0
W/WindowManager(16187): mExiting=false mRemoveOnExit=false mDestroying=true mRemoved=false
W/WindowManager(16187): Current app token list:
V/WindowManager(16187): Display 0
V/WindowManager(16187): #19: Token{66c0e340 ActivityRecord{66ce2078 u0 org.navitproject.navit/.Navit t25}}
V/WindowManager(16187): #18: Token{65efc0d8 ActivityRecord{65b64eb8 u0 com.google.android.googlequicksearchbox/com.google.android.launcher.GEL t1}}
V/WindowManager(16187): #17: Token{66bf50b8 ActivityRecord{66bf4f58 u0 de.spiegel.android.app.spon/de.spiegel.android.lib.spon.activities.SponWebViewActivity t17}}
V/WindowManager(16187): #16: Token{6621f6e0 ActivityRecord{6621efd0 u0 de.spiegel.android.app.spon/de.spiegel.android.lib.spon.activities.SponHomePageActivity t17}}
V/WindowManager(16187): #15: Token{6623db90 ActivityRecord{667e84a8 u0 com.android.chrome/com.google.android.apps.chrome.ChromeTabbedActivity t16}}
V/WindowManager(16187): #14: Token{66836080 ActivityRecord{6639b0f8 u0 com.fsck.k9/.activity.MessageList t18}}
V/WindowManager(16187): #13: Token{664cca10 ActivityRecord{65b872c0 u0 com.fsck.k9/.activity.FolderList t18}}
V/WindowManager(16187): #12: Token{6647fa28 ActivityRecord{662b44b0 u0 net.osmand/.plus.activities.MapActivity t10}}
V/WindowManager(16187): #11: Token{66d20cc0 ActivityRecord{66d20b60 u0 net.osmand/.plus.activities.MainMenuActivity t10}}
V/WindowManager(16187): #10: Token{66db3c30 ActivityRecord{66db3ad0 u0 com.android.settings/.Settings$WifiSettingsActivity t19}}
V/WindowManager(16187): #9: Token{66599a88 ActivityRecord{66388b88 u0 com.yelp.android/.ui.activities.ActivityLogin t13}}
V/WindowManager(16187): #8: Token{665ea2f8 ActivityRecord{665ea198 u0 com.yelp.android/.ui.activities.businesspage.ActivityBusinessPage t13}}
V/WindowManager(16187): #7: Token{66b3c9a0 ActivityRecord{66593508 u0 com.yelp.android/.ui.activities.search.SearchBusinessesByList t13}}
V/WindowManager(16187): #6: Token{662d92e0 ActivityRecord{66431d20 u0 com.yelp.android/.ui.activities.ActivityHome t13}}
V/WindowManager(16187): #5: Token{66ac9a88 ActivityRecord{66ac9928 u0 com.android.systemui/.recent.RecentsActivity t24}}
V/WindowManager(16187): #4: Token{66296688 ActivityRecord{662226f0 u0 com.google.android.googlequicksearchbox/com.google.android.velvet.ui.VelvetActivity t21}}
V/WindowManager(16187): #3: Token{6636e3b8 ActivityRecord{66ba87b8 u0 ch.corridor5.opm/.SwissOnAndroid t22}}
V/WindowManager(16187): #2: Token{666eb748 ActivityRecord{65cc0688 u0 web.oss.sshsftpDaemon/.MainActivity t15}}
V/WindowManager(16187): #1: Token{6621fad8 ActivityRecord{66552740 u0 com.finalwin.filemanager/.ui.FileListActivity t14}}
V/WindowManager(16187): #0: Token{66304900 ActivityRecord{66234eb8 u0 com.finalwin.filemanager/.ui.VersionProMainActivity t14}}
W/WindowManager(16187): Final window list:
V/WindowManager(16187): #0: Window{6656e460 u0 StatusBar}
V/WindowManager(16187): #1: Window{65bd7fb8 u0 Keyguard}
V/WindowManager(16187): #2: Window{6660edc8 u0 KeyguardScrim}
V/WindowManager(16187): #3: Window{66cbd100 u0 InputMethod}
V/WindowManager(16187): #4: Window{66b0f3e0 u0 org.navitproject.navit/org.navitproject.navit.Navit}
V/WindowManager(16187): #5: Window{662621c8 u0 com.google.android.googlequicksearchbox/com.google.android.launcher.GEL}
V/WindowManager(16187): #6: Window{6595d1f8 u0 de.spiegel.android.app.spon/de.spiegel.android.lib.spon.activities.SponWebViewActivity}
V/WindowManager(16187): #7: Window{66529920 u0 de.spiegel.android.app.spon/de.spiegel.android.lib.spon.activities.SponHomePageActivity}
V/WindowManager(16187): #8: Window{665ad928 u0 com.android.chrome/com.google.android.apps.chrome.ChromeTabbedActivity}
V/WindowManager(16187): #9: Window{66658d38 u0 SurfaceView}
V/WindowManager(16187): #10: Window{667ec898 u0 com.fsck.k9/com.fsck.k9.activity.MessageList}
V/WindowManager(16187): #11: Window{66adfc78 u0 net.osmand/net.osmand.plus.activities.MapActivity}
V/WindowManager(16187): #12: Window{66b6ce68 u0 SurfaceView}
V/WindowManager(16187): #13: Window{667b49d0 u0 com.android.settings/com.android.settings.Settings$WifiSettingsActivity}
V/WindowManager(16187): #14: Window{66271e80 u0 com.yelp.android/com.yelp.android.ui.activities.ActivityLogin}
V/WindowManager(16187): #15: Window{66884658 u0 com.yelp.android/com.yelp.android.ui.activities.businesspage.ActivityBusinessPage}
V/WindowManager(16187): #16: Window{66bfc7e0 u0 com.yelp.android/com.yelp.android.ui.activities.search.SearchBusinessesByList}
V/WindowManager(16187): #17: Window{66372c68 u0 com.yelp.android/com.yelp.android.ui.activities.ActivityHome}
V/WindowManager(16187): #18: Window{6621f260 u0 com.android.systemui/com.android.systemui.recent.RecentsActivity}
V/WindowManager(16187): #19: Window{66648480 u0 com.google.android.googlequicksearchbox/com.google.android.velvet.ui.VelvetActivity}
V/WindowManager(16187): #20: Window{66b81a18 u0 ch.corridor5.opm/ch.corridor5.opm.SwissOnAndroid}
V/WindowManager(16187): #21: Window{661d14f0 u0 com.android.phasebeamorange.PhaseBeamWallpaper}
D/StatusBar.NetworkController(16454): onSignalStrengthsChanged signalStrength=SignalStrength: 11 0 -120 -160 -120 -1 -1 99 2147483647 2147483647 2147483647 2147483647 2147483647 gsm|lte 0x0 level=3
D/StatusBar.NetworkController(16454): refreshViews connected={ wifi } level=3 combinedSignalIconId=0x7f0200a0/com.android.systemui:drawable/stat_sys_wifi_signal_0 mobileLabel=maXXim wifiLabel="FairSpot_FREE"xxxxXXXXxxxxXXXX emergencyOnly=false combinedLabel="FairSpot_FREE"xxxxXXXXxxxxXXXX mAirplaneMode=false mDataActivity=0 mPhoneSignalIconId=0x7f02009a mQSPhoneSignalIconId=0x7f020045 mDataDirectionIconId=0x0 mDataSignalIconId=0x7f02009a mDataTypeIconId=0x7f02008e mQSDataTypeIconId=0x7f02004b mNoSimIconId=0x0 mWifiIconId=0x7f0200a0 mQSWifiIconId=0x7f020058 mBluetoothTetherIconId=0x10805d0
V/QcrilMsgTunnelSocket(18482): After reading offset = 0 remaining = 4 countRead = 4
D/QcrilMsgTunnelSocket(18482): messageLength extracted from first 4 inputStream reads = 29
V/QcrilMsgTunnelSocket(18482): offset = 0 remaining = 29 countRead = 0
V/QcrilMsgTunnelSocket(18482): offset = 0 remaining = 29 countRead = 29
D/QcrilMsgTunnelSocket(18482): readRilMessage: Buffer = [B@658eab30 HexData = [010000000404000011000000514f454d484f4f4bef0308000100000003]
V/QcrilMsgTunnelSocket(18482): Read packet: 29 bytes. Data Available = 32 Position = 0
D/QcrilMsgTunnelSocket(18482): processResponse. message type = 1. Data Available = 28
D/QcrilMsgTunnelSocket(18482): ByteArray from parcel = 514f454d484f4f4bef0308000100000003
D/QcrilMsgTunnelSocket(18482): Received RIL_UNSOL_OEM_HOOK_RAW message
D/QcrilMsgTunnelSocket(18482): Oem ID in RIL_UNSOL_OEM_HOOK_RAW is QOEMHOOK
D/QcrilMsgTunnelSocket(18482): OEM ID check Passed
D/QcrilMsgTunnelSocket(18482): Response ID in RIL_UNSOL_OEM_HOOK_RAW is 525295
D/QcrilMsgTunnelSocket(18482): Response ID 525295is not served in this process.
D/QcrilMsgTunnelSocket(18482): To broadcast an Intent via the notifier to external apps
V/QcrilMsgTunnelSocket(18482): Before reading offset = 0 remaining = 4 countRead = 0
D/QcrilMsgTunnelIfaceManager(18482): handleMessage what=0
D/QcrilMsgTunnelIfaceManager(18482): Broadcasting intent ACTION_UNSOL_RESPONSE_OEM_HOOK_RAW
I/patts ( 931): [android_project_file.cc:35] Loading "/data/data/com.google.android.tts/app_voices_v2/de-de-x-nfh-phone-hmm/roman_numeral_contexts.pb" ...
I/patts ( 931): [android_project_file.cc:35] Loading "/data/data/com.google.android.tts/app_voices_v2/de-de-x-nfh-phone-hmm/roman_numeral_android.far" ...
I/patts ( 931): [grm-manager.h:57] Loading FST archive from "/data/data/com.google.android.tts/app_voices_v2/de-de-x-nfh-phone-hmm/roman_numeral_android.far" ...
I/patts ( 931): [android_project_file.cc:35] Loading "/data/data/com.google.android.tts/app_voices_v2/de-de-x-nfh-phone-hmm/lseq_compact_model_farm32.pb" ...
I/patts ( 931): [android_project_file.cc:35] Loading "/data/data/com.google.android.tts/app_voices_v2/de-de-x-nfh-phone-hmm/feats_android.far" ...
I/patts ( 931): [grm-manager.h:57] Loading FST archive from "/data/data/com.google.android.tts/app_voices_v2/de-de-x-nfh-phone-hmm/feats_android.far" ...
I/patts ( 931): [ranker.cc:106] LinearLseqRanker: using FarmHash32
I/patts ( 931): [android_project_file.cc:35] Loading "/data/data/com.google.android.tts/app_voices_v2/de-de-x-nfh-phone-hmm/verbalize_android.far" ...
I/patts ( 931): [grm-manager.h:57] Loading FST archive from "/data/data/com.google.android.tts/app_voices_v2/de-de-x-nfh-phone-hmm/verbalize_android.far" ...
I/patts ( 931): [android_project_file.cc:35] Loading "/data/data/com.google.android.tts/app_voices_v2/de-de-x-nfh-phone-hmm/textnorm_params.pb" ...
I/patts ( 931): [android_project_file.cc:35] Loading "/data/data/com.google.android.tts/app_voices_v2/de-de-x-nfh-phone-hmm/resolve_homographs_simple_de.pb" ...
I/patts ( 931): [android_project_file.cc:35] Loading "/data/data/com.google.android.tts/app_voices_v2/de-de-x-nfh-phone-hmm/g2p_m3_syls0_stress0_de-DE.fst" ...
I/patts ( 931): [compact_fst.cc:31] Loading FST from "/data/data/com.google.android.tts/app_voices_v2/de-de-x-nfh-phone-hmm/g2p_m3_syls0_stress0_de-DE.fst" ...
E/LocSvc_adapter(16187): I/<--- void globalEventCb(locClientHandleType, uint32_t, locClientEventIndUnionType, void*) line 88 QMI_LOC_EVENT_NMEA_IND_V02
E/LocSvc_eng(16187): D/void loc_eng_deferred_action_thread(void*):1627] received msg_id = LOC_ENG_MSG_REPORT_NMEA context = 0x4b0c7e10
E/LocSvc_adapter(16187): I/<--- void globalEventCb(locClientHandleType, uint32_t, locClientEventIndUnionType, void*) line 88 QMI_LOC_EVENT_NMEA_IND_V02
E/LocSvc_eng(16187): D/void loc_eng_deferred_action_thread(void*):1627] received msg_id = LOC_ENG_MSG_REPORT_NMEA context = 0x4b0c7e10
E/LocSvc_adapter(16187): I/<--- void globalEventCb(locClientHandleType, uint32_t, locClientEventIndUnionType, void*) line 88 QMI_LOC_EVENT_NMEA_IND_V02
E/LocSvc_eng(16187): D/void loc_eng_deferred_action_thread(void*):1627] received msg_id = LOC_ENG_MSG_REPORT_NMEA context = 0x4b0c7e10
D/StatusBar.NetworkController(16454): refreshViews connected={ wifi } level=3 combinedSignalIconId=0x7f0200a0/com.android.systemui:drawable/stat_sys_wifi_signal_0 mobileLabel=maXXim wifiLabel="FairSpot_FREE"xxxxXXXXxxxxXXXX emergencyOnly=false combinedLabel="FairSpot_FREE"xxxxXXXXxxxxXXXX mAirplaneMode=false mDataActivity=0 mPhoneSignalIconId=0x7f02009a mQSPhoneSignalIconId=0x7f020045 mDataDirectionIconId=0x0 mDataSignalIconId=0x7f02009a mDataTypeIconId=0x7f02008e mQSDataTypeIconId=0x7f02004b mNoSimIconId=0x0 mWifiIconId=0x7f0200a0 mQSWifiIconId=0x7f020058 mBluetoothTetherIconId=0x10805d0
E/LocSvc_adapter(16187): I/<--- void globalEventCb(locClientHandleType, uint32_t, locClientEventIndUnionType, void*) line 88 QMI_LOC_EVENT_NMEA_IND_V02
E/LocSvc_eng(16187): D/void loc_eng_deferred_action_thread(void*):1627] received msg_id = LOC_ENG_MSG_REPORT_NMEA context = 0x4b0c7e10
E/LocSvc_adapter(16187): I/<--- void globalEventCb(locClientHandleType, uint32_t, locClientEventIndUnionType, void*) line 88 QMI_LOC_EVENT_NMEA_IND_V02
E/LocSvc_eng(16187): D/void loc_eng_deferred_action_thread(void*):1627] received msg_id = LOC_ENG_MSG_REPORT_NMEA context = 0x4b0c7e10
E/LocSvc_adapter(16187): I/<--- void globalEventCb(locClientHandleType, uint32_t, locClientEventIndUnionType, void*) line 88 QMI_LOC_EVENT_NMEA_IND_V02
E/LocSvc_eng(16187): D/void loc_eng_deferred_action_thread(void*):1627] received msg_id = LOC_ENG_MSG_REPORT_NMEA context = 0x4b0c7e10
E/LocSvc_adapter(16187): I/<--- void globalEventCb(locClientHandleType, uint32_t, locClientEventIndUnionType, void*) line 88 QMI_LOC_EVENT_GNSS_SV_INFO_IND_V02
E/LocSvc_adapter(16187): I/num sv: 18 ephemeris mask: 1367877666 almanac mask: 51882822
E/LocSvc_adapter(16187): used in fix mask: 0
E/LocSvc_adapter(16187): sv: prn snr elevation azimuth
E/LocSvc_eng(16187): D/void loc_eng_deferred_action_thread(void*):1627] received msg_id = LOC_ENG_MSG_REPORT_SV context = 0x4b0c7e10
E/LocSvc_adapter(16187): I/<--- void globalEventCb(locClientHandleType, uint32_t, locClientEventIndUnionType, void*) line 88 QMI_LOC_EVENT_NMEA_IND_V02
E/LocSvc_eng(16187): D/void loc_eng_deferred_action_thread(void*):1627] received msg_id = LOC_ENG_MSG_REPORT_NMEA context = 0x4b0c7e10
E/LocSvc_adapter(16187): I/<--- void globalEventCb(locClientHandleType, uint32_t, locClientEventIndUnionType, void*) line 88 QMI_LOC_EVENT_NMEA_IND_V02
E/LocSvc_eng(16187): D/void loc_eng_deferred_action_thread(void*):1627] received msg_id = LOC_ENG_MSG_REPORT_NMEA context = 0x4b0c7e10
E/LocSvc_adapter(16187): I/<--- void globalEventCb(locClientHandleType, uint32_t, locClientEventIndUnionType, void*) line 88 QMI_LOC_EVENT_NMEA_IND_V02
E/LocSvc_eng(16187): D/void loc_eng_deferred_action_thread(void*):1627] received msg_id = LOC_ENG_MSG_REPORT_NMEA context = 0x4b0c7e10
E/LocSvc_adapter(16187): I/<--- void globalEventCb(locClientHandleType, uint32_t, locClientEventIndUnionType, void*) line 88 QMI_LOC_EVENT_NMEA_IND_V02
E/LocSvc_eng(16187): D/void loc_eng_deferred_action_thread(void*):1627] received msg_id = LOC_ENG_MSG_REPORT_NMEA context = 0x4b0c7e10
E/LocSvc_adapter(16187): I/<--- void globalEventCb(locClientHandleType, uint32_t, locClientEventIndUnionType, void*) line 88 QMI_LOC_EVENT_NMEA_IND_V02
E/LocSvc_eng(16187): D/void loc_eng_deferred_action_thread(void*):1627] received msg_id = LOC_ENG_MSG_REPORT_NMEA context = 0x4b0c7e10
E/LocSvc_adapter(16187): I/<--- void globalEventCb(locClientHandleType, uint32_t, locClientEventIndUnionType, void*) line 88 QMI_LOC_EVENT_NMEA_IND_V02
E/LocSvc_eng(16187): D/void loc_eng_deferred_action_thread(void*):1627] received msg_id = LOC_ENG_MSG_REPORT_NMEA context = 0x4b0c7e10
D/StatusBar.NetworkController(16454): refreshViews connected={ wifi } level=3 combinedSignalIconId=0x7f0200a1/com.android.systemui:drawable/stat_sys_wifi_signal_1_fully mobileLabel=maXXim wifiLabel="FairSpot_FREE"xxxxXXXXxxxxXXXX emergencyOnly=false combinedLabel="FairSpot_FREE"xxxxXXXXxxxxXXXX mAirplaneMode=false mDataActivity=0 mPhoneSignalIconId=0x7f02009a mQSPhoneSignalIconId=0x7f020045 mDataDirectionIconId=0x0 mDataSignalIconId=0x7f02009a mDataTypeIconId=0x7f02008e mQSDataTypeIconId=0x7f02004b mNoSimIconId=0x0 mWifiIconId=0x7f0200a1 mQSWifiIconId=0x7f02005d mBluetoothTetherIconId=0x10805d0
E/LocSvc_adapter(16187): I/<--- void globalEventCb(locClientHandleType, uint32_t, locClientEventIndUnionType, void*) line 88 QMI_LOC_EVENT_POSITION_REPORT_IND_V02
E/LocSvc_adapter(16187): D/Reporting postion from V2 Adapter
E/LocSvc_eng(16187): D/void loc_eng_deferred_action_thread(void*):1627] received msg_id = LOC_ENG_MSG_REPORT_POSITION context = 0x4b0c7e10
I/patts ( 931): [decoder_impl.cc:78] g2p FST: 59 graphemes, 48 phonemes (with special symbols)
D/SSRMv2:Monitor(16187): SIOP:: AP = 380, Prev AP = 330, Duration = 29420
D/SSRMv2:AmoledAdjustTimer(16187): prevTemp = 304, currTemp = 302, prevStep = 5, currStep = 5
I/patts ( 931): [jni_synthesizer_api.cc:76] Creating synthesizer in non-apk mode ...
I/patts ( 931): [android_project_file.cc:35] Loading "/data/data/com.google.android.tts/app_voices_v2/de-de-x-nfh-phone-hmm/engine_hmm_22050_ap-embedded_lsp.cfg" ...
I/patts ( 931): [embedded_hmm_synthesizer.cc:21] Embedded HMM synthesizer initialized.
I/patts ( 931): [android_project_file.cc:35] Loading "/data/data/com.google.android.tts/app_voices_v2/de-de-x-nfh-phone-hmm/phonology.cfg" ...
I/patts ( 931): [android_project_file.cc:35] Loading "/data/data/com.google.android.tts/app_voices_v2/de-de-x-nfh-phone-hmm/compile_hmm_phoneme.cfg" ...
I/patts ( 931): [android_project_file.cc:35] Loading "/data/data/com.google.android.tts/app_voices_v2/de-de-x-nfh-phone-hmm/engine_hmm_22050_ap-embedded_lsp.cfg" ...
I/patts ( 931): [android_project_file.cc:35] Loading "/data/data/com.google.android.tts/app_voices_v2/de-de-x-nfh-phone-hmm/patts1_hmm_voice_de_de_nfh_all_22050_phoneme_lsp_swop_ap_msd_bin_8bit.voice" ...
I/patts ( 931): [mmap_file_resource.cc:76] Mem-mapping /data/data/com.google.android.tts/app_voices_v2/de-de-x-nfh-phone-hmm/patts1_hmm_voice_de_de_nfh_all_22050_phoneme_lsp_swop_ap_msd_bin_8bit.voice ...
D/StatusBar.NetworkController(16454): onDataConnectionStateChanged: state=2 type=10
D/StatusBar.NetworkController(16454): refreshViews connected={ wifi data } level=3 combinedSignalIconId=0x7f0200a1/com.android.systemui:drawable/stat_sys_wifi_signal_1_fully mobileLabel=maXXim wifiLabel="FairSpot_FREE"xxxxXXXXxxxxXXXX emergencyOnly=false combinedLabel="FairSpot_FREE"xxxxXXXXxxxxXXXX mAirplaneMode=false mDataActivity=0 mPhoneSignalIconId=0x7f02009a mQSPhoneSignalIconId=0x7f020045 mDataDirectionIconId=0x7f02008e mDataSignalIconId=0x7f02009a mDataTypeIconId=0x7f02008e mQSDataTypeIconId=0x7f02004b mNoSimIconId=0x0 mWifiIconId=0x7f0200a1 mQSWifiIconId=0x7f02005d mBluetoothTetherIconId=0x10805d0
D/MobileDataStateTracker(16187): supl: Broadcast received: android.intent.action.ANY_DATA_STATE apnType=supl
D/MobileDataStateTracker(16187): supl: Received state=CONNECTED, old=CONNECTING, reason=connected
D/MobileDataStateTracker(16187): supl: setDetailed state, old =CONNECTING and new state=CONNECTED
D/ConnectivityService(16187): ConnectivityChange for mobile_supl: CONNECTED/CONNECTED
D/StatusBar.NetworkController(16454): onDataActivity: direction=0
D/StatusBar.NetworkController(16454): refreshViews connected={ wifi data } level=3 combinedSignalIconId=0x7f0200a1/com.android.systemui:drawable/stat_sys_wifi_signal_1_fully mobileLabel=maXXim wifiLabel="FairSpot_FREE"xxxxXXXXxxxxXXXX emergencyOnly=false combinedLabel="FairSpot_FREE"xxxxXXXXxxxxXXXX mAirplaneMode=false mDataActivity=0 mPhoneSignalIconId=0x7f02009a mQSPhoneSignalIconId=0x7f020045 mDataDirectionIconId=0x7f02008e mDataSignalIconId=0x7f02009a mDataTypeIconId=0x7f02008e mQSDataTypeIconId=0x7f02004b mNoSimIconId=0x0 mWifiIconId=0x7f0200a1 mQSWifiIconId=0x7f02005d mBluetoothTetherIconId=0x10805d0
I/art (16641): Heap trim of managed (duration=8.819579ms, advised=2MB) and native (duration=4.760742ms, advised=4KB) heaps. Managed heap utilization of 23%.
E/ConnectivityService(16187): Exception trying to remove a route: java.lang.IllegalStateException: command '1007 interface route remove rmnet_usb0 default 0.0.0.0 0 10.185.187.177' failed with '400 1007 Failed to remove route from default table (No such process)'
D/Nat464Xlat(16187): requiresClat: netType=3, hasIPv4Address=true
D/MobileDataStateTracker(16187): default: setPolicyDataEnable(enabled=true)
D/MobileDataStateTracker(16187): default: setPolicyDataEnable(enabled=true)
D/ALSADevice(16033): standby: handle 0xb853ba68 h 0x0
V/ALSADevice(16033): standby handle h 0xb854d778
E/LocSvc_adapter(16187): I/<--- void globalEventCb(locClientHandleType, uint32_t, locClientEventIndUnionType, void*) line 88 QMI_LOC_EVENT_NMEA_IND_V02
E/LocSvc_eng(16187): D/void loc_eng_deferred_action_thread(void*):1627] received msg_id = LOC_ENG_MSG_REPORT_NMEA context = 0x4b0c7e10
E/LocSvc_adapter(16187): I/<--- void globalEventCb(locClientHandleType, uint32_t, locClientEventIndUnionType, void*) line 88 QMI_LOC_EVENT_NMEA_IND_V02
E/LocSvc_eng(16187): D/void loc_eng_deferred_action_thread(void*):1627] received msg_id = LOC_ENG_MSG_REPORT_NMEA context = 0x4b0c7e10
