I/DEBUG ( 205): bea37d38 44c2c0e4 489898f0 00000000 48683368
I/DEBUG ( 205):
I/DEBUG ( 205): code around pc:
I/DEBUG ( 205): 40081fac e8bd00f0 e3700a01 912fff1e e2600000
I/DEBUG ( 205): 40081fbc ea006e31 e92d50f0 e3a07f43 ef000000
I/DEBUG ( 205): 40081fcc e8bd50f0 e3700a01 912fff1e e2600000
I/DEBUG ( 205): 40081fdc ea006e29 e92d50f0 e3a070ee ef000000
I/DEBUG ( 205): 40081fec e8bd50f0 e3700a01 912fff1e e2600000
I/DEBUG ( 205): 40081ffc ea006e21 f200429a bf0080b9 f040f891
I/DEBUG ( 205): 4008200c 4001e92d f2c02a04 2a1080a5 8093f2c0
I/DEBUG ( 205): 4008201c f2c02a20 2a408088 ea4fdb7f f1bc1c92
I/DEBUG ( 205): 4008202c dd6c0f0a 0600e92d 0f40f1bc f500dd4a
I/DEBUG ( 205): 4008203c f5016e80 ebae7920 ea4f0e09 ea4f5e4e
I/DEBUG ( 205): 4008204c f50e5e5e ebbc7e20 dd3b1f9e f04fbfc4
I/DEBUG ( 205): 4008205c ebd9090a dd35199e 0a0eeb01 0a3ff02a
I/DEBUG ( 205): 4008206c 1c9eebac bfd245e1 0c09ebac f04f46e1
I/DEBUG ( 205): 4008207c f8910c00 f891f240 f921f280 f921028d
I/DEBUG ( 205): 4008208c f8da428d f1b93000 f9000901 f900028d
I/DEBUG ( 205): 4008209c f10a428d d1ee0a40 0f00f1bc f5bcd02b
I/DEBUG ( 205):
I/DEBUG ( 205): code around lr:
I/DEBUG ( 205): 40073004 447b4b13 42b3e010 6a1ed10e 44784811
I/DEBUG ( 205): 40073014 ec84f7fb ea0cf00d 46224631 efcef00e
I/DEBUG ( 205): 40073024 d00a3001 e00b2400 2b00681b 480ad1eb
I/DEBUG ( 205): 40073034 44782403 ec72f7fb f001e002 6804fa23
I/DEBUG ( 205): 40073044 fa20f001 46206005 bf00bd70 0003b39e
I/DEBUG ( 205): 40073054 0003b392 0003b38a 0003b366 bf7ef7ff
I/DEBUG ( 205): 40073064 4a3e4b3d e92d447b b08b43f0 4606589c
I/DEBUG ( 205): 40073074 6823460d 930946a1 fa04f001 8000f8d0
I/DEBUG ( 205): 40073084 d0482d00 f0104628 280ff889 d8444604
I/DEBUG ( 205): 40073094 ffe4f7ff d1064286 4629200f e8d6f00d
I/DEBUG ( 205): 400730a4 d03c2800 482ee02e f7fb4478 482debb6
I/DEBUG ( 205): 400730b4 e0154478 d11342b0 482b6a06 f7fb4478
I/DEBUG ( 205): 400730c4 4a2aec2e 46332120 a801447a f92af013
I/DEBUG ( 205): 400730d4 a8012101 fc48f01a 46061c42 e011d104
I/DEBUG ( 205): 400730e4 28006800 e02cd1e6 46294630 f00d4622
I/DEBUG ( 205): 400730f4 1c43e912 d11e4607 f9c4f001 29046801
I/DEBUG ( 205):
I/DEBUG ( 205): memory map around fault addr 00005c73:
I/DEBUG ( 205): (no map below)
I/DEBUG ( 205): (no map for address)
I/DEBUG ( 205): 40036000-40038000 r-x /system/bin/app_process
I/DEBUG ( 205): !@dumpstate -k -t -z -d -o /data/log/dumpstate_app_native -m 23667
I/BootReceiver(16187): Copying /data/tombstones/tombstone_03 to DropBox (SYSTEM_TOMBSTONE)
W/ActivityManager(16187): Force finishing activity org.navitproject.navit/.Navit
D/InputDispatcher(16187): Waiting for application to become ready for input: xxxx Reason: Waiting because the touched window is paused.
I/dumpstate(24284): begin
D/InputReader(16187): Input event: value=0 when=40529513100000
I/InputReader(16187): Touch event's action is 0x1 (deviceType=0) [pCnt=1, s=] when=40529513100000
I/dumpstate(24289): begin
I/dumpstate(24289): dumpstate is still running
W/qdhwcomposer( 211): Excessive delay reading vsync: took 1662 ms
E/LocSvc_adapter(16187): I/<--- void globalEventCb(locClientHandleType, uint32_t, locClientEventIndUnionType, void*) line 88 QMI_LOC_EVENT_NMEA_IND_V02
E/LocSvc_eng(16187): D/void loc_eng_deferred_action_thread(void*):1627] received msg_id = LOC_ENG_MSG_REPORT_NMEA context = 0x4b0c7e10
E/LocSvc_adapter(16187): I/<--- void globalEventCb(locClientHandleType, uint32_t, locClientEventIndUnionType, void*) line 88 QMI_LOC_EVENT_NMEA_IND_V02
E/LocSvc_eng(16187): D/void loc_eng_deferred_action_thread(void*):1627] received msg_id = LOC_ENG_MSG_REPORT_NMEA context = 0x4b0c7e10
E/LocSvc_adapter(16187): I/<--- void globalEventCb(locClientHandleType, uint32_t, locClientEventIndUnionType, void*) line 88 QMI_LOC_EVENT_NMEA_IND_V02
E/LocSvc_eng(16187): D/void loc_eng_deferred_action_thread(void*):1627] received msg_id = LOC_ENG_MSG_REPORT_NMEA context = 0x4b0c7e10
E/LocSvc_adapter(16187): I/<--- void globalEventCb(locClientHandleType, uint32_t, locClientEventIndUnionType, void*) line 88 QMI_LOC_EVENT_NMEA_IND_V02
E/LocSvc_eng(16187): D/void loc_eng_deferred_action_thread(void*):1627] received msg_id = LOC_ENG_MSG_REPORT_NMEA context = 0x4b0c7e10
E/LocSvc_adapter(16187): I/<--- void globalEventCb(locClientHandleType, uint32_t, locClientEventIndUnionType, void*) line 88 QMI_LOC_EVENT_NMEA_IND_V02
E/LocSvc_eng(16187): D/void loc_eng_deferred_action_thread(void*):1627] received msg_id = LOC_ENG_MSG_REPORT_NMEA context = 0x4b0c7e10
E/LocSvc_adapter(16187): I/<--- void globalEventCb(locClientHandleType, uint32_t, locClientEventIndUnionType, void*) line 88 QMI_LOC_EVENT_NMEA_IND_V02
E/LocSvc_eng(16187): D/void loc_eng_deferred_action_thread(void*):1627] received msg_id = LOC_ENG_MSG_REPORT_NMEA context = 0x4b0c7e10
E/LocSvc_adapter(16187): I/<--- void globalEventCb(locClientHandleType, uint32_t, locClientEventIndUnionType, void*) line 88 QMI_LOC_EVENT_GNSS_SV_INFO_IND_V02
E/LocSvc_adapter(16187): I/num sv: 18 ephemeris mask: 1367877666 almanac mask: 51882822
E/LocSvc_adapter(16187): used in fix mask: 51002000
E/LocSvc_adapter(16187): sv: prn snr elevation azimuth
E/LocSvc_adapter(16187): I/ 0: 14 29.200001 31.000000 254.000000
E/LocSvc_adapter(16187): I/ 1: 25 24.400000 75.000000 284.000000
E/LocSvc_adapter(16187): I/ 2: 29 20.799999 31.000000 212.000000
E/LocSvc_adapter(16187): I/ 3: 31 30.100000 23.000000 307.000000
E/LocSvc_adapter(16187): I/ 9: 78 17.400000 18.000000 312.000000
E/LocSvc_adapter(16187): I/ 10: 77 25.000000 72.000000 317.000000
E/LocSvc_adapter(16187): I/ 11: 69 22.000000 14.000000 354.000000
E/LocSvc_eng(16187): D/void loc_eng_deferred_action_thread(void*):1627] received msg_id = LOC_ENG_MSG_REPORT_SV context = 0x4b0c7e10
E/LocSvc_adapter(16187): I/<--- void globalEventCb(locClientHandleType, uint32_t, locClientEventIndUnionType, void*) line 88 QMI_LOC_EVENT_NMEA_IND_V02
E/LocSvc_eng(16187): D/void loc_eng_deferred_action_thread(void*):1627] received msg_id = LOC_ENG_MSG_REPORT_NMEA context = 0x4b0c7e10
E/LocSvc_adapter(16187): I/<--- void globalEventCb(locClientHandleType, uint32_t, locClientEventIndUnionType, void*) line 88 QMI_LOC_EVENT_NMEA_IND_V02
E/LocSvc_eng(16187): D/void loc_eng_deferred_action_thread(void*):1627] received msg_id = LOC_ENG_MSG_REPORT_NMEA context = 0x4b0c7e10
E/LocSvc_adapter(16187): I/<--- void globalEventCb(locClientHandleType, uint32_t, locClientEventIndUnionType, void*) line 88 QMI_LOC_EVENT_NMEA_IND_V02
E/LocSvc_eng(16187): D/void loc_eng_deferred_action_thread(void*):1627] received msg_id = LOC_ENG_MSG_REPORT_NMEA context = 0x4b0c7e10
E/LocSvc_adapter(16187): I/<--- void globalEventCb(locClientHandleType, uint32_t, locClientEventIndUnionType, void*) line 88 QMI_LOC_EVENT_NMEA_IND_V02
E/LocSvc_eng(16187): D/void loc_eng_deferred_action_thread(void*):1627] received msg_id = LOC_ENG_MSG_REPORT_NMEA context = 0x4b0c7e10
E/LocSvc_adapter(16187): I/<--- void globalEventCb(locClientHandleType, uint32_t, locClientEventIndUnionType, void*) line 88 QMI_LOC_EVENT_NMEA_IND_V02
E/LocSvc_eng(16187): D/void loc_eng_deferred_action_thread(void*):1627] received msg_id = LOC_ENG_MSG_REPORT_NMEA context = 0x4b0c7e10
E/LocSvc_adapter(16187): I/<--- void globalEventCb(locClientHandleType, uint32_t, locClientEventIndUnionType, void*) line 88 QMI_LOC_EVENT_NMEA_IND_V02
E/LocSvc_eng(16187): D/void loc_eng_deferred_action_thread(void*):1627] received msg_id = LOC_ENG_MSG_REPORT_NMEA context = 0x4b0c7e10
E/LocSvc_adapter(16187): I/<--- void globalEventCb(locClientHandleType, uint32_t, locClientEventIndUnionType, void*) line 88 QMI_LOC_EVENT_NMEA_IND_V02
E/LocSvc_eng(16187): D/void loc_eng_deferred_action_thread(void*):1627] received msg_id = LOC_ENG_MSG_REPORT_NMEA context = 0x4b0c7e10
E/LocSvc_adapter(16187): I/<--- void globalEventCb(locClientHandleType, uint32_t, locClientEventIndUnionType, void*) line 88 QMI_LOC_EVENT_GNSS_SV_INFO_IND_V02
E/LocSvc_adapter(16187): I/num sv: 18 ephemeris mask: 1367877666 almanac mask: 51882822
E/LocSvc_adapter(16187): used in fix mask: 51002000
E/LocSvc_adapter(16187): sv: prn snr elevation azimuth
E/LocSvc_adapter(16187): I/ 0: 14 29.200001 31.000000 254.000000
E/LocSvc_adapter(16187): I/ 1: 25 24.400000 75.000000 284.000000
E/LocSvc_adapter(16187): I/ 2: 29 20.799999 31.000000 212.000000
E/LocSvc_adapter(16187): I/ 3: 31 30.100000 23.000000 307.000000
E/LocSvc_adapter(16187): I/ 9: 78 17.400000 18.000000 312.000000
E/LocSvc_adapter(16187): I/ 10: 77 25.000000 72.000000 317.000000
E/LocSvc_adapter(16187): I/ 11: 69 22.000000 14.000000 354.000000
E/LocSvc_eng(16187): D/void loc_eng_deferred_action_thread(void*):1627] received msg_id = LOC_ENG_MSG_REPORT_SV context = 0x4b0c7e10
E/LocSvc_adapter(16187): I/<--- void globalEventCb(locClientHandleType, uint32_t, locClientEventIndUnionType, void*) line 88 QMI_LOC_EVENT_POSITION_REPORT_IND_V02
E/LocSvc_adapter(16187): D/Reporting postion from V2 Adapter
E/LocSvc_eng(16187): D/void loc_eng_deferred_action_thread(void*):1627] received msg_id = LOC_ENG_MSG_REPORT_POSITION context = 0x4b0c7e10
E/android.os.Debug(16187): !@Dumpstate > dumpstate -k -t -z -d -o /data/log/dumpstate_app_error
I/dumpstate(24298): begin
I/dumpstate(24298): dumpstate is still running
D/StatusBar.NetworkController(16454): onSignalStrengthsChanged signalStrength=SignalStrength: 9 0 -120 -160 -120 -1 -1 99 2147483647 2147483647 2147483647 2147483647 2147483647 gsm|lte 0x0 level=3
D/StatusBar.NetworkController(16454): refreshViews connected={ wifi } level=3 combinedSignalIconId=0x7f0200a1/com.android.systemui:drawable/stat_sys_wifi_signal_1_fully mobileLabel=maXXim wifiLabel="FairSpot_FREE"xxxxXXXXxxxxXXXX emergencyOnly=false combinedLabel="FairSpot_FREE"xxxxXXXXxxxxXXXX mAirplaneMode=false mDataActivity=0 mPhoneSignalIconId=0x7f02009a mQSPhoneSignalIconId=0x7f020045 mDataDirectionIconId=0x0 mDataSignalIconId=0x7f02009a mDataTypeIconId=0x7f02008e mQSDataTypeIconId=0x7f02004b mNoSimIconId=0x0 mWifiIconId=0x7f0200a1 mQSWifiIconId=0x7f02005d mBluetoothTetherIconId=0x10805d0
W/ActivityManager(16187): Activity pause timeout for ActivityRecord{66ce2078 u0 org.navitproject.navit/.Navit t25 f}
W/qdhwcomposer( 211): Excessive delay reading vsync: took 614 ms
E/LocSvc_adapter(16187): I/<--- void globalEventCb(locClientHandleType, uint32_t, locClientEventIndUnionType, void*) line 88 QMI_LOC_EVENT_NMEA_IND_V02
E/LocSvc_eng(16187): D/void loc_eng_deferred_action_thread(void*):1627] received msg_id = LOC_ENG_MSG_REPORT_NMEA context = 0x4b0c7e10
E/LocSvc_adapter(16187): I/<--- void globalEventCb(locClientHandleType, uint32_t, locClientEventIndUnionType, void*) line 88 QMI_LOC_EVENT_NMEA_IND_V02
E/LocSvc_eng(16187): D/void loc_eng_deferred_action_thread(void*):1627] received msg_id = LOC_ENG_MSG_REPORT_NMEA context = 0x4b0c7e10
E/LocSvc_adapter(16187): I/<--- void globalEventCb(locClientHandleType, uint32_t, locClientEventIndUnionType, void*) line 88 QMI_LOC_EVENT_NMEA_IND_V02
E/LocSvc_eng(16187): D/void loc_eng_deferred_action_thread(void*):1627] received msg_id = LOC_ENG_MSG_REPORT_NMEA context = 0x4b0c7e10
E/LocSvc_adapter(16187): I/<--- void globalEventCb(locClientHandleType, uint32_t, locClientEventIndUnionType, void*) line 88 QMI_LOC_EVENT_NMEA_IND_V02
E/LocSvc_eng(16187): D/void loc_eng_deferred_action_thread(void*):1627] received msg_id = LOC_ENG_MSG_REPORT_NMEA context = 0x4b0c7e10
E/LocSvc_adapter(16187): I/<--- void globalEventCb(locClientHandleType, uint32_t, locClientEventIndUnionType, void*) line 88 QMI_LOC_EVENT_NMEA_IND_V02
E/LocSvc_eng(16187): D/void loc_eng_deferred_action_thread(void*):1627] received msg_id = LOC_ENG_MSG_REPORT_NMEA context = 0x4b0c7e10
E/LocSvc_adapter(16187): I/<--- void globalEventCb(locClientHandleType, uint32_t, locClientEventIndUnionType, void*) line 88 QMI_LOC_EVENT_NMEA_IND_V02
E/LocSvc_eng(16187): D/void loc_eng_deferred_action_thread(void*):1627] received msg_id = LOC_ENG_MSG_REPORT_NMEA context = 0x4b0c7e10
E/LocSvc_adapter(16187): I/<--- void globalEventCb(locClientHandleType, uint32_t, locClientEventIndUnionType, void*) line 88 QMI_LOC_EVENT_GNSS_SV_INFO_IND_V02
E/LocSvc_adapter(16187): I/num sv: 18 ephemeris mask: 1367877666 almanac mask: 51882822
E/LocSvc_adapter(16187): used in fix mask: 51002000
E/LocSvc_adapter(16187): sv: prn snr elevation azimuth
E/LocSvc_adapter(16187): I/ 0: 14 29.100000 31.000000 254.000000
E/LocSvc_adapter(16187): I/ 1: 25 25.299999 75.000000 284.000000
E/LocSvc_adapter(16187): I/ 2: 29 20.500000 31.000000 212.000000
E/LocSvc_adapter(16187): I/ 3: 31 29.900000 23.000000 307.000000
E/LocSvc_adapter(16187): I/ 9: 78 17.299999 18.000000 312.000000
E/LocSvc_adapter(16187): I/ 10: 77 24.400000 72.000000 317.000000
E/LocSvc_adapter(16187): I/ 11: 69 21.400000 14.000000 354.000000
E/LocSvc_eng(16187): D/void loc_eng_deferred_action_thread(void*):1627] received msg_id = LOC_ENG_MSG_REPORT_SV context = 0x4b0c7e10
E/LocSvc_adapter(16187): I/<--- void globalEventCb(locClientHandleType, uint32_t, locClientEventIndUnionType, void*) line 88 QMI_LOC_EVENT_NMEA_IND_V02
E/LocSvc_eng(16187): D/void loc_eng_deferred_action_thread(void*):1627] received msg_id = LOC_ENG_MSG_REPORT_NMEA context = 0x4b0c7e10
E/LocSvc_adapter(16187): I/<--- void globalEventCb(locClientHandleType, uint32_t, locClientEventIndUnionType, void*) line 88 QMI_LOC_EVENT_NMEA_IND_V02
E/LocSvc_eng(16187): D/void loc_eng_deferred_action_thread(void*):1627] received msg_id = LOC_ENG_MSG_REPORT_NMEA context = 0x4b0c7e10
E/LocSvc_adapter(16187): I/<--- void globalEventCb(locClientHandleType, uint32_t, locClientEventIndUnionType, void*) line 88 QMI_LOC_EVENT_NMEA_IND_V02
E/LocSvc_eng(16187): D/void loc_eng_deferred_action_thread(void*):1627] received msg_id = LOC_ENG_MSG_REPORT_NMEA context = 0x4b0c7e10
E/LocSvc_adapter(16187): I/<--- void globalEventCb(locClientHandleType, uint32_t, locClientEventIndUnionType, void*) line 88 QMI_LOC_EVENT_NMEA_IND_V02
E/LocSvc_eng(16187): D/void loc_eng_deferred_action_thread(void*):1627] received msg_id = LOC_ENG_MSG_REPORT_NMEA context = 0x4b0c7e10
E/LocSvc_adapter(16187): I/<--- void globalEventCb(locClientHandleType, uint32_t, locClientEventIndUnionType, void*) line 88 QMI_LOC_EVENT_NMEA_IND_V02
E/LocSvc_eng(16187): D/void loc_eng_deferred_action_thread(void*):1627] received msg_id = LOC_ENG_MSG_REPORT_NMEA context = 0x4b0c7e10
E/LocSvc_adapter(16187): I/<--- void globalEventCb(locClientHandleType, uint32_t, locClientEventIndUnionType, void*) line 88 QMI_LOC_EVENT_NMEA_IND_V02
E/LocSvc_eng(16187): D/void loc_eng_deferred_action_thread(void*):1627] received msg_id = LOC_ENG_MSG_REPORT_NMEA context = 0x4b0c7e10
E/LocSvc_adapter(16187): I/<--- void globalEventCb(locClientHandleType, uint32_t, locClientEventIndUnionType, void*) line 88 QMI_LOC_EVENT_NMEA_IND_V02
E/LocSvc_eng(16187): D/void loc_eng_deferred_action_thread(void*):1627] received msg_id = LOC_ENG_MSG_REPORT_NMEA context = 0x4b0c7e10
E/LocSvc_adapter(16187): I/<--- void globalEventCb(locClientHandleType, uint32_t, locClientEventIndUnionType, void*) line 88 QMI_LOC_EVENT_GNSS_SV_INFO_IND_V02
E/LocSvc_adapter(16187): I/num sv: 18 ephemeris mask: 1367877666 almanac mask: 51882822
E/LocSvc_adapter(16187): used in fix mask: 51002000
E/LocSvc_adapter(16187): sv: prn snr elevation azimuth
E/LocSvc_adapter(16187): I/ 0: 14 29.100000 31.000000 254.000000
E/LocSvc_adapter(16187): I/ 1: 25 25.299999 75.000000 284.000000
E/LocSvc_adapter(16187): I/ 2: 29 20.500000 31.000000 212.000000
E/LocSvc_adapter(16187): I/ 3: 31 29.900000 23.000000 307.000000
E/LocSvc_adapter(16187): I/ 9: 78 17.299999 18.000000 312.000000
E/LocSvc_adapter(16187): I/ 10: 77 24.400000 72.000000 317.000000
E/LocSvc_adapter(16187): I/ 11: 69 21.400000 14.000000 354.000000
E/LocSvc_eng(16187): D/void loc_eng_deferred_action_thread(void*):1627] received msg_id = LOC_ENG_MSG_REPORT_SV context = 0x4b0c7e10
E/LocSvc_adapter(16187): I/<--- void globalEventCb(locClientHandleType, uint32_t, locClientEventIndUnionType, void*) line 88 QMI_LOC_EVENT_POSITION_REPORT_IND_V02
E/LocSvc_adapter(16187): D/Reporting postion from V2 Adapter
E/LocSvc_eng(16187): D/void loc_eng_deferred_action_thread(void*):1627] received msg_id = LOC_ENG_MSG_REPORT_POSITION context = 0x4b0c7e10
W/qdhwcomposer( 211): Excessive delay reading vsync: took 565 ms
E/LocSvc_adapter(16187): I/<--- void globalEventCb(locClientHandleType, uint32_t, locClientEventIndUnionType, void*) line 88 QMI_LOC_EVENT_NMEA_IND_V02
E/LocSvc_eng(16187): D/void loc_eng_deferred_action_thread(void*):1627] received msg_id = LOC_ENG_MSG_REPORT_NMEA context = 0x4b0c7e10
E/LocSvc_adapter(16187): I/<--- void globalEventCb(locClientHandleType, uint32_t, locClientEventIndUnionType, void*) line 88 QMI_LOC_EVENT_NMEA_IND_V02
E/LocSvc_eng(16187): D/void loc_eng_deferred_action_thread(void*):1627] received msg_id = LOC_ENG_MSG_REPORT_NMEA context = 0x4b0c7e10
E/LocSvc_adapter(16187): I/<--- void globalEventCb(locClientHandleType, uint32_t, locClientEventIndUnionType, void*) line 88 QMI_LOC_EVENT_NMEA_IND_V02
E/LocSvc_eng(16187): D/void loc_eng_deferred_action_thread(void*):1627] received msg_id = LOC_ENG_MSG_REPORT_NMEA context = 0x4b0c7e10
E/LocSvc_adapter(16187): I/<--- void globalEventCb(locClientHandleType, uint32_t, locClientEventIndUnionType, void*) line 88 QMI_LOC_EVENT_NMEA_IND_V02
E/LocSvc_eng(16187): D/void loc_eng_deferred_action_thread(void*):1627] received msg_id = LOC_ENG_MSG_REPORT_NMEA context = 0x4b0c7e10
E/LocSvc_adapter(16187): I/<--- void globalEventCb(locClientHandleType, uint32_t, locClientEventIndUnionType, void*) line 88 QMI_LOC_EVENT_NMEA_IND_V02
E/LocSvc_eng(16187): D/void loc_eng_deferred_action_thread(void*):1627] received msg_id = LOC_ENG_MSG_REPORT_NMEA context = 0x4b0c7e10
E/LocSvc_adapter(16187): I/<--- void globalEventCb(locClientHandleType, uint32_t, locClientEventIndUnionType, void*) line 88 QMI_LOC_EVENT_NMEA_IND_V02
E/LocSvc_eng(16187): D/void loc_eng_deferred_action_thread(void*):1627] received msg_id = LOC_ENG_MSG_REPORT_NMEA context = 0x4b0c7e10
E/LocSvc_adapter(16187): I/<--- void globalEventCb(locClientHandleType, uint32_t, locClientEventIndUnionType, void*) line 88 QMI_LOC_EVENT_GNSS_SV_INFO_IND_V02
E/LocSvc_adapter(16187): I/num sv: 18 ephemeris mask: 1367877666 almanac mask: 51882822
E/LocSvc_adapter(16187): used in fix mask: 51002000
E/LocSvc_adapter(16187): sv: prn snr elevation azimuth
E/LocSvc_adapter(16187): I/ 0: 14 29.600000 31.000000 254.000000
E/LocSvc_adapter(16187): I/ 1: 25 24.600000 75.000000 284.000000
E/LocSvc_adapter(16187): I/ 2: 29 19.500000 31.000000 212.000000
E/LocSvc_adapter(16187): I/ 3: 31 29.900000 23.000000 307.000000
E/LocSvc_adapter(16187): I/ 9: 78 18.900000 18.000000 312.000000
E/LocSvc_adapter(16187): I/ 10: 77 24.600000 72.000000 317.000000
E/LocSvc_adapter(16187): I/ 11: 69 22.400000 14.000000 354.000000
E/LocSvc_eng(16187): D/void loc_eng_deferred_action_thread(void*):1627] received msg_id = LOC_ENG_MSG_REPORT_SV context = 0x4b0c7e10
E/LocSvc_adapter(16187): I/<--- void globalEventCb(locClientHandleType, uint32_t, locClientEventIndUnionType, void*) line 88 QMI_LOC_EVENT_NMEA_IND_V02
E/LocSvc_eng(16187): D/void loc_eng_deferred_action_thread(void*):1627] received msg_id = LOC_ENG_MSG_REPORT_NMEA context = 0x4b0c7e10
E/LocSvc_adapter(16187): I/<--- void globalEventCb(locClientHandleType, uint32_t, locClientEventIndUnionType, void*) line 88 QMI_LOC_EVENT_NMEA_IND_V02
E/LocSvc_eng(16187): D/void loc_eng_deferred_action_thread(void*):1627] received msg_id = LOC_ENG_MSG_REPORT_NMEA context = 0x4b0c7e10
E/LocSvc_adapter(16187): I/<--- void globalEventCb(locClientHandleType, uint32_t, locClientEventIndUnionType, void*) line 88 QMI_LOC_EVENT_NMEA_IND_V02
E/LocSvc_eng(16187): D/void loc_eng_deferred_action_thread(void*):1627] received msg_id = LOC_ENG_MSG_REPORT_NMEA context = 0x4b0c7e10
E/LocSvc_adapter(16187): I/<--- void globalEventCb(locClientHandleType, uint32_t, locClientEventIndUnionType, void*) line 88 QMI_LOC_EVENT_NMEA_IND_V02
E/LocSvc_eng(16187): D/void loc_eng_deferred_action_thread(void*):1627] received msg_id = LOC_ENG_MSG_REPORT_NMEA context = 0x4b0c7e10
E/LocSvc_adapter(16187): I/<--- void globalEventCb(locClientHandleType, uint32_t, locClientEventIndUnionType, void*) line 88 QMI_LOC_EVENT_NMEA_IND_V02
E/LocSvc_eng(16187): D/void loc_eng_deferred_action_thread(void*):1627] received msg_id = LOC_ENG_MSG_REPORT_NMEA context = 0x4b0c7e10
E/LocSvc_adapter(16187): I/<--- void globalEventCb(locClientHandleType, uint32_t, locClientEventIndUnionType, void*) line 88 QMI_LOC_EVENT_NMEA_IND_V02
E/LocSvc_eng(16187): D/void loc_eng_deferred_action_thread(void*):1627] received msg_id = LOC_ENG_MSG_REPORT_NMEA context = 0x4b0c7e10
E/LocSvc_adapter(16187): I/<--- void globalEventCb(locClientHandleType, uint32_t, locClientEventIndUnionType, void*) line 88 QMI_LOC_EVENT_NMEA_IND_V02
E/LocSvc_eng(16187): D/void loc_eng_deferred_action_thread(void*):1627] received msg_id = LOC_ENG_MSG_REPORT_NMEA context = 0x4b0c7e10
E/LocSvc_adapter(16187): I/<--- void globalEventCb(locClientHandleType, uint32_t, locClientEventIndUnionType, void*) line 88 QMI_LOC_EVENT_GNSS_SV_INFO_IND_V02
E/LocSvc_adapter(16187): I/num sv: 18 ephemeris mask: 1367877666 almanac mask: 51882822
E/LocSvc_adapter(16187): used in fix mask: 51002000
E/LocSvc_adapter(16187): sv: prn snr elevation azimuth
E/LocSvc_adapter(16187): I/ 0: 14 29.600000 31.000000 254.000000
E/LocSvc_adapter(16187): I/ 1: 25 24.600000 75.000000 284.000000
E/LocSvc_adapter(16187): I/ 2: 29 19.500000 31.000000 212.000000
E/LocSvc_adapter(16187): I/ 3: 31 29.900000 23.000000 307.000000
E/LocSvc_adapter(16187): I/ 9: 78 18.900000 18.000000 312.000000
E/LocSvc_adapter(16187): I/ 10: 77 24.600000 72.000000 317.000000
E/LocSvc_adapter(16187): I/ 11: 69 22.400000 14.000000 354.000000
E/LocSvc_eng(16187): D/void loc_eng_deferred_action_thread(void*):1627] received msg_id = LOC_ENG_MSG_REPORT_SV context = 0x4b0c7e10
E/LocSvc_adapter(16187): I/<--- void globalEventCb(locClientHandleType, uint32_t, locClientEventIndUnionType, void*) line 88 QMI_LOC_EVENT_POSITION_REPORT_IND_V02
E/LocSvc_adapter(16187): D/Reporting postion from V2 Adapter
E/LocSvc_eng(16187): D/void loc_eng_deferred_action_thread(void*):1627] received msg_id = LOC_ENG_MSG_REPORT_POSITION context = 0x4b0c7e10
E/LocSvc_adapter(16187): I/<--- void globalEventCb(locClientHandleType, uint32_t, locClientEventIndUnionType, void*) line 88 QMI_LOC_EVENT_NMEA_IND_V02
E/LocSvc_eng(16187): D/void loc_eng_deferred_action_thread(void*):1627] received msg_id = LOC_ENG_MSG_REPORT_NMEA context = 0x4b0c7e10
E/LocSvc_adapter(16187): I/<--- void globalEventCb(locClientHandleType, uint32_t, locClientEventIndUnionType, void*) line 88 QMI_LOC_EVENT_NMEA_IND_V02
E/LocSvc_eng(16187): D/void loc_eng_deferred_action_thread(void*):1627] received msg_id = LOC_ENG_MSG_REPORT_NMEA context = 0x4b0c7e10
E/LocSvc_adapter(16187): I/<--- void globalEventCb(locClientHandleType, uint32_t, locClientEventIndUnionType, void*) line 88 QMI_LOC_EVENT_NMEA_IND_V02
E/LocSvc_eng(16187): D/void loc_eng_deferred_action_thread(void*):1627] received msg_id = LOC_ENG_MSG_REPORT_NMEA context = 0x4b0c7e10
E/LocSvc_adapter(16187): I/<--- void globalEventCb(locClientHandleType, uint32_t, locClientEventIndUnionType, void*) line 88 QMI_LOC_EVENT_NMEA_IND_V02
E/LocSvc_eng(16187): D/void loc_eng_deferred_action_thread(void*):1627] received msg_id = LOC_ENG_MSG_REPORT_NMEA context = 0x4b0c7e10
E/LocSvc_adapter(16187): I/<--- void globalEventCb(locClientHandleType, uint32_t, locClientEventIndUnionType, void*) line 88 QMI_LOC_EVENT_NMEA_IND_V02
E/LocSvc_eng(16187): D/void loc_eng_deferred_action_thread(void*):1627] received msg_id = LOC_ENG_MSG_REPORT_NMEA context = 0x4b0c7e10
E/LocSvc_adapter(16187): I/<--- void globalEventCb(locClientHandleType, uint32_t, locClientEventIndUnionType, void*) line 88 QMI_LOC_EVENT_NMEA_IND_V02
E/LocSvc_eng(16187): D/void loc_eng_deferred_action_thread(void*):1627] received msg_id = LOC_ENG_MSG_REPORT_NMEA context = 0x4b0c7e10
E/LocSvc_adapter(16187): I/<--- void globalEventCb(locClientHandleType, uint32_t, locClientEventIndUnionType, void*) line 88 QMI_LOC_EVENT_GNSS_SV_INFO_IND_V02
E/LocSvc_adapter(16187): I/num sv: 18 ephemeris mask: 1367877666 almanac mask: 51882822
E/LocSvc_adapter(16187): used in fix mask: 51002000
E/LocSvc_adapter(16187): sv: prn snr elevation azimuth
E/LocSvc_adapter(16187): I/ 0: 14 29.600000 31.000000 254.000000
E/LocSvc_adapter(16187): I/ 1: 25 25.900000 75.000000 284.000000
E/LocSvc_adapter(16187): I/ 2: 29 21.299999 31.000000 212.000000
E/LocSvc_adapter(16187): I/ 3: 31 30.200001 23.000000 307.000000
E/LocSvc_adapter(16187): I/ 9: 78 18.100000 18.000000 312.000000
E/LocSvc_adapter(16187): I/ 10: 77 24.700001 72.000000 317.000000
E/LocSvc_adapter(16187): I/ 11: 69 21.600000 14.000000 354.000000
E/LocSvc_eng(16187): D/void loc_eng_deferred_action_thread(void*):1627] received msg_id = LOC_ENG_MSG_REPORT_SV context = 0x4b0c7e10
E/LocSvc_adapter(16187): I/<--- void globalEventCb(locClientHandleType, uint32_t, locClientEventIndUnionType, void*) line 88 QMI_LOC_EVENT_NMEA_IND_V02
E/LocSvc_eng(16187): D/void loc_eng_deferred_action_thread(void*):1627] received msg_id = LOC_ENG_MSG_REPORT_NMEA context = 0x4b0c7e10
E/LocSvc_adapter(16187): I/<--- void globalEventCb(locClientHandleType, uint32_t, locClientEventIndUnionType, void*) line 88 QMI_LOC_EVENT_NMEA_IND_V02
E/LocSvc_eng(16187): D/void loc_eng_deferred_action_thread(void*):1627] received msg_id = LOC_ENG_MSG_REPORT_NMEA context = 0x4b0c7e10
E/LocSvc_adapter(16187): I/<--- void globalEventCb(locClientHandleType, uint32_t, locClientEventIndUnionType, void*) line 88 QMI_LOC_EVENT_NMEA_IND_V02
E/LocSvc_eng(16187): D/void loc_eng_deferred_action_thread(void*):1627] received msg_id = LOC_ENG_MSG_REPORT_NMEA context = 0x4b0c7e10
E/LocSvc_adapter(16187): I/<--- void globalEventCb(locClientHandleType, uint32_t, locClientEventIndUnionType, void*) line 88 QMI_LOC_EVENT_NMEA_IND_V02
E/LocSvc_eng(16187): D/void loc_eng_deferred_action_thread(void*):1627] received msg_id = LOC_ENG_MSG_REPORT_NMEA context = 0x4b0c7e10
E/LocSvc_adapter(16187): I/<--- void globalEventCb(locClientHandleType, uint32_t, locClientEventIndUnionType, void*) line 88 QMI_LOC_EVENT_NMEA_IND_V02
E/LocSvc_eng(16187): D/void loc_eng_deferred_action_thread(void*):1627] received msg_id = LOC_ENG_MSG_REPORT_NMEA context = 0x4b0c7e10
E/LocSvc_adapter(16187): I/<--- void globalEventCb(locClientHandleType, uint32_t, locClientEventIndUnionType, void*) line 88 QMI_LOC_EVENT_NMEA_IND_V02
E/LocSvc_eng(16187): D/void loc_eng_deferred_action_thread(void*):1627] received msg_id = LOC_ENG_MSG_REPORT_NMEA context = 0x4b0c7e10
E/LocSvc_adapter(16187): I/<--- void globalEventCb(locClientHandleType, uint32_t, locClientEventIndUnionType, void*) line 88 QMI_LOC_EVENT_NMEA_IND_V02
E/LocSvc_eng(16187): D/void loc_eng_deferred_action_thread(void*):1627] received msg_id = LOC_ENG_MSG_REPORT_NMEA context = 0x4b0c7e10
E/LocSvc_adapter(16187): I/<--- void globalEventCb(locClientHandleType, uint32_t, locClientEventIndUnionType, void*) line 88 QMI_LOC_EVENT_GNSS_SV_INFO_IND_V02
E/LocSvc_adapter(16187): I/num sv: 18 ephemeris mask: 1367877666 almanac mask: 51882822
E/LocSvc_adapter(16187): used in fix mask: 51002000
E/LocSvc_adapter(16187): sv: prn snr elevation azimuth
E/LocSvc_adapter(16187): I/ 0: 14 29.600000 31.000000 254.000000
E/LocSvc_adapter(16187): I/ 1: 25 25.900000 75.000000 284.000000
E/LocSvc_adapter(16187): I/ 2: 29 21.299999 31.000000 212.000000
E/LocSvc_adapter(16187): I/ 3: 31 30.200001 23.000000 307.000000
E/LocSvc_adapter(16187): I/ 9: 78 18.100000 18.000000 312.000000
E/LocSvc_adapter(16187): I/ 10: 77 24.700001 72.000000 317.000000
E/LocSvc_adapter(16187): I/ 11: 69 21.600000 14.000000 354.000000
E/LocSvc_eng(16187): D/void loc_eng_deferred_action_thread(void*):1627] received msg_id = LOC_ENG_MSG_REPORT_SV context = 0x4b0c7e10
E/LocSvc_adapter(16187): I/<--- void globalEventCb(locClientHandleType, uint32_t, locClientEventIndUnionType, void*) line 88 QMI_LOC_EVENT_POSITION_REPORT_IND_V02
E/LocSvc_adapter(16187): D/Reporting postion from V2 Adapter
E/LocSvc_eng(16187): D/void loc_eng_deferred_action_thread(void*):1627] received msg_id = LOC_ENG_MSG_REPORT_POSITION context = 0x4b0c7e10
D/InputReader(16187): Input event: value=1 when=40532863228000
I/InputReader(16187): Touch event's action is 0x0 (deviceType=0) [pCnt=1, s=0.3420 ] when=40532863289000
I/InputDispatcher(16187): Dropped event because the current application is not responding and the user has started interacting with a different application.
I/InputDispatcher(16187): Delivering touch to: action: 0x3
I/InputDispatcher(16187): Dropped event because the current application is not responding and the user has started interacting with a different application.
I/InputDispatcher(16187): Dropped event because the current application is not responding and the user has started interacting with a different application.
I/InputDispatcher(16187): Delivering touch to: action: 0x4
I/InputDispatcher(16187): Delivering touch to: action: 0x0
D/InputReader(16187): Input event: value=0 when=40532987954000
I/InputReader(16187): Touch event's action is 0x1 (deviceType=0) [pCnt=1, s=] when=40532987954000
I/InputDispatcher(16187): Delivering touch to: action: 0x1
V/AudioPolicyManagerBase(16033): getOutput() device 2, stream 1, samplingRate 0, format 0, channelMask 3, flags 0
V/AudioPolicyManagerBase(16033): getOutput() returns output 2
V/AudioPolicyManagerBase(16033): getOutput() device 2, stream 1, samplingRate 0, format 0, channelMask 3, flags 0
V/AudioPolicyManagerBase(16033): getOutput() returns output 2
V/AudioPolicyManagerBase(16033): getOutput() device 2, stream 1, samplingRate 48000, format 1, channelMask 3, flags 4
V/AudioPolicyManagerBase(16033): selectOutput() commonFlags for output 3, 0001
V/AudioPolicyManagerBase(16033): getOutput() returns output 3
V/AudioPolicyManagerBase(16033): startOutput() output 3, stream 1, session 454
V/AudioPolicyManagerBase(16033): changeRefCount() stream 1, count 1
E/AudioPolicyManagerBase(16033): unknown stream type
E/AudioPolicyManagerBase(16033): unknown stream type
E/AudioPolicyManagerBase(16033): unknown stream type
E/AudioPolicyManagerBase(16033): unknown stream type
E/AudioPolicyManagerBase(16033): unknown stream type
E/AudioPolicyManagerBase(16033): unknown stream type
E/AudioPolicyManagerBase(16033): unknown stream type
E/AudioPolicyManagerBase(16033): unknown stream type
E/AudioPolicyManagerBase(16033): unknown stream type
E/AudioPolicyManagerBase(16033): unknown stream type
E/AudioPolicyManagerBase(16033): unknown stream type
E/AudioPolicyManagerBase(16033): unknown stream type
E/AudioPolicyManagerBase(16033): unknown stream type
E/AudioPolicyManagerBase(16033): unknown stream type
E/AudioPolicyManagerBase(16033): unknown stream type
E/AudioPolicyManagerBase(16033): unknown stream type
V/AudioPolicyManagerBase(16033): getNewDevice() selected device 2
V/AudioPolicyManagerBase(16033): setOutputDevice() output 3 device 0002 force 0 delayMs 0
V/AudioPolicyManagerBase(16033): setOutputDevice() prevDevice 0002
V/AudioPolicyManagerBase(16033): setOutputDevice() setting same device 0002 or null device for output 3
V/AudioPolicyManagerBase(16033): releaseOutput() 3
D/ALSADevice(16033): route: devices 0x2 in mode 0
V/ALSADevice(16033): switchDevice: device 0x2 mode:0
V/ALSADevice(16033): getUCMDevice for output device: devices:2 is input device:0
V/ALSADevice(16033): getUCMDevice for input device: devices:0 is input device:1
D/ALSADevice(16033): No valid input device: 0
V/ALSADevice(16033): switchDevice,rxDev:Speaker, txDev:(null), curRxDev:Speaker, curTxDev:VR Main Mic
D/alsa_ucm(16033): snd_use_case_set(): uc_mgr 0xb8501808 identifier _enadev value Speaker
D/ALSADevice(16033): switchDevice: mCurTxUCMDevivce VR Main Mic mCurRxDevDevice Speaker inCallDevSwitch = 0
V/ALSADevice(16033): switchDevice Done
D/alsa_ucm(16033): snd_use_case_set(): uc_mgr 0xb8501808 identifier _verb value HiFi Lowlatency
D/alsa_ucm(16033): Set mixer controls for Speaker enable 1
D/alsa_ucm(16033): acdb_id 15 cap 1 enable 1
D/ACDB-LOADER(16033): ACDB -> send_audio_cal, acdb_id = 15, path = 0
D/ACDB-LOADER(16033): ACDB -> send_adm_topology
D/ACDB-LOADER(16033): ACDB -> ACDB_CMD_GET_AUDPROC_COMMON_TOPOLOGY_ID
D/ACDB-LOADER(16033): ACDB -> send_audtable
D/ACDB-LOADER(16033): ACDB -> ACDB_CMD_GET_AUDPROC_COMMON_TABLE
D/ACDB-LOADER(16033): ACDB -> AUDIO_SET_AUDPROC_CAL
D/ACDB-LOADER(16033): ACDB -> send_audvoltable
D/ACDB-LOADER(16033): ACDB -> ACDB_CMD_GET_AUDPROC_GAIN_DEP_VOLTBL_STEP_COPP
E/ACDB-LOADER(16033): Error: ACDB AudProc vol returned = -8
D/ACDB-LOADER(16033): ACDB -> AUDIO_SET_AUDPROC_VOL_CAL
D/ACDB-LOADER(16033): ACDB -> send_afe_cal
D/ACDB-LOADER(16033): ACDB -> ACDB_CMD_GET_AFE_COMMON_TABLE
D/ACDB-LOADER(16033): ACDB -> AUDIO_SET_AFE_CAL
D/alsa_ucm(16033): Setting mixer control: SLIM_0_RX Channels, value: Two
D/alsa_ucm(16033): Setting mixer control: RX5 MIX1 INP1, value: RX1
D/alsa_ucm(16033): Setting mixer control: RX5 MIX1 INP2, value: RX2
D/alsa_ucm(16033): Setting mixer control: RX6 DSM MUX, value: DSM_INV
D/alsa_ucm(16033): Setting multi value: LINEOUT2 Volume
D/alsa_ucm(16033): Setting multi value: LINEOUT4 Volume
D/alsa_ucm(16033): Setting multi value: RX5 Digital Volume
D/alsa_ucm(16033): Set mixer controls for HiFi Lowlatency enable 1
D/alsa_ucm(16033): Setting mixer control: SLIMBUS_0_RX Audio Mixer MultiMedia5, value: 1
D/ALSADevice(16033): close: handle 0xb853ba68 h 0x0
D/ALSADevice(16033): open: handle 0xb853ba68, format 0x2
V/ALSADevice(16033): Music case
D/ALSADevice(16033): Device value returned is hw:0,14
V/ALSADevice(16033): flags 0, devName hw:0,14
V/ALSADevice(16033): pcm_open returned fd 38
D/ALSADevice(16033): handle->format: 0x2
D/ALSADevice(16033): setHardwareParams: reqBuffSize 1024 channels 2 sampleRate 48000
D/ALSADevice(16033): setHardwareParams: buffer_size 2048, period_size 1024, period_cnt 2
I/HotwordRecognitionRnr(17139): Starting hotword detection.
I/MicrophoneInputStream(17139): mic_starting ela@65e0e958
V/AudioPolicyManagerBase(16033): getDeviceForInputSource()input source 1999, device 80000004
V/AudioPolicyManagerBase(16033): getInput() inputSource 1999, samplingRate 16000, format 1, channelMask 10, acoustics 0
D/AudioHardwareALSA(16033): openInputStream: devices 0x80000004 format 0x1 channels 16 sampleRate 16000
V/ALSADevice(16033): setFlags: flags 1000010
V/AudioHardwareALSA(16033): updated channel info: channels=1
V/ALSADevice(16033): mInChannels:1
D/ALSADevice(16033): route: devices 0x80000004 in mode 0
V/ALSADevice(16033): switchDevice: device 0x80000004 mode:0
V/ALSADevice(16033): getUCMDevice for output device: devices:0 is input device:0
D/ALSADevice(16033): No valid output device: 0
V/ALSADevice(16033): getUCMDevice for input device: devices:4 is input device:1
V/ALSADevice(16033): switchDevice,rxDev:(null), txDev:VR Main Mic, curRxDev:Speaker, curTxDev:VR Main Mic
D/alsa_ucm(16033): snd_use_case_set(): uc_mgr 0xb8501808 identifier _enadev value VR Main Mic
D/ALSADevice(16033): switchDevice: mCurTxUCMDevivce VR Main Mic mCurRxDevDevice Speaker inCallDevSwitch = 0
D/ALSADevice(16033): switchDevice:use device 80000004 for channels:1 usecase:Capture Music
E/ACDB-LOADER(16033): Error: ACDB EC_REF_RX returned = -8
V/ALSADevice(16033): switchDevice Done
D/alsa_ucm(16033): snd_use_case_set(): uc_mgr 0xb8501808 identifier _enamod value Capture Music
D/alsa_ucm(16033): Set mixer controls for VR Main Mic enable 1
D/alsa_ucm(16033): acdb_id 53 cap 2 enable 1
D/ACDB-LOADER(16033): ACDB -> send_audio_cal, acdb_id = 53, path = 1
D/ACDB-LOADER(16033): ACDB -> send_adm_topology
D/ACDB-LOADER(16033): ACDB -> ACDB_CMD_GET_AUDPROC_COMMON_TOPOLOGY_ID
D/ACDB-LOADER(16033): ACDB -> send_audtable
D/ACDB-LOADER(16033): ACDB -> ACDB_CMD_GET_AUDPROC_COMMON_TABLE
D/ACDB-LOADER(16033): ACDB -> AUDIO_SET_AUDPROC_CAL
D/ACDB-LOADER(16033): ACDB -> send_audvoltable
D/ACDB-LOADER(16033): ACDB -> ACDB_CMD_GET_AUDPROC_GAIN_DEP_VOLTBL_STEP_COPP
E/ACDB-LOADER(16033): Error: ACDB AudProc vol returned = -8
D/ACDB-LOADER(16033): ACDB -> AUDIO_SET_AUDPROC_VOL_CAL
D/ACDB-LOADER(16033): ACDB -> AUDIO_SET_AFE_CAL
D/alsa_ucm(16033): Setting mixer control: SLIM_0_TX Channels, value: One
D/alsa_ucm(16033): Setting mixer control: SLIM TX7 MUX, value: DEC4
D/alsa_ucm(16033): Setting mixer control: DEC4 MUX, value: ADC3
D/alsa_ucm(16033): Setting multi value: ADC3 Volume
D/alsa_ucm(16033): Setting multi value: DEC4 Volume
D/alsa_ucm(16033): Set mixer controls for Capture Music enable 1
D/alsa_ucm(16033): Setting mixer control: MultiMedia1 Mixer SLIM_0_TX, value: 1
V/AudioHardwareALSA(16033): OpenInoutStream: getInputBufferSize sampleRate:16000 format:1, channels:1
D/ALSADevice(16033): close: handle 0xb854eb18 h 0x0
D/ALSADevice(16033): open: handle 0xb854eb18, format 0x2
D/ALSADevice(16033): Device value returned is hw:0,0
V/ALSADevice(16033): flags 11000000, devName hw:0,0
V/ALSADevice(16033): pcm_open returned fd 32
D/ALSADevice(16033): handle->format: 0x2
D/ALSADevice(16033): setHardwareParams: reqBuffSize 640 channels 1 sampleRate 16000
D/ALSADevice(16033): setHardwareParams: buffer_size 10240, period_size 640, period_cnt 16
D/AudioStreamInALSA(16033): standby
D/AudioStreamInALSA(16033): standby
D/ALSADevice(16033): standby: handle 0xb854eb18 h 0x0
V/ALSADevice(16033): standby handle h 0xb854abe0
V/AudioPolicyManagerBase(16033): startInput() input 456
V/AudioPolicyManagerBase(16033): getDeviceForInputSource()input source 1999, device 80000004
V/AudioPolicyManagerBase(16033): AudioPolicyManager::startInput() input source = 1999
D/alsa_ucm(16033): snd_use_case_set(): uc_mgr 0xb8501808 identifier _dismod value Capture Music
D/alsa_ucm(16033): Set mixer controls for Capture Music enable 0
D/alsa_ucm(16033): Setting mixer control: MultiMedia1 Mixer SLIM_0_TX, value: 0
V/ALSADevice(16033): use case is HiFi Lowlatency
V/ALSADevice(16033): Number of modifiers 0
V/ALSADevice(16033): usecase_type is 1
D/alsa_ucm(16033): snd_use_case_set(): uc_mgr 0xb8501808 identifier _disdev value VR Main Mic
D/alsa_ucm(16033): Set mixer controls for VR Main Mic enable 0
D/alsa_ucm(16033): Setting mixer control: SLIM TX7 MUX, value: ZERO
D/alsa_ucm(16033): Setting mixer control: DEC4 MUX, value: ZERO
D/alsa_ucm(16033): Setting mixer control: ADC3 Volume, value: 0
D/alsa_ucm(16033): Setting mixer control: DEC4 Volume, value: 67
D/AudioStreamInALSA(16033): setParameters, keyValuePairs is input_source=6;routing=-2147483644
I/samsungRecord(16033): [samsungrecord] SamsungRecInit
I/samsungRecord(16033): 1
D/ALSADevice(16033): setInputSource 6
D/ALSAStreamOps(16033): setParameters(): keyRouting with device 0x80000004
D/ALSAStreamOps(16033): setParameters(): keyRouting with device 0x80000004
V/ALSADevice(16033): setFlags: flags 1000010
V/AudioHardwareALSA(16033): device = 0x80000004,mCurDevice 0x80000004 mCurRxDevice 0x2 mCurTxDevice 0x0
V/AudioHardwareALSA(16033): doRouting: device 0x80000004 newMode 0 mCSCallActive 0 mVolteCallActive 0
V/ALSADevice(16033): mInChannels:1
D/ALSADevice(16033): route: devices 0x80000004 in mode 0
V/ALSADevice(16033): switchDevice: device 0x80000004 mode:0
V/ALSADevice(16033): getUCMDevice for output device: devices:0 is input device:0
D/ALSADevice(16033): No valid output device: 0
V/ALSADevice(16033): getUCMDevice for input device: devices:4 is input device:1
V/ALSADevice(16033): switchDevice,rxDev:(null), txDev:VR Main Mic, curRxDev:Speaker, curTxDev:VR Main Mic
D/alsa_ucm(16033): snd_use_case_set(): uc_mgr 0xb8501808 identifier _enadev value VR Main Mic
D/ALSADevice(16033): switchDevice: mCurTxUCMDevivce VR Main Mic mCurRxDevDevice Speaker inCallDevSwitch = 0
D/ALSADevice(16033): switchDevice:use device 80000004 for channels:1 usecase:Capture Music
E/ACDB-LOADER(16033): Error: ACDB EC_REF_RX returned = -8
V/ALSADevice(16033): switchDevice Done
D/ALSADevice(16033): route: devices 0x80000004 in mode 0
V/ALSADevice(16033): switchDevice: device 0x80000004 mode:0
V/ALSADevice(16033): getUCMDevice for output device: devices:0 is input device:0
D/ALSADevice(16033): No valid output device: 0
V/ALSADevice(16033): getUCMDevice for input device: devices:4 is input device:1
V/ALSADevice(16033): switchDevice,rxDev:(null), txDev:VR Main Mic, curRxDev:Speaker, curTxDev:VR Main Mic
D/alsa_ucm(16033): snd_use_case_set(): uc_mgr 0xb8501808 identifier _enadev value VR Main Mic
D/ALSADevice(16033): switchDevice: mCurTxUCMDevivce VR Main Mic mCurRxDevDevice Speaker inCallDevSwitch = 0
D/ALSADevice(16033): switchDevice:use device 80000004 for channels:1 usecase:Capture Music
E/ACDB-LOADER(16033): Error: ACDB EC_REF_RX returned = -8
V/ALSADevice(16033): switchDevice Done
D/alsa_ucm(16033): snd_use_case_set(): uc_mgr 0xb8501808 identifier _enamod value Capture Music
D/alsa_ucm(16033): Set mixer controls for VR Main Mic enable 1
D/alsa_ucm(16033): acdb_id 53 cap 2 enable 1
D/ACDB-LOADER(16033): ACDB -> send_audio_cal, acdb_id = 53, path = 1
D/ACDB-LOADER(16033): ACDB -> send_adm_topology
D/ACDB-LOADER(16033): ACDB -> ACDB_CMD_GET_AUDPROC_COMMON_TOPOLOGY_ID
D/ACDB-LOADER(16033): ACDB -> send_audtable
D/ACDB-LOADER(16033): ACDB -> ACDB_CMD_GET_AUDPROC_COMMON_TABLE
D/ACDB-LOADER(16033): ACDB -> AUDIO_SET_AUDPROC_CAL
D/ACDB-LOADER(16033): ACDB -> send_audvoltable
D/ACDB-LOADER(16033): ACDB -> ACDB_CMD_GET_AUDPROC_GAIN_DEP_VOLTBL_STEP_COPP
E/ACDB-LOADER(16033): Error: ACDB AudProc vol returned = -8
D/ACDB-LOADER(16033): ACDB -> AUDIO_SET_AUDPROC_VOL_CAL
D/ACDB-LOADER(16033): ACDB -> AUDIO_SET_AFE_CAL
D/alsa_ucm(16033): Setting mixer control: SLIM_0_TX Channels, value: One
D/alsa_ucm(16033): Setting mixer control: SLIM TX7 MUX, value: DEC4
D/alsa_ucm(16033): Setting mixer control: DEC4 MUX, value: ADC3
D/alsa_ucm(16033): Setting multi value: ADC3 Volume
D/alsa_ucm(16033): Setting multi value: DEC4 Volume
D/alsa_ucm(16033): Set mixer controls for Capture Music enable 1
D/alsa_ucm(16033): Setting mixer control: MultiMedia1 Mixer SLIM_0_TX, value: 1
D/ALSADevice(16033): close: handle 0xb854eb18 h 0x0
D/ALSADevice(16033): open: handle 0xb854eb18, format 0x2
D/ALSADevice(16033): Device value returned is hw:0,0
V/ALSADevice(16033): flags 11000000, devName hw:0,0
V/ALSADevice(16033): pcm_open returned fd 39
D/ALSADevice(16033): handle->format: 0x2
D/ALSADevice(16033): setHardwareParams: reqBuffSize 640 channels 1 sampleRate 16000
D/ALSADevice(16033): setHardwareParams: buffer_size 10240, period_size 640, period_cnt 16
I/HotwordWorker(17139): #onHotwordDetectorStarted
E/LocSvc_eng(16187): D/void loc_eng_deferred_action_thread(void*):1627] received msg_id = LOC_ENG_MSG_INJECT_LOCATION context = 0x4b0c7e10
V/AudioPolicyManagerBase(16033): stopOutput() output 3, stream 1, session 454
V/AudioPolicyManagerBase(16033): changeRefCount() stream 1, count 0
E/AudioPolicyManagerBase(16033): unknown stream type
E/AudioPolicyManagerBase(16033): unknown stream type
E/AudioPolicyManagerBase(16033): unknown stream type
E/AudioPolicyManagerBase(16033): unknown stream type
E/AudioPolicyManagerBase(16033): unknown stream type
E/AudioPolicyManagerBase(16033): unknown stream type
E/AudioPolicyManagerBase(16033): unknown stream type
E/AudioPolicyManagerBase(16033): unknown stream type
E/AudioPolicyManagerBase(16033): unknown stream type
E/AudioPolicyManagerBase(16033): unknown stream type
E/AudioPolicyManagerBase(16033): unknown stream type
E/AudioPolicyManagerBase(16033): unknown stream type
E/AudioPolicyManagerBase(16033): unknown stream type
E/AudioPolicyManagerBase(16033): unknown stream type
E/AudioPolicyManagerBase(16033): unknown stream type
E/AudioPolicyManagerBase(16033): unknown stream type
E/AudioPolicyManagerBase(16033): unknown stream type
E/AudioPolicyManagerBase(16033): unknown stream type
E/AudioPolicyManagerBase(16033): unknown stream type
E/AudioPolicyManagerBase(16033): unknown stream type
E/AudioPolicyManagerBase(16033): unknown stream type
E/AudioPolicyManagerBase(16033): unknown stream type
E/AudioPolicyManagerBase(16033): unknown stream type
E/AudioPolicyManagerBase(16033): unknown stream type
V/AudioPolicyManagerBase(16033): getNewDevice() selected device 0
V/AudioPolicyManagerBase(16033): setOutputDevice() output 3 device 0000 force 0 delayMs 128
V/AudioPolicyManagerBase(16033): setOutputDevice() prevDevice 0002
E/AudioPolicyManagerBase(16033): unknown stream type
E/AudioPolicyManagerBase(16033): unknown stream type
E/AudioPolicyManagerBase(16033): unknown stream type
E/AudioPolicyManagerBase(16033): unknown stream type
E/AudioPolicyManagerBase(16033): unknown stream type
E/AudioPolicyManagerBase(16033): unknown stream type
E/AudioPolicyManagerBase(16033): unknown stream type
E/AudioPolicyManagerBase(16033): unknown stream type
V/AudioPolicyManagerBase(16033): setOutputDevice() setting same device 0000 or null device for output 3
E/AudioPolicyManagerBase(16033): unknown stream type
E/AudioPolicyManagerBase(16033): unknown stream type
E/AudioPolicyManagerBase(16033): unknown stream type
E/AudioPolicyManagerBase(16033): unknown stream type
E/LocSvc_adapter(16187): I/<--- void globalRespCb(locClientHandleType, uint32_t, locClientRespIndUnionType, void*) line 115 QMI_LOC_INJECT_POSITION_REQ_V02
E/LocSvc_api_v02(16187): D/loc_free_slot:298]: freeing slot 0
W/art (16028): Could not get current activity
I/ActivityManager(16187): Start proc com.android.vending for service com.android.vending/com.google.android.finsky.billing.iab.InAppBillingService: pid=24321 uid=10017 gids={50017, 3003, 1028, 1015}
E/LocSvc_adapter(16187): I/<--- void globalEventCb(locClientHandleType, uint32_t, locClientEventIndUnionType, void*) line 88 QMI_LOC_EVENT_NMEA_IND_V02
E/LocSvc_eng(16187): D/void loc_eng_deferred_action_thread(void*):1627] received msg_id = LOC_ENG_MSG_REPORT_NMEA context = 0x4b0c7e10
E/LocSvc_adapter(16187): I/<--- void globalEventCb(locClientHandleType, uint32_t, locClientEventIndUnionType, void*) line 88 QMI_LOC_EVENT_NMEA_IND_V02
E/LocSvc_eng(16187): D/void loc_eng_deferred_action_thread(void*):1627] received msg_id = LOC_ENG_MSG_REPORT_NMEA context = 0x4b0c7e10
E/LocSvc_adapter(16187): I/<--- void globalEventCb(locClientHandleType, uint32_t, locClientEventIndUnionType, void*) line 88 QMI_LOC_EVENT_NMEA_IND_V02
E/LocSvc_eng(16187): D/void loc_eng_deferred_action_thread(void*):1627] received msg_id = LOC_ENG_MSG_REPORT_NMEA context = 0x4b0c7e10
E/LocSvc_adapter(16187): I/<--- void globalEventCb(locClientHandleType, uint32_t, locClientEventIndUnionType, void*) line 88 QMI_LOC_EVENT_NMEA_IND_V02
E/LocSvc_adapter(16187): I/<--- void globalEventCb(locClientHandleType, uint32_t, locClientEventIndUnionType, void*) line 88 QMI_LOC_EVENT_NMEA_IND_V02
I/art (16187): Heap trim of managed (duration=26.092531ms, advised=5MB) and native (duration=4.241943ms, advised=1372KB) heaps. Managed heap utilization of 66%.
E/LocSvc_adapter(16187): I/<--- void globalEventCb(locClientHandleType, uint32_t, locClientEventIndUnionType, void*) line 88 QMI_LOC_EVENT_NMEA_IND_V02
E/LocSvc_eng(16187): D/void loc_eng_deferred_action_thread(void*):1627] received msg_id = LOC_ENG_MSG_REPORT_NMEA context = 0x4b0c7e10
E/LocSvc_eng(16187): D/void loc_eng_deferred_action_thread(void*):1627] received msg_id = LOC_ENG_MSG_REPORT_NMEA context = 0x4b0c7e10
E/LocSvc_eng(16187): D/void loc_eng_deferred_action_thread(void*):1627] received msg_id = LOC_ENG_MSG_REPORT_NMEA context = 0x4b0c7e10
E/LocSvc_adapter(16187): I/<--- void globalEventCb(locClientHandleType, uint32_t, locClientEventIndUnionType, void*) line 88 QMI_LOC_EVENT_GNSS_SV_INFO_IND_V02
E/LocSvc_adapter(16187): I/num sv: 18 ephemeris mask: 1367877666 almanac mask: 51882822
E/LocSvc_adapter(16187): used in fix mask: 51002000
E/LocSvc_adapter(16187): sv: prn snr elevation azimuth
E/LocSvc_adapter(16187): I/ 0: 14 29.400000 31.000000 254.000000
E/LocSvc_adapter(16187): I/ 1: 25 25.600000 75.000000 284.000000
E/LocSvc_adapter(16187): I/ 2: 29 20.400000 31.000000 212.000000
E/LocSvc_adapter(16187): I/ 3: 31 30.200001 23.000000 307.000000
E/LocSvc_adapter(16187): I/ 9: 78 18.100000 18.000000 312.000000
E/LocSvc_adapter(16187): I/ 10: 77 23.600000 72.000000 317.000000
E/LocSvc_adapter(16187): I/ 11: 69 20.400000 14.000000 354.000000
E/LocSvc_eng(16187): D/void loc_eng_deferred_action_thread(void*):1627] received msg_id = LOC_ENG_MSG_REPORT_SV context = 0x4b0c7e10
D/Finsky (24321): [1] FinskyApp.onCreate: Initializing network with DFE https://android.clients.google.com/fdfe/
E/LocSvc_adapter(16187): I/<--- void globalEventCb(locClientHandleType, uint32_t, locClientEventIndUnionType, void*) line 88 QMI_LOC_EVENT_NMEA_IND_V02
E/LocSvc_eng(16187): D/void loc_eng_deferred_action_thread(void*):1627] received msg_id = LOC_ENG_MSG_REPORT_NMEA context = 0x4b0c7e10
E/LocSvc_adapter(16187): I/<--- void globalEventCb(locClientHandleType, uint32_t, locClientEventIndUnionType, void*) line 88 QMI_LOC_EVENT_NMEA_IND_V02
E/LocSvc_eng(16187): D/void loc_eng_deferred_action_thread(void*):1627] received msg_id = LOC_ENG_MSG_REPORT_NMEA context = 0x4b0c7e10
E/LocSvc_adapter(16187): I/<--- void globalEventCb(locClientHandleType, uint32_t, locClientEventIndUnionType, void*) line 88 QMI_LOC_EVENT_NMEA_IND_V02
E/LocSvc_eng(16187): D/void loc_eng_deferred_action_thread(void*):1627] received msg_id = LOC_ENG_MSG_REPORT_NMEA context = 0x4b0c7e10
E/LocSvc_adapter(16187): I/<--- void globalEventCb(locClientHandleType, uint32_t, locClientEventIndUnionType, void*) line 88 QMI_LOC_EVENT_NMEA_IND_V02
E/LocSvc_eng(16187): D/void loc_eng_deferred_action_thread(void*):1627] received msg_id = LOC_ENG_MSG_REPORT_NMEA context = 0x4b0c7e10
E/LocSvc_adapter(16187): I/<--- void globalEventCb(locClientHandleType, uint32_t, locClientEventIndUnionType, void*) line 88 QMI_LOC_EVENT_NMEA_IND_V02
E/LocSvc_eng(16187): D/void loc_eng_deferred_action_thread(void*):1627] received msg_id = LOC_ENG_MSG_REPORT_NMEA context = 0x4b0c7e10
E/LocSvc_adapter(16187): I/<--- void globalEventCb(locClientHandleType, uint32_t, locClientEventIndUnionType, void*) line 88 QMI_LOC_EVENT_NMEA_IND_V02
