E/LocSvc_adapter(16187): I/<--- void globalEventCb(locClientHandleType, uint32_t, locClientEventIndUnionType, void*) line 88 QMI_LOC_EVENT_NMEA_IND_V02
E/LocSvc_eng(16187): D/void loc_eng_deferred_action_thread(void*):1627] received msg_id = LOC_ENG_MSG_REPORT_NMEA context = 0x4b0c7e10
E/LocSvc_adapter(16187): I/<--- void globalEventCb(locClientHandleType, uint32_t, locClientEventIndUnionType, void*) line 88 QMI_LOC_EVENT_NMEA_IND_V02
E/LocSvc_eng(16187): D/void loc_eng_deferred_action_thread(void*):1627] received msg_id = LOC_ENG_MSG_REPORT_NMEA context = 0x4b0c7e10
E/LocSvc_adapter(16187): I/<--- void globalEventCb(locClientHandleType, uint32_t, locClientEventIndUnionType, void*) line 88 QMI_LOC_EVENT_NMEA_IND_V02
E/LocSvc_eng(16187): D/void loc_eng_deferred_action_thread(void*):1627] received msg_id = LOC_ENG_MSG_REPORT_NMEA context = 0x4b0c7e10
D/alsa_ucm(16033): snd_use_case_set(): uc_mgr 0xb8501808 identifier _dismod value Play Lowlatency Music
D/alsa_ucm(16033): Set mixer controls for Play Lowlatency Music enable 0
D/alsa_ucm(16033): Setting mixer control: SLIMBUS_0_RX Audio Mixer MultiMedia5, value: 0
V/ALSADevice(16033): Number of modifiers 0
V/ALSADevice(16033): usecase_type is 0
D/alsa_ucm(16033): snd_use_case_set(): uc_mgr 0xb8501808 identifier _disdev value VR Main Mic
D/alsa_ucm(16033): disdev: device VR Main Mic not enabled, no need to disable
D/alsa_ucm(16033): snd_use_case_set(): uc_mgr 0xb8501808 identifier _disdev value Speaker
D/alsa_ucm(16033): Set mixer controls for Speaker enable 0
D/alsa_ucm(16033): Setting mixer control: RX5 MIX1 INP1, value: ZERO
D/alsa_ucm(16033): Setting mixer control: RX5 MIX1 INP2, value: ZERO
D/alsa_ucm(16033): Setting mixer control: LINEOUT2 Volume, value: 0
D/alsa_ucm(16033): Setting mixer control: LINEOUT4 Volume, value: 0
D/alsa_ucm(16033): Setting mixer control: RX5 Digital Volume, value: 0
E/LocSvc_adapter(16187): I/<--- void globalEventCb(locClientHandleType, uint32_t, locClientEventIndUnionType, void*) line 88 QMI_LOC_EVENT_NMEA_IND_V02
E/LocSvc_eng(16187): D/void loc_eng_deferred_action_thread(void*):1627] received msg_id = LOC_ENG_MSG_REPORT_NMEA context = 0x4b0c7e10
E/LocSvc_adapter(16187): I/<--- void globalEventCb(locClientHandleType, uint32_t, locClientEventIndUnionType, void*) line 88 QMI_LOC_EVENT_NMEA_IND_V02
E/LocSvc_eng(16187): D/void loc_eng_deferred_action_thread(void*):1627] received msg_id = LOC_ENG_MSG_REPORT_NMEA context = 0x4b0c7e10
E/LocSvc_adapter(16187): I/<--- void globalEventCb(locClientHandleType, uint32_t, locClientEventIndUnionType, void*) line 88 QMI_LOC_EVENT_NMEA_IND_V02
E/LocSvc_eng(16187): D/void loc_eng_deferred_action_thread(void*):1627] received msg_id = LOC_ENG_MSG_REPORT_NMEA context = 0x4b0c7e10
E/LocSvc_adapter(16187): I/<--- void globalEventCb(locClientHandleType, uint32_t, locClientEventIndUnionType, void*) line 88 QMI_LOC_EVENT_GNSS_SV_INFO_IND_V02
E/LocSvc_adapter(16187): I/num sv: 18 ephemeris mask: 1367877666 almanac mask: 51882822
E/LocSvc_adapter(16187): used in fix mask: 0
E/LocSvc_adapter(16187): sv: prn snr elevation azimuth
E/LocSvc_eng(16187): D/void loc_eng_deferred_action_thread(void*):1627] received msg_id = LOC_ENG_MSG_REPORT_SV context = 0x4b0c7e10
E/LocSvc_adapter(16187): I/<--- void globalEventCb(locClientHandleType, uint32_t, locClientEventIndUnionType, void*) line 88 QMI_LOC_EVENT_NMEA_IND_V02
E/LocSvc_eng(16187): D/void loc_eng_deferred_action_thread(void*):1627] received msg_id = LOC_ENG_MSG_REPORT_NMEA context = 0x4b0c7e10
E/LocSvc_adapter(16187): I/<--- void globalEventCb(locClientHandleType, uint32_t, locClientEventIndUnionType, void*) line 88 QMI_LOC_EVENT_NMEA_IND_V02
E/LocSvc_eng(16187): D/void loc_eng_deferred_action_thread(void*):1627] received msg_id = LOC_ENG_MSG_REPORT_NMEA context = 0x4b0c7e10
E/LocSvc_adapter(16187): I/<--- void globalEventCb(locClientHandleType, uint32_t, locClientEventIndUnionType, void*) line 88 QMI_LOC_EVENT_NMEA_IND_V02
E/LocSvc_eng(16187): D/void loc_eng_deferred_action_thread(void*):1627] received msg_id = LOC_ENG_MSG_REPORT_NMEA context = 0x4b0c7e10
E/LocSvc_adapter(16187): I/<--- void globalEventCb(locClientHandleType, uint32_t, locClientEventIndUnionType, void*) line 88 QMI_LOC_EVENT_NMEA_IND_V02
E/LocSvc_eng(16187): D/void loc_eng_deferred_action_thread(void*):1627] received msg_id = LOC_ENG_MSG_REPORT_NMEA context = 0x4b0c7e10
D/Tethering(16187): MasterInitialState.processMessage what=3
D/StatusBar.NetworkController(16454): updateConnectivity: intent=Intent { act=android.net.conn.CONNECTIVITY_CHANGE flg=0x4000010 (has extras) }
D/StatusBar.NetworkController(16454): updateConnectivity: networkInfo=NetworkInfo: type: WIFI[], state: CONNECTED/CONNECTED, reason: (unspecified), extra: "FairSpot_FREE", roaming: false, failover: false, isAvailable: true, isConnectedToProvisioningNetwork: false
D/StatusBar.NetworkController(16454): updateConnectivity: connectionStatus=100
D/StatusBar.NetworkController(16454): refreshViews connected={ wifi data } level=3 combinedSignalIconId=0x7f0200a1/com.android.systemui:drawable/stat_sys_wifi_signal_1_fully mobileLabel=maXXim wifiLabel="FairSpot_FREE"xxxxXXXXxxxxXXXX emergencyOnly=false combinedLabel="FairSpot_FREE"xxxxXXXXxxxxXXXX mAirplaneMode=false mDataActivity=0 mPhoneSignalIconId=0x7f02009a mQSPhoneSignalIconId=0x7f020045 mDataDirectionIconId=0x7f02008e mDataSignalIconId=0x7f02009a mDataTypeIconId=0x7f02008e mQSDataTypeIconId=0x7f02004b mNoSimIconId=0x0 mWifiIconId=0x7f0200a1 mQSWifiIconId=0x7f02005d mBluetoothTetherIconId=0x10805d0
E/LocSvc_eng(16187): D/loc_eng_agps_open APN name = [internet]
E/LocSvc_eng(16187): D/void loc_eng_deferred_action_thread(void*):1627] received msg_id = LOC_ENG_MSG_ATL_OPEN_SUCCESS context = 0x4b0c7e10
E/LocSvc_utils_ll(16187): D/linked_list_search: Search the list
E/LocSvc_adapter(16187): D/virtual loc_api_adapter_err LocApiV02Adapter::atlOpenStatus(int, int, char*, AGpsType):1118]: ATL open handle = 0, is_succ = 1, APN = [internet]
D/ConnectivityService(16187): requestRouteToHostAddress ok=true
E/LocSvc_adapter(16187): I/<--- void globalRespCb(locClientHandleType, uint32_t, locClientRespIndUnionType, void*) line 115 QMI_LOC_INFORM_LOCATION_SERVER_CONN_STATUS_REQ_V02
E/LocSvc_api_v02(16187): D/loc_free_slot:298]: freeing slot 0
E/LocSvc_eng(16187): D/onRsrcEvent, old state AgpsPendingState, new state AgpsAcquiredState, event 2
E/LocSvc_adapter(16187): I/<--- void globalEventCb(locClientHandleType, uint32_t, locClientEventIndUnionType, void*) line 88 QMI_LOC_EVENT_POSITION_REPORT_IND_V02
E/LocSvc_adapter(16187): D/Reporting postion from V2 Adapter
E/LocSvc_eng(16187): D/void loc_eng_deferred_action_thread(void*):1627] received msg_id = LOC_ENG_MSG_REPORT_POSITION context = 0x4b0c7e10
W/art (16028): Could not get current activity
I/ActivityManager(16187): Start proc com.google.android.music:main for broadcast com.google.android.music/.homewidgets.IFLWidgetProvider: pid=23737 uid=10064 gids={50064, 3003, 1028, 1015}
I/MusicStore(23737): Database version: 95
W/ContextImpl(23737): Implicit intents with startService are not safe: Intent { act=com.google.android.music.NETWORK_MONITOR_SERVICE } android.content.ContextWrapper.bindService:517 com.google.android.music.utils.SafeServiceConnection$ServiceConnectionImp.bindService:98 com.google.android.music.utils.SafeServiceConnection.bindService:259
I/art (16187): Heap trim of managed (duration=37.719726ms, advised=5MB) and native (duration=5.096436ms, advised=920KB) heaps. Managed heap utilization of 67%.
D/DisplayPowerController(16187): SSTEMP : mIsLockZone = true
W/ContextImpl(23737): Implicit intents with startService are not safe: Intent { act=com.google.android.music.PREFERENCE_SERVICE } android.content.ContextWrapper.bindService:517 com.google.android.music.utils.SafeServiceConnection$ServiceConnectionImp.bindService:98 com.google.android.music.utils.SafeServiceConnection.bindService:259
I/ConfigStore(23737): Config Database version: 1
D/DisplayPowerController(16187): SSTEMP : mIsLockZone = false
E/LocSvc_adapter(16187): I/<--- void globalEventCb(locClientHandleType, uint32_t, locClientEventIndUnionType, void*) line 88 QMI_LOC_EVENT_NMEA_IND_V02
E/LocSvc_eng(16187): D/void loc_eng_deferred_action_thread(void*):1627] received msg_id = LOC_ENG_MSG_REPORT_NMEA context = 0x4b0c7e10
E/LocSvc_adapter(16187): I/<--- void globalEventCb(locClientHandleType, uint32_t, locClientEventIndUnionType, void*) line 88 QMI_LOC_EVENT_NMEA_IND_V02
E/LocSvc_eng(16187): D/void loc_eng_deferred_action_thread(void*):1627] received msg_id = LOC_ENG_MSG_REPORT_NMEA context = 0x4b0c7e10
E/LocSvc_adapter(16187): I/<--- void globalEventCb(locClientHandleType, uint32_t, locClientEventIndUnionType, void*) line 88 QMI_LOC_EVENT_NMEA_IND_V02
E/LocSvc_eng(16187): D/void loc_eng_deferred_action_thread(void*):1627] received msg_id = LOC_ENG_MSG_REPORT_NMEA context = 0x4b0c7e10
E/LocSvc_adapter(16187): I/<--- void globalEventCb(locClientHandleType, uint32_t, locClientEventIndUnionType, void*) line 88 QMI_LOC_EVENT_NMEA_IND_V02
E/LocSvc_eng(16187): D/void loc_eng_deferred_action_thread(void*):1627] received msg_id = LOC_ENG_MSG_REPORT_NMEA context = 0x4b0c7e10
E/LocSvc_adapter(16187): I/<--- void globalEventCb(locClientHandleType, uint32_t, locClientEventIndUnionType, void*) line 88 QMI_LOC_EVENT_NMEA_IND_V02
E/LocSvc_eng(16187): D/void loc_eng_deferred_action_thread(void*):1627] received msg_id = LOC_ENG_MSG_REPORT_NMEA context = 0x4b0c7e10
E/LocSvc_adapter(16187): I/<--- void globalEventCb(locClientHandleType, uint32_t, locClientEventIndUnionType, void*) line 88 QMI_LOC_EVENT_NMEA_IND_V02
E/LocSvc_eng(16187): D/void loc_eng_deferred_action_thread(void*):1627] received msg_id = LOC_ENG_MSG_REPORT_NMEA context = 0x4b0c7e10
E/LocSvc_adapter(16187): I/<--- void globalEventCb(locClientHandleType, uint32_t, locClientEventIndUnionType, void*) line 88 QMI_LOC_EVENT_GNSS_SV_INFO_IND_V02
E/LocSvc_adapter(16187): I/num sv: 18 ephemeris mask: 1367877666 almanac mask: 51882822
E/LocSvc_adapter(16187): used in fix mask: 0
E/LocSvc_adapter(16187): sv: prn snr elevation azimuth
E/LocSvc_eng(16187): D/void loc_eng_deferred_action_thread(void*):1627] received msg_id = LOC_ENG_MSG_REPORT_SV context = 0x4b0c7e10
E/LocSvc_adapter(16187): I/<--- void globalEventCb(locClientHandleType, uint32_t, locClientEventIndUnionType, void*) line 88 QMI_LOC_EVENT_NMEA_IND_V02
E/LocSvc_eng(16187): D/void loc_eng_deferred_action_thread(void*):1627] received msg_id = LOC_ENG_MSG_REPORT_NMEA context = 0x4b0c7e10
E/LocSvc_adapter(16187): I/<--- void globalEventCb(locClientHandleType, uint32_t, locClientEventIndUnionType, void*) line 88 QMI_LOC_EVENT_NMEA_IND_V02
E/LocSvc_eng(16187): D/void loc_eng_deferred_action_thread(void*):1627] received msg_id = LOC_ENG_MSG_REPORT_NMEA context = 0x4b0c7e10
E/LocSvc_adapter(16187): I/<--- void globalEventCb(locClientHandleType, uint32_t, locClientEventIndUnionType, void*) line 88 QMI_LOC_EVENT_NMEA_IND_V02
E/LocSvc_eng(16187): D/void loc_eng_deferred_action_thread(void*):1627] received msg_id = LOC_ENG_MSG_REPORT_NMEA context = 0x4b0c7e10
E/LocSvc_adapter(16187): I/<--- void globalEventCb(locClientHandleType, uint32_t, locClientEventIndUnionType, void*) line 88 QMI_LOC_EVENT_NMEA_IND_V02
E/LocSvc_eng(16187): D/void loc_eng_deferred_action_thread(void*):1627] received msg_id = LOC_ENG_MSG_REPORT_NMEA context = 0x4b0c7e10
E/LocSvc_adapter(16187): I/<--- void globalEventCb(locClientHandleType, uint32_t, locClientEventIndUnionType, void*) line 88 QMI_LOC_EVENT_NMEA_IND_V02
E/LocSvc_eng(16187): D/void loc_eng_deferred_action_thread(void*):1627] received msg_id = LOC_ENG_MSG_REPORT_NMEA context = 0x4b0c7e10
E/LocSvc_adapter(16187): I/<--- void globalEventCb(locClientHandleType, uint32_t, locClientEventIndUnionType, void*) line 88 QMI_LOC_EVENT_NMEA_IND_V02
E/LocSvc_eng(16187): D/void loc_eng_deferred_action_thread(void*):1627] received msg_id = LOC_ENG_MSG_REPORT_NMEA context = 0x4b0c7e10
I/MediaRouter(23737): Found default route: MediaRouter.RouteInfo{ uniqueId=android/.support.v7.media.SystemMediaRouteProvider:DEFAULT_ROUTE, name=Telefon, description=null, enabled=true, connecting=false, playbackType=0, playbackStream=3, volumeHandling=1, volume=7, volumeMax=15, presentationDisplayId=-1, extras=null, providerPackageName=android }
E/LocSvc_adapter(16187): I/<--- void globalEventCb(locClientHandleType, uint32_t, locClientEventIndUnionType, void*) line 88 QMI_LOC_EVENT_POSITION_REPORT_IND_V02
E/LocSvc_adapter(16187): D/Reporting postion from V2 Adapter
E/LocSvc_eng(16187): D/void loc_eng_deferred_action_thread(void*):1627] received msg_id = LOC_ENG_MSG_REPORT_POSITION context = 0x4b0c7e10
I/NetworkMonitor(23737): type=WIFI subType= reason=null isConnected=true
I/ActivityManager(16187): Start proc com.android.mms for broadcast com.android.mms/.transaction.MmsSystemEventReceiver: pid=23772 uid=10014 gids={50014, 3003, 1028, 1015}
D/StatusBar.NetworkController(16454): onDataActivity: direction=0
D/StatusBar.NetworkController(16454): refreshViews connected={ wifi data } level=3 combinedSignalIconId=0x7f0200a1/com.android.systemui:drawable/stat_sys_wifi_signal_1_fully mobileLabel=maXXim wifiLabel="FairSpot_FREE"xxxxXXXXxxxxXXXX emergencyOnly=false combinedLabel="FairSpot_FREE"xxxxXXXXxxxxXXXX mAirplaneMode=false mDataActivity=0 mPhoneSignalIconId=0x7f02009a mQSPhoneSignalIconId=0x7f020045 mDataDirectionIconId=0x7f02008e mDataSignalIconId=0x7f02009a mDataTypeIconId=0x7f02008e mQSDataTypeIconId=0x7f02004b mNoSimIconId=0x0 mWifiIconId=0x7f0200a1 mQSWifiIconId=0x7f02005d mBluetoothTetherIconId=0x10805d0
V/QcrilMsgTunnelSocket(18482): After reading offset = 0 remaining = 4 countRead = 4
D/QcrilMsgTunnelSocket(18482): messageLength extracted from first 4 inputStream reads = 29
V/QcrilMsgTunnelSocket(18482): offset = 0 remaining = 29 countRead = 0
V/QcrilMsgTunnelSocket(18482): offset = 0 remaining = 29 countRead = 29
D/QcrilMsgTunnelSocket(18482): readRilMessage: Buffer = [B@658eab30 HexData = [010000000404000011000000514f454d484f4f4bef0308000100000003]
V/QcrilMsgTunnelSocket(18482): Read packet: 29 bytes. Data Available = 32 Position = 0
D/QcrilMsgTunnelSocket(18482): processResponse. message type = 1. Data Available = 28
D/QcrilMsgTunnelSocket(18482): ByteArray from parcel = 514f454d484f4f4bef0308000100000003
D/QcrilMsgTunnelSocket(18482): Received RIL_UNSOL_OEM_HOOK_RAW message
D/QcrilMsgTunnelSocket(18482): Oem ID in RIL_UNSOL_OEM_HOOK_RAW is QOEMHOOK
D/QcrilMsgTunnelSocket(18482): OEM ID check Passed
D/QcrilMsgTunnelSocket(18482): Response ID in RIL_UNSOL_OEM_HOOK_RAW is 525295
D/QcrilMsgTunnelSocket(18482): Response ID 525295is not served in this process.
D/QcrilMsgTunnelSocket(18482): To broadcast an Intent via the notifier to external apps
V/QcrilMsgTunnelSocket(18482): Before reading offset = 0 remaining = 4 countRead = 0
D/QcrilMsgTunnelIfaceManager(18482): handleMessage what=0
D/QcrilMsgTunnelIfaceManager(18482): Broadcasting intent ACTION_UNSOL_RESPONSE_OEM_HOOK_RAW
D/StatusBar.NetworkController(16454): onSignalStrengthsChanged signalStrength=SignalStrength: 11 0 -120 -160 -120 -1 -1 99 2147483647 2147483647 2147483647 2147483647 2147483647 gsm|lte 0x0 level=3
D/StatusBar.NetworkController(16454): refreshViews connected={ wifi data } level=3 combinedSignalIconId=0x7f0200a1/com.android.systemui:drawable/stat_sys_wifi_signal_1_fully mobileLabel=maXXim wifiLabel="FairSpot_FREE"xxxxXXXXxxxxXXXX emergencyOnly=false combinedLabel="FairSpot_FREE"xxxxXXXXxxxxXXXX mAirplaneMode=false mDataActivity=0 mPhoneSignalIconId=0x7f02009a mQSPhoneSignalIconId=0x7f020045 mDataDirectionIconId=0x7f02008e mDataSignalIconId=0x7f02009a mDataTypeIconId=0x7f02008e mQSDataTypeIconId=0x7f02004b mNoSimIconId=0x0 mWifiIconId=0x7f0200a1 mQSWifiIconId=0x7f02005d mBluetoothTetherIconId=0x10805d0
W/art (23772): Failed to find ELF magic in /system/priv-app/Mms.odex: dey
I/ActivityManager(16187): Killing 9697:com.google.android.calendar/u0a29 (adj 15): empty #17
D/StatusBar.NetworkController(16454): onServiceStateChanged voiceState=0 dataState=0
D/StatusBar.NetworkController(16454): Combining data service state 0 for signal
D/StatusBar.NetworkController(16454): refreshViews connected={ wifi data } level=3 combinedSignalIconId=0x7f0200a1/com.android.systemui:drawable/stat_sys_wifi_signal_1_fully mobileLabel=maXXim wifiLabel="FairSpot_FREE"xxxxXXXXxxxxXXXX emergencyOnly=false combinedLabel="FairSpot_FREE"xxxxXXXXxxxxXXXX mAirplaneMode=false mDataActivity=0 mPhoneSignalIconId=0x7f02009a mQSPhoneSignalIconId=0x7f020045 mDataDirectionIconId=0x7f02008e mDataSignalIconId=0x7f02009a mDataTypeIconId=0x7f02008e mQSDataTypeIconId=0x7f02004b mNoSimIconId=0x0 mWifiIconId=0x7f0200a1 mQSWifiIconId=0x7f02005d mBluetoothTetherIconId=0x10805d0
D/StatusBar.NetworkController(16454): onDataConnectionStateChanged: state=2 type=15
D/StatusBar.NetworkController(16454): refreshViews connected={ wifi data } level=3 combinedSignalIconId=0x7f0200a1/com.android.systemui:drawable/stat_sys_wifi_signal_1_fully mobileLabel=maXXim wifiLabel="FairSpot_FREE"xxxxXXXXxxxxXXXX emergencyOnly=false combinedLabel="FairSpot_FREE"xxxxXXXXxxxxXXXX mAirplaneMode=false mDataActivity=0 mPhoneSignalIconId=0x7f02009a mQSPhoneSignalIconId=0x7f020045 mDataDirectionIconId=0x7f02008e mDataSignalIconId=0x7f02009a mDataTypeIconId=0x7f02008e mQSDataTypeIconId=0x7f02004b mNoSimIconId=0x0 mWifiIconId=0x7f0200a1 mQSWifiIconId=0x7f02005d mBluetoothTetherIconId=0x10805d0
D/MobileDataStateTracker(16187): supl: Broadcast received: android.intent.action.ANY_DATA_STATE apnType=supl
D/MobileDataStateTracker(16187): supl: Received state=CONNECTED, old=CONNECTED, reason=(unspecified)
E/PRDrmPlugIn( 213): PRDrmPlugin::onInitialize, uniqueId = 1010
E/PRDrmPlugIn( 213): PRDrmPlugin::onSetOnInfoListener: uniqueId = 1010
D/DisplayPowerController(16187): SSTEMP : mIsLockZone = true
V/MmsConfig(23772): mnc/mcc: 26207
V/MmsConfig(23772): tag: bool value: enabledMMS - true
V/MmsConfig(23772): tag: int value: maxMessageSize - 1048576
V/MmsConfig(23772): tag: int value: maxImageHeight - 480
V/MmsConfig(23772): tag: int value: maxImageWidth - 640
V/MmsConfig(23772): tag: int value: defaultSMSMessagesPerThread - 10000
V/MmsConfig(23772): tag: int value: defaultMMSMessagesPerThread - 1000
V/MmsConfig(23772): tag: int value: minMessageCountPerThread - 10
V/MmsConfig(23772): tag: int value: maxMessageCountPerThread - 5000
V/MmsConfig(23772): tag: string value: uaProfUrl - http://www.google.com/oha/rdf/ua-profile-kila.xml
V/MmsConfig(23772): tag: int value: recipientLimit - -1
V/MmsConfig(23772): tag: bool value: enableMultipartSMS - true
V/MmsConfig(23772): tag: int value: smsToMmsTextThreshold - -1
V/MmsConfig(23772): tag: bool value: enableSlideDuration - true
V/MmsConfig(23772): tag: int value: maxMessageTextSize - -1
I/ActivityManager(16187): Start proc com.google.android.apps.magazines for broadcast com.google.android.apps.magazines/com.google.apps.dots.android.newsstand.appwidget.NewsWidgetProvider: pid=23816 uid=10173 gids={50173, 3003, 1028, 1015}
I/ActivityManager(16187): Killing 20666:com.qualcomm.timeservice/u0a80 (adj 15): empty #17
W/GAV2 (23816): Thread[main,5,main]: Need to call initialize() and be in fallback mode to start dispatch.
D/DisplayPowerController(16187): SSTEMP : mIsLockZone = false
V/WebViewChromiumFactoryProvider(23816): Binding Chromium to main looper Looper (main, tid 1) {658dc938}
I/LibraryLoader(23816): Expected native library version number "",actual native library version number ""
I/chromium(23816): [INFO:library_loader_hooks.cc(116)] Chromium logging enabled: level = 0, default verbosity = 0
I/BrowserStartupController(23816): Initializing chromium process, renderers=0
W/art (23816): Attempt to remove local SIRT entry from IRT, ignoring
E/LocSvc_adapter(16187): I/<--- void globalEventCb(locClientHandleType, uint32_t, locClientEventIndUnionType, void*) line 88 QMI_LOC_EVENT_NMEA_IND_V02
E/LocSvc_eng(16187): D/void loc_eng_deferred_action_thread(void*):1627] received msg_id = LOC_ENG_MSG_REPORT_NMEA context = 0x4b0c7e10
E/AudioManagerAndroid(23816): BLUETOOTH permission is missing!
E/LocSvc_adapter(16187): I/<--- void globalEventCb(locClientHandleType, uint32_t, locClientEventIndUnionType, void*) line 88 QMI_LOC_EVENT_NMEA_IND_V02
E/LocSvc_eng(16187): D/void loc_eng_deferred_action_thread(void*):1627] received msg_id = LOC_ENG_MSG_REPORT_NMEA context = 0x4b0c7e10
E/LocSvc_adapter(16187): I/<--- void globalEventCb(locClientHandleType, uint32_t, locClientEventIndUnionType, void*) line 88 QMI_LOC_EVENT_NMEA_IND_V02
E/LocSvc_eng(16187): D/void loc_eng_deferred_action_thread(void*):1627] received msg_id = LOC_ENG_MSG_REPORT_NMEA context = 0x4b0c7e10
I/Adreno-EGL(23816): : EGL 1.4 QUALCOMM build: _msm8960_kk_2.7__release_AU ()
I/Adreno-EGL(23816): OpenGL ES Shader Compiler Version: 20.00.01
I/Adreno-EGL(23816): Build Date: 11/07/13 Thu I/Adreno-EGL(23816): Local Branch: klp
I/Adreno-EGL(23816): Remote Branch: quic/hammerhead_klp
I/Adreno-EGL(23816): Local Patches: NONE
I/Adreno-EGL(23816): Reconstruct Branch: NOTHING
E/LocSvc_adapter(16187): I/<--- void globalEventCb(locClientHandleType, uint32_t, locClientEventIndUnionType, void*) line 88 QMI_LOC_EVENT_NMEA_IND_V02
E/LocSvc_eng(16187): D/void loc_eng_deferred_action_thread(void*):1627] received msg_id = LOC_ENG_MSG_REPORT_NMEA context = 0x4b0c7e10
E/LocSvc_adapter(16187): I/<--- void globalEventCb(locClientHandleType, uint32_t, locClientEventIndUnionType, void*) line 88 QMI_LOC_EVENT_NMEA_IND_V02
E/LocSvc_eng(16187): D/void loc_eng_deferred_action_thread(void*):1627] received msg_id = LOC_ENG_MSG_REPORT_NMEA context = 0x4b0c7e10
E/LocSvc_adapter(16187): I/<--- void globalEventCb(locClientHandleType, uint32_t, locClientEventIndUnionType, void*) line 88 QMI_LOC_EVENT_NMEA_IND_V02
E/LocSvc_eng(16187): D/void loc_eng_deferred_action_thread(void*):1627] received msg_id = LOC_ENG_MSG_REPORT_NMEA context = 0x4b0c7e10
E/LocSvc_adapter(16187): I/<--- void globalEventCb(locClientHandleType, uint32_t, locClientEventIndUnionType, void*) line 88 QMI_LOC_EVENT_NMEA_IND_V02
E/LocSvc_eng(16187): D/void loc_eng_deferred_action_thread(void*):1627] received msg_id = LOC_ENG_MSG_REPORT_NMEA context = 0x4b0c7e10
W/art (23816): Thread[22,tid=23850,Native,Thread*=0x44ca0648,peer=0x65a9d8d0,"Thread-6420"] attached without supplying a name
W/art (23816): Thread[23,tid=23852,Native,Thread*=0x44c41ab0,peer=0x65a9e278,"Thread-6421"] attached without supplying a name
E/LocSvc_adapter(16187): I/<--- void globalEventCb(locClientHandleType, uint32_t, locClientEventIndUnionType, void*) line 88 QMI_LOC_EVENT_GNSS_SV_INFO_IND_V02
E/LocSvc_adapter(16187): I/num sv: 18 ephemeris mask: 1367877666 almanac mask: 51882822
E/LocSvc_adapter(16187): used in fix mask: 0
E/LocSvc_adapter(16187): sv: prn snr elevation azimuth
E/LocSvc_eng(16187): D/void loc_eng_deferred_action_thread(void*):1627] received msg_id = LOC_ENG_MSG_REPORT_SV context = 0x4b0c7e10
W/art (23816): Thread[24,tid=23845,Native,Thread*=0x46233008,peer=0x65aa23e8,"Thread-6422"] attached without supplying a name
E/LocSvc_adapter(16187): I/<--- void globalEventCb(locClientHandleType, uint32_t, locClientEventIndUnionType, void*) line 88 QMI_LOC_EVENT_NMEA_IND_V02
E/LocSvc_eng(16187): D/void loc_eng_deferred_action_thread(void*):1627] received msg_id = LOC_ENG_MSG_REPORT_NMEA context = 0x4b0c7e10
I/NSApplication(23816): Starting up...
E/LocSvc_adapter(16187): I/<--- void globalEventCb(locClientHandleType, uint32_t, locClientEventIndUnionType, void*) line 88 QMI_LOC_EVENT_NMEA_IND_V02
E/LocSvc_eng(16187): D/void loc_eng_deferred_action_thread(void*):1627] received msg_id = LOC_ENG_MSG_REPORT_NMEA context = 0x4b0c7e10
E/LocSvc_adapter(16187): I/<--- void globalEventCb(locClientHandleType, uint32_t, locClientEventIndUnionType, void*) line 88 QMI_LOC_EVENT_NMEA_IND_V02
E/LocSvc_eng(16187): D/void loc_eng_deferred_action_thread(void*):1627] received msg_id = LOC_ENG_MSG_REPORT_NMEA context = 0x4b0c7e10
I/ActivityManager(16187): Killing 20685:com.google.android.keep/u0a57 (adj 15): empty #17
E/LocSvc_adapter(16187): I/<--- void globalEventCb(locClientHandleType, uint32_t, locClientEventIndUnionType, void*) line 88 QMI_LOC_EVENT_NMEA_IND_V02
E/LocSvc_eng(16187): D/void loc_eng_deferred_action_thread(void*):1627] received msg_id = LOC_ENG_MSG_REPORT_NMEA context = 0x4b0c7e10
E/LocSvc_adapter(16187): I/<--- void globalEventCb(locClientHandleType, uint32_t, locClientEventIndUnionType, void*) line 88 QMI_LOC_EVENT_NMEA_IND_V02
E/LocSvc_eng(16187): D/void loc_eng_deferred_action_thread(void*):1627] received msg_id = LOC_ENG_MSG_REPORT_NMEA context = 0x4b0c7e10
I/ActivityManager(16187): Start proc com.google.android.apps.maps for broadcast com.google.android.apps.maps/com.google.userfeedback.android.api.FeedbackConnectivityReceiver: pid=23858 uid=10043 gids={50043, 3003, 1028, 1015}
D/StatusBar.NetworkController(16454): refreshViews connected={ wifi data } level=3 combinedSignalIconId=0x7f0200a2/com.android.systemui:drawable/stat_sys_wifi_signal_2_fully mobileLabel=maXXim wifiLabel="FairSpot_FREE"xxxxXXXXxxxxXXXX emergencyOnly=false combinedLabel="FairSpot_FREE"xxxxXXXXxxxxXXXX mAirplaneMode=false mDataActivity=0 mPhoneSignalIconId=0x7f02009a mQSPhoneSignalIconId=0x7f020045 mDataDirectionIconId=0x7f02008e mDataSignalIconId=0x7f02009a mDataTypeIconId=0x7f02008e mQSDataTypeIconId=0x7f02004b mNoSimIconId=0x0 mWifiIconId=0x7f0200a2 mQSWifiIconId=0x7f02005e mBluetoothTetherIconId=0x10805d0
E/LocSvc_adapter(16187): I/<--- void globalEventCb(locClientHandleType, uint32_t, locClientEventIndUnionType, void*) line 88 QMI_LOC_EVENT_POSITION_REPORT_IND_V02
E/LocSvc_adapter(16187): D/Reporting postion from V2 Adapter
E/LocSvc_eng(16187): D/void loc_eng_deferred_action_thread(void*):1627] received msg_id = LOC_ENG_MSG_REPORT_POSITION context = 0x4b0c7e10
I/art (17778): Heap trim of managed (duration=3.906249ms, advised=56KB) and native (duration=1.678467ms, advised=0B) heaps. Managed heap utilization of 61%.
D/DisplayPowerController(16187): SSTEMP : mIsLockZone = true
E/LocSvc_adapter(16187): I/<--- void globalEventCb(locClientHandleType, uint32_t, locClientEventIndUnionType, void*) line 88 QMI_LOC_EVENT_LOCATION_SERVER_CONNECTION_REQ_IND_V02
E/LocSvc_eng(16187): D/void loc_eng_deferred_action_thread(void*):1627] received msg_id = LOC_ENG_MSG_RELEASE_ATL context = 0x4b0c7e10
E/LocSvc_utils_ll(16187): D/linked_list_search: Search the list
E/LocSvc_utils_ll(16187): D/linked_list_search: Search the list
E/LocSvc_adapter(16187): D/virtual loc_api_adapter_err LocApiV02Adapter::atlCloseStatus(int, int):1204]: ATL close handle = 0, is_succ = 1
E/LocSvc_adapter(16187): I/<--- void globalRespCb(locClientHandleType, uint32_t, locClientRespIndUnionType, void*) line 115 QMI_LOC_INFORM_LOCATION_SERVER_CONN_STATUS_REQ_V02
E/LocSvc_api_v02(16187): D/loc_free_slot:298]: freeing slot 0
E/LocSvc_utils_ll(16187): D/linked_list_search: Search the list
E/LocSvc_utils_ll(16187): D/linked_list_search: Search the list
E/LocSvc_eng(16187): D/onRsrcEvent, old state AgpsAcquiredState, new state AgpsReleasedState, event 1
E/LocSvc_eng(16187): D/void loc_eng_deferred_action_thread(void*):1627] received msg_id = LOC_ENG_MSG_ATL_CLOSED context = 0x4b0c7e10
E/LocSvc_eng(16187): W/AgpsReleasedState: unrecognized event 3
E/LocSvc_eng(16187): D/onRsrcEvent, old state AgpsReleasedState, new state AgpsReleasedState, event 3
D/ConnectivityService(16187): stopUsingNetworkFeature: teardown net 0: enableSUPL
D/DisplayPowerController(16187): SSTEMP : mIsLockZone = false
I/art (23772): Heap trim of managed (duration=2.258301ms, advised=104KB) and native (duration=3.295898ms, advised=0B) heaps. Managed heap utilization of 61%.
W/ActivityThread(23858): ClassLoader.loadClass: The class loader returned by Thread.getContextClassLoader() may fail for processes that host multiple applications. You should explicitly specify a context class loader. For example: Thread.setContextClassLoader(getClass().getClassLoader());
D/StatusBar.NetworkController(16454): onSignalStrengthsChanged signalStrength=SignalStrength: 9 0 -120 -160 -120 -1 -1 99 2147483647 2147483647 2147483647 2147483647 2147483647 gsm|lte 0x0 level=3
D/StatusBar.NetworkController(16454): refreshViews connected={ wifi data } level=3 combinedSignalIconId=0x7f0200a2/com.android.systemui:drawable/stat_sys_wifi_signal_2_fully mobileLabel=maXXim wifiLabel="FairSpot_FREE"xxxxXXXXxxxxXXXX emergencyOnly=false combinedLabel="FairSpot_FREE"xxxxXXXXxxxxXXXX mAirplaneMode=false mDataActivity=0 mPhoneSignalIconId=0x7f02009a mQSPhoneSignalIconId=0x7f020045 mDataDirectionIconId=0x7f02008e mDataSignalIconId=0x7f02009a mDataTypeIconId=0x7f02008e mQSDataTypeIconId=0x7f02004b mNoSimIconId=0x0 mWifiIconId=0x7f0200a2 mQSWifiIconId=0x7f02005e mBluetoothTetherIconId=0x10805d0
E/LocSvc_adapter(16187): I/<--- void globalEventCb(locClientHandleType, uint32_t, locClientEventIndUnionType, void*) line 88 QMI_LOC_EVENT_NMEA_IND_V02
E/LocSvc_eng(16187): D/void loc_eng_deferred_action_thread(void*):1627] received msg_id = LOC_ENG_MSG_REPORT_NMEA context = 0x4b0c7e10
E/LocSvc_adapter(16187): I/<--- void globalEventCb(locClientHandleType, uint32_t, locClientEventIndUnionType, void*) line 88 QMI_LOC_EVENT_NMEA_IND_V02
E/LocSvc_eng(16187): D/void loc_eng_deferred_action_thread(void*):1627] received msg_id = LOC_ENG_MSG_REPORT_NMEA context = 0x4b0c7e10
E/LocSvc_adapter(16187): I/<--- void globalEventCb(locClientHandleType, uint32_t, locClientEventIndUnionType, void*) line 88 QMI_LOC_EVENT_NMEA_IND_V02
E/LocSvc_eng(16187): D/void loc_eng_deferred_action_thread(void*):1627] received msg_id = LOC_ENG_MSG_REPORT_NMEA context = 0x4b0c7e10
E/LocSvc_adapter(16187): I/<--- void globalEventCb(locClientHandleType, uint32_t, locClientEventIndUnionType, void*) line 88 QMI_LOC_EVENT_NMEA_IND_V02
E/LocSvc_eng(16187): D/void loc_eng_deferred_action_thread(void*):1627] received msg_id = LOC_ENG_MSG_REPORT_NMEA context = 0x4b0c7e10
E/LocSvc_adapter(16187): I/<--- void globalEventCb(locClientHandleType, uint32_t, locClientEventIndUnionType, void*) line 88 QMI_LOC_EVENT_NMEA_IND_V02
E/LocSvc_eng(16187): D/void loc_eng_deferred_action_thread(void*):1627] received msg_id = LOC_ENG_MSG_REPORT_NMEA context = 0x4b0c7e10
D/StatusBar.NetworkController(16454): refreshViews connected={ wifi data } level=3 combinedSignalIconId=0x7f0200a2/com.android.systemui:drawable/stat_sys_wifi_signal_2_fully mobileLabel=maXXim wifiLabel="FairSpot_FREE"xxxxXXXXxxxxXXXX emergencyOnly=false combinedLabel="FairSpot_FREE"xxxxXXXXxxxxXXXX mAirplaneMode=false mDataActivity=0 mPhoneSignalIconId=0x7f02009a mQSPhoneSignalIconId=0x7f020045 mDataDirectionIconId=0x7f02008e mDataSignalIconId=0x7f02009a mDataTypeIconId=0x7f02008e mQSDataTypeIconId=0x7f02004b mNoSimIconId=0x0 mWifiIconId=0x7f0200a2 mQSWifiIconId=0x7f02005e mBluetoothTetherIconId=0x10805d0
E/LocSvc_adapter(16187): I/<--- void globalEventCb(locClientHandleType, uint32_t, locClientEventIndUnionType, void*) line 88 QMI_LOC_EVENT_NMEA_IND_V02
E/LocSvc_eng(16187): D/void loc_eng_deferred_action_thread(void*):1627] received msg_id = LOC_ENG_MSG_REPORT_NMEA context = 0x4b0c7e10
E/LocSvc_adapter(16187): I/<--- void globalEventCb(locClientHandleType, uint32_t, locClientEventIndUnionType, void*) line 88 QMI_LOC_EVENT_NMEA_IND_V02
E/LocSvc_eng(16187): D/void loc_eng_deferred_action_thread(void*):1627] received msg_id = LOC_ENG_MSG_REPORT_NMEA context = 0x4b0c7e10
E/LocSvc_adapter(16187): I/<--- void globalEventCb(locClientHandleType, uint32_t, locClientEventIndUnionType, void*) line 88 QMI_LOC_EVENT_NMEA_IND_V02
E/LocSvc_eng(16187): D/void loc_eng_deferred_action_thread(void*):1627] received msg_id = LOC_ENG_MSG_REPORT_NMEA context = 0x4b0c7e10
E/LocSvc_adapter(16187): I/<--- void globalEventCb(locClientHandleType, uint32_t, locClientEventIndUnionType, void*) line 88 QMI_LOC_EVENT_GNSS_SV_INFO_IND_V02
E/LocSvc_adapter(16187): I/num sv: 18 ephemeris mask: 1367877666 almanac mask: 51882822
E/LocSvc_adapter(16187): used in fix mask: 0
E/LocSvc_adapter(16187): sv: prn snr elevation azimuth
E/LocSvc_eng(16187): D/void loc_eng_deferred_action_thread(void*):1627] received msg_id = LOC_ENG_MSG_REPORT_SV context = 0x4b0c7e10
E/LocSvc_adapter(16187): I/<--- void globalEventCb(locClientHandleType, uint32_t, locClientEventIndUnionType, void*) line 88 QMI_LOC_EVENT_NMEA_IND_V02
E/LocSvc_eng(16187): D/void loc_eng_deferred_action_thread(void*):1627] received msg_id = LOC_ENG_MSG_REPORT_NMEA context = 0x4b0c7e10
E/LocSvc_adapter(16187): I/<--- void globalEventCb(locClientHandleType, uint32_t, locClientEventIndUnionType, void*) line 88 QMI_LOC_EVENT_NMEA_IND_V02
E/LocSvc_eng(16187): D/void loc_eng_deferred_action_thread(void*):1627] received msg_id = LOC_ENG_MSG_REPORT_NMEA context = 0x4b0c7e10
E/LocSvc_adapter(16187): I/<--- void globalEventCb(locClientHandleType, uint32_t, locClientEventIndUnionType, void*) line 88 QMI_LOC_EVENT_NMEA_IND_V02
E/LocSvc_eng(16187): D/void loc_eng_deferred_action_thread(void*):1627] received msg_id = LOC_ENG_MSG_REPORT_NMEA context = 0x4b0c7e10
E/LocSvc_adapter(16187): I/<--- void globalEventCb(locClientHandleType, uint32_t, locClientEventIndUnionType, void*) line 88 QMI_LOC_EVENT_NMEA_IND_V02
E/LocSvc_eng(16187): D/void loc_eng_deferred_action_thread(void*):1627] received msg_id = LOC_ENG_MSG_REPORT_NMEA context = 0x4b0c7e10
I/art (23858): Heap trim of managed (duration=4.547119ms, advised=348KB) and native (duration=1.739503ms, advised=68KB) heaps. Managed heap utilization of 58%.
E/LocSvc_adapter(16187): I/<--- void globalEventCb(locClientHandleType, uint32_t, locClientEventIndUnionType, void*) line 88 QMI_LOC_EVENT_POSITION_REPORT_IND_V02
E/LocSvc_adapter(16187): D/Reporting postion from V2 Adapter
E/LocSvc_eng(16187): D/void loc_eng_deferred_action_thread(void*):1627] received msg_id = LOC_ENG_MSG_REPORT_POSITION context = 0x4b0c7e10
W/art (16028): Could not get current activity
I/ActivityManager(16187): Start proc com.google.android.gms.wearable for service com.google.android.gms/.wearable.service.WearableService: pid=23905 uid=10007 gids={50007, 3007, 2001, 3003, 1007, 3006, 1028, 1015, 3002, 3001}
I/TextToSpeech(23858): Sucessfully bound to com.google.android.tts
W/art (23905): Failed to find ELF magic in /system/framework/com.android.media.remotedisplay.odex: dey
W/art (23905): Failed to find ELF magic in /system/framework/com.android.location.provider.odex: dey
I/MultiDex(23905): install
I/MultiDex(23905): MultiDexExtractor.load(/data/app/com.google.android.gms-1.apk, false)
I/MultiDex(23905): loading existing secondary dex files
I/MultiDex(23905): load found 1 secondary dex files
I/MultiDex(23905): install done
D/StrictMode(23858): StrictMode policy violation; ~duration=1418 ms: android.os.StrictMode$StrictModeDiskReadViolation: policy=31 violation=2
D/StrictMode(23858): at android.os.StrictMode$AndroidBlockGuardPolicy.onReadFromDisk(StrictMode.java:1135)
D/StrictMode(23858): at libcore.io.BlockGuardOs.open(BlockGuardOs.java:106)
D/StrictMode(23858): at libcore.io.IoUtils.canOpenReadOnly(IoUtils.java:163)
D/StrictMode(23858): at dalvik.system.DexPathList.findLibrary(DexPathList.java:384)
D/StrictMode(23858): at dalvik.system.BaseDexClassLoader.findLibrary(BaseDexClassLoader.java:77)
D/StrictMode(23858): at java.lang.Runtime.loadLibrary(Runtime.java:356)
D/StrictMode(23858): at java.lang.System.loadLibrary(System.java:526)
D/StrictMode(23858): at com.google.android.libraries.social.jni.crashreporter.NativeCrashHandler.a(PG:124)
D/StrictMode(23858): at com.google.android.libraries.social.jni.crashreporter.NativeCrashHandler.a(PG:36)
D/StrictMode(23858): at com.google.android.apps.gmm.base.app.a.(PG:186)
D/StrictMode(23858): at com.google.android.apps.gmm.base.app.GoogleMapsApplication.onCreate(PG:66)
D/StrictMode(23858): at android.app.Instrumentation.callApplicationOnCreate(Instrumentation.java:1007)
D/StrictMode(23858): at android.app.ActivityThread.handleBindApplication(ActivityThread.java:4361)
D/StrictMode(23858): at android.app.ActivityThread.access$1500(ActivityThread.java:138)
D/StrictMode(23858): at android.app.ActivityThread$H.handleMessage(ActivityThread.java:1259)
D/StrictMode(23858): at android.os.Handler.dispatchMessage(Handler.java:102)
D/StrictMode(23858): at android.os.Looper.loop(Looper.java:136)
D/StrictMode(23858): at android.app.ActivityThread.main(ActivityThread.java:5034)
D/StrictMode(23858): at java.lang.reflect.Method.invoke(Native Method)
D/StrictMode(23858): at com.android.internal.os.ZygoteInit$MethodAndArgsCaller.run(ZygoteInit.java:1270)
D/StrictMode(23858): at com.android.internal.os.ZygoteInit.main(ZygoteInit.java:1086)
D/StrictMode(23858): StrictMode policy violation; ~duration=1355 ms: android.os.StrictMode$StrictModeDiskReadViolation: policy=31 violation=2
D/StrictMode(23858): at android.os.StrictMode$AndroidBlockGuardPolicy.onReadFromDisk(StrictMode.java:1135)
D/StrictMode(23858): at android.app.SharedPreferencesImpl.awaitLoadedLocked(SharedPreferencesImpl.java:203)
D/StrictMode(23858): at android.app.SharedPreferencesImpl.getBoolean(SharedPreferencesImpl.java:260)
D/StrictMode(23858): at android.preference.PreferenceManager.setDefaultValues(PreferenceManager.java:481)
D/StrictMode(23858): at com.google.android.apps.gmm.base.h.a.a(PG:394)
D/StrictMode(23858): at com.google.android.apps.gmm.base.app.a.(PG:208)
D/StrictMode(23858): at com.google.android.apps.gmm.base.app.GoogleMapsApplication.onCreate(PG:66)
D/StrictMode(23858): at android.app.Instrumentation.callApplicationOnCreate(Instrumentation.java:1007)
D/StrictMode(23858): at android.app.ActivityThread.handleBindApplication(ActivityThread.java:4361)
D/StrictMode(23858): at android.app.ActivityThread.access$1500(ActivityThread.java:138)
D/StrictMode(23858): at android.app.ActivityThread$H.handleMessage(ActivityThread.java:1259)
D/StrictMode(23858): at android.os.Handler.dispatchMessage(Handler.java:102)
D/StrictMode(23858): at android.os.Looper.loop(Looper.java:136)
D/StrictMode(23858): at android.app.ActivityThread.main(ActivityThread.java:5034)
D/StrictMode(23858): at java.lang.reflect.Method.invoke(Native Method)
D/StrictMode(23858): at com.android.internal.os.ZygoteInit$MethodAndArgsCaller.run(ZygoteInit.java:1270)
D/StrictMode(23858): at com.android.internal.os.ZygoteInit.main(ZygoteInit.java:1086)
D/StrictMode(23858): StrictMode policy violation; ~duration=1343 ms: android.os.StrictMode$StrictModeDiskReadViolation: policy=31 violation=2
D/StrictMode(23858): at android.os.StrictMode$AndroidBlockGuardPolicy.onReadFromDisk(StrictMode.java:1135)
D/StrictMode(23858): at android.app.SharedPreferencesImpl.awaitLoadedLocked(SharedPreferencesImpl.java:203)
D/StrictMode(23858): at android.app.SharedPreferencesImpl.getInt(SharedPreferencesImpl.java:239)
D/StrictMode(23858): at com.google.android.apps.gmm.map.x.a.a(PG:168)
D/StrictMode(23858): at com.google.android.apps.gmm.base.h.a.a(PG:400)
D/StrictMode(23858): at com.google.android.apps.gmm.base.app.a.(PG:208)
D/StrictMode(23858): at com.google.android.apps.gmm.base.app.GoogleMapsApplication.onCreate(PG:66)
D/StrictMode(23858): at android.app.Instrumentation.callApplicationOnCreate(Instrumentation.java:1007)
D/StrictMode(23858): at android.app.ActivityThread.handleBindApplication(ActivityThread.java:4361)
D/StrictMode(23858): at android.app.ActivityThread.access$1500(ActivityThread.java:138)
D/StrictMode(23858): at android.app.ActivityThread$H.handleMessage(ActivityThread.java:1259)
D/StrictMode(23858): at android.os.Handler.dispatchMessage(Handler.java:102)
D/StrictMode(23858): at android.os.Looper.loop(Looper.java:136)
D/StrictMode(23858): at android.app.ActivityThread.main(ActivityThread.java:5034)
D/StrictMode(23858): at java.lang.reflect.Method.invoke(Native Method)
D/StrictMode(23858): at com.android.internal.os.ZygoteInit$MethodAndArgsCaller.run(ZygoteInit.java:1270)
D/StrictMode(23858): at com.android.internal.os.ZygoteInit.main(ZygoteInit.java:1086)
D/StrictMode(23858): StrictMode policy violation; ~duration=1310 ms: android.os.StrictMode$StrictModeDiskReadViolation: policy=31 violation=2
D/StrictMode(23858): at android.os.StrictMode$AndroidBlockGuardPolicy.onReadFromDisk(StrictMode.java:1135)
D/StrictMode(23858): at libcore.io.BlockGuardOs.open(BlockGuardOs.java:106)
D/StrictMode(23858): at libcore.io.IoUtils.canOpenReadOnly(IoUtils.java:163)
D/StrictMode(23858): at dalvik.system.DexPathList.findLibrary(DexPathList.java:384)
D/StrictMode(23858): at dalvik.system.BaseDexClassLoader.findLibrary(BaseDexClassLoader.java:77)
D/StrictMode(23858): at java.lang.Runtime.loadLibrary(Runtime.java:356)
D/StrictMode(23858): at java.lang.System.loadLibrary(System.java:526)
D/StrictMode(23858): at com.google.android.apps.gmm.map.util.jni.NativeHelper.initialize(PG:42)
D/StrictMode(23858): at com.google.android.apps.gmm.map.c.b.(PG:62)
D/StrictMode(23858): at com.google.android.apps.gmm.base.app.a.(PG:208)
D/StrictMode(23858): at com.google.android.apps.gmm.base.app.GoogleMapsApplication.onCreate(PG:66)
D/StrictMode(23858): at android.app.Instrumentation.callApplicationOnCreate(Instrumentation.java:1007)
D/StrictMode(23858): at android.app.ActivityThread.handleBindApplication(ActivityThread.java:4361)
D/StrictMode(23858): at android.app.ActivityThread.access$1500(ActivityThread.java:138)
D/StrictMode(23858): at android.app.ActivityThread$H.handleMessage(ActivityThread.java:1259)
D/StrictMode(23858): at android.os.Handler.dispatchMessage(Handler.java:102)
D/StrictMode(23858): at android.os.Looper.loop(Looper.java:136)
D/StrictMode(23858): at android.app.ActivityThread.main(ActivityThread.java:5034)
D/StrictMode(23858): at java.lang.reflect.Method.invoke(Native Method)
D/StrictMode(23858): at com.android.internal.os.ZygoteInit$MethodAndArgsCaller.run(ZygoteInit.java:1270)
D/StrictMode(23858): at com.android.internal.os.ZygoteInit.main(ZygoteInit.java:1086)
D/StrictMode(23858): StrictMode policy violation; ~duration=1060 ms: android.os.StrictMode$StrictModeDiskReadViolation: policy=287 violation=2
D/StrictMode(23858): at android.os.StrictMode$AndroidBlockGuardPolicy.onReadFromDisk(StrictMode.java:1135)
D/StrictMode(23858): at android.database.sqlite.SQLiteConnection.applyBlockGuardPolicy(SQLiteConnection.java:1041)
D/StrictMode(23858): at android.database.sqlite.SQLiteConnection.executeForCursorWindow(SQLiteConnection.java:842)
D/StrictMode(23858): at android.database.sqlite.SQLiteSession.executeForCursorWindow(SQLiteSession.java:836)
D/StrictMode(23858): at android.database.sqlite.SQLiteQuery.fillWindow(SQLiteQuery.java:62)
D/StrictMode(23858): at android.database.sqlite.SQLiteCursor.fillWindow(SQLiteCursor.java:144)
D/StrictMode(23858): at android.database.sqlite.SQLiteCursor.getCount(SQLiteCursor.java:133)
D/StrictMode(23858): at android.database.CursorToBulkCursorAdaptor.getBulkCursorDescriptor(CursorToBulkCursorAdaptor.java:148)
D/StrictMode(23858): at android.content.ContentProviderNative.onTransact(ContentProviderNative.java:118)
D/StrictMode(23858): at android.os.Binder.execTransact(Binder.java:404)
D/StrictMode(23858): # via Binder call with stack:
D/StrictMode(23858): android.os.StrictMode$LogStackTrace
D/StrictMode(23858): at android.os.StrictMode.readAndHandleBinderCallViolations(StrictMode.java:1705)
D/StrictMode(23858): at android.os.Parcel.readExceptionCode(Parcel.java:1447)
D/StrictMode(23858): at android.database.DatabaseUtils.readExceptionFromParcel(DatabaseUtils.java:134)
D/StrictMode(23858): at android.content.ContentProviderProxy.query(ContentProviderNative.java:413)
D/StrictMode(23858): at android.content.ContentResolver.query(ContentResolver.java:461)
D/StrictMode(23858): at android.content.ContentResolver.query(ContentResolver.java:404)
D/StrictMode(23858): at com.google.android.c.c.a(PG:89)
D/StrictMode(23858): at com.google.android.c.c.a(PG:109)
D/StrictMode(23858): at com.google.android.apps.gmm.map.u.p.a(PG:301)
D/StrictMode(23858): at com.google.android.apps.gmm.map.u.p.a(PG:170)
D/StrictMode(23858): at com.google.android.apps.gmm.map.c.b.a(PG:169)
D/StrictMode(23858): at com.google.android.apps.gmm.base.app.a.(PG:208)
D/StrictMode(23858): at com.google.android.apps.gmm.base.app.GoogleMapsApplication.onCreate(PG:66)
D/StrictMode(23858): at android.app.Instrumentation.callApplicationOnCreate(Instrumentation.java:1007)
D/StrictMode(23858): at android.app.ActivityThread.handleBindApplication(ActivityThread.java:4361)
D/StrictMode(23858): at android.app.ActivityThread.access$1500(ActivityThread.java:138)
D/StrictMode(23858): at android.app.ActivityThread$H.handleMessage(ActivityThread.java:1259)
D/StrictMode(23858): at android.os.Handler.dispatchMessage(Handler.java:102)
D/StrictMode(23858): at android.os.Looper.loop(Looper.java:136)
D/StrictMode(23858): at android.app.ActivityThread.main(ActivityThread.java:5034)
D/StrictMode(23858): at java.lang.reflect.Method.invoke(Native Method)
D/StrictMode(23858): at com.android.internal.os.ZygoteInit$MethodAndArgsCaller.run(ZygoteInit.java:1270)
D/StrictMode(23858): at com.android.internal.os.ZygoteInit.main(ZygoteInit.java:1086)
D/StrictMode(23858): StrictMode policy violation; ~duration=1026 ms: android.os.StrictMode$StrictModeDiskReadViolation: policy=31 violation=2
D/StrictMode(23858): at android.os.StrictMode$AndroidBlockGuardPolicy.onReadFromDisk(StrictMode.java:1135)
D/StrictMode(23858): at libcore.io.BlockGuardOs.open(BlockGuardOs.java:106)
D/StrictMode(23858): at libcore.io.IoBridge.open(IoBridge.java:393)
D/StrictMode(23858): at java.io.FileInputStream.(FileInputStream.java:78)
D/StrictMode(23858): at android.app.ContextImpl.openFileInput(ContextImpl.java:822)
D/StrictMode(23858): at android.content.ContextWrapper.openFileInput(ContextWrapper.java:179)
D/StrictMode(23858): at com.google.android.apps.gmm.u.b.i.a(PG:149)
D/StrictMode(23858): at com.google.android.apps.gmm.map.u.a.b.b(PG:494)
D/StrictMode(23858): at com.google.android.apps.gmm.map.c.b.a(PG:169)
D/StrictMode(23858): at com.google.android.apps.gmm.base.app.a.(PG:208)
D/StrictMode(23858): at com.google.android.apps.gmm.base.app.GoogleMapsApplication.onCreate(PG:66)
D/StrictMode(23858): at android.app.Instrumentation.callApplicationOnCreate(Instrumentation.java:1007)
D/StrictMode(23858): at android.app.ActivityThread.handleBindApplication(ActivityThread.java:4361)
D/StrictMode(23858): at android.app.ActivityThread.access$1500(ActivityThread.java:138)
D/StrictMode(23858): at android.app.ActivityThread$H.handleMessage(ActivityThread.java:1259)
D/StrictMode(23858): at android.os.Handler.dispatchMessage(Handler.java:102)
D/StrictMode(23858): at android.os.Looper.loop(Looper.java:136)
D/StrictMode(23858): at android.app.ActivityThread.main(ActivityThread.java:5034)
D/StrictMode(23858): at java.lang.reflect.Method.invoke(Native Method)
D/StrictMode(23858): at com.android.internal.os.ZygoteInit$MethodAndArgsCaller.run(ZygoteInit.java:1270)
D/StrictMode(23858): at com.android.internal.os.ZygoteInit.main(ZygoteInit.java:1086)
D/StrictMode(23858): StrictMode policy violation; ~duration=1025 ms: android.os.StrictMode$StrictModeDiskReadViolation: policy=31 violation=2
D/StrictMode(23858): at android.os.StrictMode$AndroidBlockGuardPolicy.onReadFromDisk(StrictMode.java:1135)
D/StrictMode(23858): at libcore.io.BlockGuardOs.read(BlockGuardOs.java:148)
D/StrictMode(23858): at libcore.io.IoBridge.read(IoBridge.java:425)
D/StrictMode(23858): at java.io.FileInputStream.read(FileInputStream.java:179)
D/StrictMode(23858): at java.io.BufferedInputStream.read(BufferedInputStream.java:283)
D/StrictMode(23858): at java.io.DataInputStream.read(DataInputStream.java:63)
D/StrictMode(23858): at com.google.n.j.c(PG:1148)
D/StrictMode(23858): at com.google.n.j.a(PG:121)
D/StrictMode(23858): at com.google.q.b.a.cs.(PG:1222)
D/StrictMode(23858): at com.google.q.b.a.cs.(PG:1187)
D/StrictMode(23858): at com.google.q.b.a.ct.a(PG:1266)
D/StrictMode(23858): at com.google.n.e.a(PG:168)
D/StrictMode(23858): at com.google.n.e.b(PG:21)
D/StrictMode(23858): at com.google.android.apps.gmm.u.b.i.a(PG:150)
D/StrictMode(23858): at com.google.android.apps.gmm.map.u.a.b.b(PG:494)
D/StrictMode(23858): at com.google.android.apps.gmm.map.c.b.a(PG:169)
D/StrictMode(23858): at com.google.android.apps.gmm.base.app.a.(PG:208)
D/StrictMode(23858): at com.google.android.apps.gmm.base.app.GoogleMapsApplication.onCreate(PG:66)
D/StrictMode(23858): at android.app.Instrumentation.callApplicationOnCreate(Instrumentation.java:1007)
D/StrictMode(23858): at android.app.ActivityThread.handleBindApplication(ActivityThread.java:4361)
D/StrictMode(23858): at android.app.ActivityThread.access$1500(ActivityThread.java:138)
D/StrictMode(23858): at android.app.ActivityThread$H.handleMessage(ActivityThread.java:1259)
D/StrictMode(23858): at android.os.Handler.dispatchMessage(Handler.java:102)
D/StrictMode(23858): at android.os.Looper.loop(Looper.java:136)
D/StrictMode(23858): at android.app.ActivityThread.main(ActivityThread.java:5034)
D/StrictMode(23858): at java.lang.reflect.Method.invoke(Native Method)
D/StrictMode(23858): at com.android.internal.os.ZygoteInit$MethodAndArgsCaller.run(ZygoteInit.java:1270)
D/StrictMode(23858): at com.android.internal.os.ZygoteInit.main(ZygoteInit.java:1086)
D/StrictMode(23858): StrictMode policy violation; ~duration=821 ms: android.os.StrictMode$StrictModeDiskReadViolation: policy=31 violation=2
D/StrictMode(23858): at android.os.StrictMode$AndroidBlockGuardPolicy.onReadFromDisk(StrictMode.java:1135)
D/StrictMode(23858): at android.app.SharedPreferencesImpl.awaitLoadedLocked(SharedPreferencesImpl.java:203)
D/StrictMode(23858): at android.app.SharedPreferencesImpl.getInt(SharedPreferencesImpl.java:239)
D/StrictMode(23858): at com.google.android.apps.gmm.y.k.(PG:132)
D/StrictMode(23858): at com.google.android.apps.gmm.y.k.(PG:121)
D/StrictMode(23858): at com.google.android.apps.gmm.base.app.a.l_(PG:384)
D/StrictMode(23858): at com.google.android.apps.gmm.g.a.(PG:133)
