E/LocSvc_eng(16187): D/void loc_eng_deferred_action_thread(void*):1627] received msg_id = LOC_ENG_MSG_REPORT_NMEA context = 0x4b0c7e10
E/LocSvc_adapter(16187): I/<--- void globalEventCb(locClientHandleType, uint32_t, locClientEventIndUnionType, void*) line 88 QMI_LOC_EVENT_NMEA_IND_V02
E/LocSvc_eng(16187): D/void loc_eng_deferred_action_thread(void*):1627] received msg_id = LOC_ENG_MSG_REPORT_NMEA context = 0x4b0c7e10
E/LocSvc_adapter(16187): I/<--- void globalEventCb(locClientHandleType, uint32_t, locClientEventIndUnionType, void*) line 88 QMI_LOC_EVENT_GNSS_SV_INFO_IND_V02
E/LocSvc_adapter(16187): I/num sv: 18 ephemeris mask: 1367877666 almanac mask: 51882822
E/LocSvc_adapter(16187): used in fix mask: 51002000
E/LocSvc_adapter(16187): sv: prn snr elevation azimuth
E/LocSvc_adapter(16187): I/ 0: 14 29.400000 31.000000 254.000000
E/LocSvc_adapter(16187): I/ 1: 25 25.600000 75.000000 284.000000
E/LocSvc_adapter(16187): I/ 2: 29 20.400000 31.000000 212.000000
E/LocSvc_adapter(16187): I/ 3: 31 30.200001 23.000000 307.000000
E/LocSvc_adapter(16187): I/ 9: 78 18.100000 18.000000 312.000000
E/LocSvc_adapter(16187): I/ 10: 77 23.600000 72.000000 317.000000
E/LocSvc_adapter(16187): I/ 11: 69 20.400000 14.000000 354.000000
E/LocSvc_eng(16187): D/void loc_eng_deferred_action_thread(void*):1627] received msg_id = LOC_ENG_MSG_REPORT_SV context = 0x4b0c7e10
E/LocSvc_adapter(16187): I/<--- void globalEventCb(locClientHandleType, uint32_t, locClientEventIndUnionType, void*) line 88 QMI_LOC_EVENT_POSITION_REPORT_IND_V02
E/LocSvc_adapter(16187): D/Reporting postion from V2 Adapter
E/LocSvc_eng(16187): D/void loc_eng_deferred_action_thread(void*):1627] received msg_id = LOC_ENG_MSG_REPORT_POSITION context = 0x4b0c7e10
D/Finsky (24321): [1] DailyHygiene.goMakeHygieneIfDirty: No need to run daily hygiene.
W/Settings(24321): Setting download_manager_max_bytes_over_mobile has moved from android.provider.Settings.Secure to android.provider.Settings.Global.
W/Settings(24321): Setting download_manager_recommended_max_bytes_over_mobile has moved from android.provider.Settings.Secure to android.provider.Settings.Global.
I/ActivityManager(16187): Killing 20808:nitro.phonestats/u0a93 (adj 15): empty #17
D/Finsky (24321): [1] 2.run: Loaded library for account: [-i6QyouqXOzMYFzmd4-gxHApjjg]
D/Finsky (24321): [1] 2.run: Finished loading 1 libraries.
D/Finsky (24321): [6465] InAppBillingUtils.pickAccount: ch.corridor5.opm: Account determined from installer data - [-i6QyouqXOzMYFzmd4-gxHApjjg]
D/Finsky (24321): [6464] InAppBillingUtils.pickAccount: ch.corridor5.opm: Account determined from installer data - [-i6QyouqXOzMYFzmd4-gxHApjjg]
D/Finsky (24321): [1] GmsCoreHelper.cleanupNlp: result=false type=4
E/k9 (17667): Failed to login, closing connection for conn1707354816
D/Finsky (24321): [1] RestoreTracker.stopServiceIfDone: Restore complete with 0 success and 0 failed.
E/k9 (17667): Unable to open connection for bokomoko:AA-bokomoko.dev/Thread-3335/conn1707354816
E/k9 (17667): com.fsck.k9.mail.AuthenticationFailedException
E/k9 (17667): at com.fsck.k9.mail.store.ImapStore$ImapConnection.open(ImapStore.java:2546)
E/k9 (17667): at com.fsck.k9.mail.store.ImapStore$ImapFolder.getPrefixedName(ImapStore.java:850)
E/k9 (17667): at com.fsck.k9.mail.store.ImapStore$ImapFolderPusher.getPrefixedName(ImapStore.java:2926)
E/k9 (17667): at com.fsck.k9.mail.store.ImapStore$ImapFolder.internalOpen(ImapStore.java:909)
E/k9 (17667): at com.fsck.k9.mail.store.ImapStore$ImapFolderPusher.internalOpen(ImapStore.java:2926)
E/k9 (17667): at com.fsck.k9.mail.store.ImapStore$ImapFolderPusher$1.run(ImapStore.java:3005)
E/k9 (17667): at java.lang.Thread.run(Thread.java:811)
E/k9 (17667): Caused by: com.fsck.k9.mail.store.ImapStore$ImapException: Command: *sensitive*; response: #2# [NO, Maximum number of connections from user+IP exceeded (mail_max_userip_connections)]
E/k9 (17667): at com.fsck.k9.mail.store.ImapStore$ImapConnection.executeSimpleCommand(ImapStore.java:2860)
E/k9 (17667): at com.fsck.k9.mail.store.ImapStore$ImapConnection.executeSimpleCommand(ImapStore.java:2816)
E/k9 (17667): at com.fsck.k9.mail.store.ImapStore$ImapConnection.open(ImapStore.java:2542)
E/k9 (17667): ... 6 more
E/k9 (17667): Got exception while idling for bokomoko:AA-bokomoko.dev/Thread-3335
E/k9 (17667): com.fsck.k9.mail.AuthenticationFailedException
E/k9 (17667): at com.fsck.k9.mail.store.ImapStore$ImapConnection.open(ImapStore.java:2546)
E/k9 (17667): at com.fsck.k9.mail.store.ImapStore$ImapFolder.getPrefixedName(ImapStore.java:850)
E/k9 (17667): at com.fsck.k9.mail.store.ImapStore$ImapFolderPusher.getPrefixedName(ImapStore.java:2926)
E/k9 (17667): at com.fsck.k9.mail.store.ImapStore$ImapFolder.internalOpen(ImapStore.java:909)
E/k9 (17667): at com.fsck.k9.mail.store.ImapStore$ImapFolderPusher.internalOpen(ImapStore.java:2926)
E/k9 (17667): at com.fsck.k9.mail.store.ImapStore$ImapFolderPusher$1.run(ImapStore.java:3005)
E/k9 (17667): at java.lang.Thread.run(Thread.java:811)
E/k9 (17667): Caused by: com.fsck.k9.mail.store.ImapStore$ImapException: Command: *sensitive*; response: #2# [NO, Maximum number of connections from user+IP exceeded (mail_max_userip_connections)]
E/k9 (17667): at com.fsck.k9.mail.store.ImapStore$ImapConnection.executeSimpleCommand(ImapStore.java:2860)
E/k9 (17667): at com.fsck.k9.mail.store.ImapStore$ImapConnection.executeSimpleCommand(ImapStore.java:2816)
E/k9 (17667): at com.fsck.k9.mail.store.ImapStore$ImapConnection.open(ImapStore.java:2542)
E/k9 (17667): ... 6 more
D/StatusBar.NetworkController(16454): refreshViews connected={ wifi } level=3 combinedSignalIconId=0x7f0200a2/com.android.systemui:drawable/stat_sys_wifi_signal_2_fully mobileLabel=maXXim wifiLabel="FairSpot_FREE"xxxxXXXXxxxxXXXX emergencyOnly=false combinedLabel="FairSpot_FREE"xxxxXXXXxxxxXXXX mAirplaneMode=false mDataActivity=0 mPhoneSignalIconId=0x7f02009a mQSPhoneSignalIconId=0x7f020045 mDataDirectionIconId=0x0 mDataSignalIconId=0x7f02009a mDataTypeIconId=0x7f02008e mQSDataTypeIconId=0x7f02004b mNoSimIconId=0x0 mWifiIconId=0x7f0200a2 mQSWifiIconId=0x7f02005e mBluetoothTetherIconId=0x10805d0
E/k9 (17667): Failed to login, closing connection for conn1711187552
E/k9 (17667): Unable to open connection for bokomoko:AA-bokomoko.order/Thread-3328/conn1711187552
E/k9 (17667): com.fsck.k9.mail.AuthenticationFailedException
E/k9 (17667): at com.fsck.k9.mail.store.ImapStore$ImapConnection.open(ImapStore.java:2546)
E/k9 (17667): at com.fsck.k9.mail.store.ImapStore$ImapFolder.getPrefixedName(ImapStore.java:850)
E/k9 (17667): at com.fsck.k9.mail.store.ImapStore$ImapFolderPusher.getPrefixedName(ImapStore.java:2926)
E/k9 (17667): at com.fsck.k9.mail.store.ImapStore$ImapFolder.internalOpen(ImapStore.java:909)
E/k9 (17667): at com.fsck.k9.mail.store.ImapStore$ImapFolderPusher.internalOpen(ImapStore.java:2926)
E/k9 (17667): at com.fsck.k9.mail.store.ImapStore$ImapFolderPusher$1.run(ImapStore.java:3005)
E/k9 (17667): at java.lang.Thread.run(Thread.java:811)
E/k9 (17667): Caused by: com.fsck.k9.mail.store.ImapStore$ImapException: Command: *sensitive*; response: #2# [NO, Maximum number of connections from user+IP exceeded (mail_max_userip_connections)]
E/k9 (17667): at com.fsck.k9.mail.store.ImapStore$ImapConnection.executeSimpleCommand(ImapStore.java:2860)
E/k9 (17667): at com.fsck.k9.mail.store.ImapStore$ImapConnection.executeSimpleCommand(ImapStore.java:2816)
E/k9 (17667): at com.fsck.k9.mail.store.ImapStore$ImapConnection.open(ImapStore.java:2542)
E/k9 (17667): ... 6 more
I/k9 (17667): Got exception while idling, but stop is set for bokomoko:AA-bokomoko.order/Thread-3328
E/LocSvc_adapter(16187): I/<--- void globalEventCb(locClientHandleType, uint32_t, locClientEventIndUnionType, void*) line 88 QMI_LOC_EVENT_NMEA_IND_V02
E/LocSvc_eng(16187): D/void loc_eng_deferred_action_thread(void*):1627] received msg_id = LOC_ENG_MSG_REPORT_NMEA context = 0x4b0c7e10
E/LocSvc_adapter(16187): I/<--- void globalEventCb(locClientHandleType, uint32_t, locClientEventIndUnionType, void*) line 88 QMI_LOC_EVENT_NMEA_IND_V02
E/LocSvc_eng(16187): D/void loc_eng_deferred_action_thread(void*):1627] received msg_id = LOC_ENG_MSG_REPORT_NMEA context = 0x4b0c7e10
E/LocSvc_adapter(16187): I/<--- void globalEventCb(locClientHandleType, uint32_t, locClientEventIndUnionType, void*) line 88 QMI_LOC_EVENT_NMEA_IND_V02
E/LocSvc_eng(16187): D/void loc_eng_deferred_action_thread(void*):1627] received msg_id = LOC_ENG_MSG_REPORT_NMEA context = 0x4b0c7e10
E/LocSvc_adapter(16187): I/<--- void globalEventCb(locClientHandleType, uint32_t, locClientEventIndUnionType, void*) line 88 QMI_LOC_EVENT_NMEA_IND_V02
E/LocSvc_eng(16187): D/void loc_eng_deferred_action_thread(void*):1627] received msg_id = LOC_ENG_MSG_REPORT_NMEA context = 0x4b0c7e10
E/LocSvc_adapter(16187): I/<--- void globalEventCb(locClientHandleType, uint32_t, locClientEventIndUnionType, void*) line 88 QMI_LOC_EVENT_NMEA_IND_V02
E/LocSvc_eng(16187): D/void loc_eng_deferred_action_thread(void*):1627] received msg_id = LOC_ENG_MSG_REPORT_NMEA context = 0x4b0c7e10
E/LocSvc_adapter(16187): I/<--- void globalEventCb(locClientHandleType, uint32_t, locClientEventIndUnionType, void*) line 88 QMI_LOC_EVENT_NMEA_IND_V02
E/LocSvc_eng(16187): D/void loc_eng_deferred_action_thread(void*):1627] received msg_id = LOC_ENG_MSG_REPORT_NMEA context = 0x4b0c7e10
E/LocSvc_adapter(16187): I/<--- void globalEventCb(locClientHandleType, uint32_t, locClientEventIndUnionType, void*) line 88 QMI_LOC_EVENT_GNSS_SV_INFO_IND_V02
E/LocSvc_adapter(16187): I/num sv: 18 ephemeris mask: 1367877666 almanac mask: 51882822
E/LocSvc_adapter(16187): used in fix mask: 51002000
E/LocSvc_adapter(16187): sv: prn snr elevation azimuth
E/LocSvc_adapter(16187): I/ 0: 14 28.400000 31.000000 254.000000
E/LocSvc_adapter(16187): I/ 1: 25 25.700001 75.000000 284.000000
E/LocSvc_adapter(16187): I/ 2: 29 20.600000 31.000000 212.000000
E/LocSvc_adapter(16187): I/ 3: 31 27.400000 23.000000 307.000000
E/LocSvc_adapter(16187): I/ 9: 78 16.100000 18.000000 312.000000
E/LocSvc_adapter(16187): I/ 10: 77 20.500000 72.000000 317.000000
E/LocSvc_adapter(16187): I/ 11: 69 21.900000 14.000000 354.000000
E/LocSvc_eng(16187): D/void loc_eng_deferred_action_thread(void*):1627] received msg_id = LOC_ENG_MSG_REPORT_SV context = 0x4b0c7e10
E/LocSvc_adapter(16187): I/<--- void globalEventCb(locClientHandleType, uint32_t, locClientEventIndUnionType, void*) line 88 QMI_LOC_EVENT_NMEA_IND_V02
E/LocSvc_eng(16187): D/void loc_eng_deferred_action_thread(void*):1627] received msg_id = LOC_ENG_MSG_REPORT_NMEA context = 0x4b0c7e10
E/LocSvc_adapter(16187): I/<--- void globalEventCb(locClientHandleType, uint32_t, locClientEventIndUnionType, void*) line 88 QMI_LOC_EVENT_NMEA_IND_V02
E/LocSvc_eng(16187): D/void loc_eng_deferred_action_thread(void*):1627] received msg_id = LOC_ENG_MSG_REPORT_NMEA context = 0x4b0c7e10
E/LocSvc_adapter(16187): I/<--- void globalEventCb(locClientHandleType, uint32_t, locClientEventIndUnionType, void*) line 88 QMI_LOC_EVENT_NMEA_IND_V02
E/LocSvc_eng(16187): D/void loc_eng_deferred_action_thread(void*):1627] received msg_id = LOC_ENG_MSG_REPORT_NMEA context = 0x4b0c7e10
E/LocSvc_adapter(16187): I/<--- void globalEventCb(locClientHandleType, uint32_t, locClientEventIndUnionType, void*) line 88 QMI_LOC_EVENT_NMEA_IND_V02
E/LocSvc_eng(16187): D/void loc_eng_deferred_action_thread(void*):1627] received msg_id = LOC_ENG_MSG_REPORT_NMEA context = 0x4b0c7e10
E/LocSvc_adapter(16187): I/<--- void globalEventCb(locClientHandleType, uint32_t, locClientEventIndUnionType, void*) line 88 QMI_LOC_EVENT_NMEA_IND_V02
E/LocSvc_eng(16187): D/void loc_eng_deferred_action_thread(void*):1627] received msg_id = LOC_ENG_MSG_REPORT_NMEA context = 0x4b0c7e10
E/LocSvc_adapter(16187): I/<--- void globalEventCb(locClientHandleType, uint32_t, locClientEventIndUnionType, void*) line 88 QMI_LOC_EVENT_NMEA_IND_V02
E/LocSvc_eng(16187): D/void loc_eng_deferred_action_thread(void*):1627] received msg_id = LOC_ENG_MSG_REPORT_NMEA context = 0x4b0c7e10
E/LocSvc_adapter(16187): I/<--- void globalEventCb(locClientHandleType, uint32_t, locClientEventIndUnionType, void*) line 88 QMI_LOC_EVENT_NMEA_IND_V02
E/LocSvc_eng(16187): D/void loc_eng_deferred_action_thread(void*):1627] received msg_id = LOC_ENG_MSG_REPORT_NMEA context = 0x4b0c7e10
E/LocSvc_adapter(16187): I/<--- void globalEventCb(locClientHandleType, uint32_t, locClientEventIndUnionType, void*) line 88 QMI_LOC_EVENT_GNSS_SV_INFO_IND_V02
E/LocSvc_adapter(16187): I/num sv: 18 ephemeris mask: 1367877666 almanac mask: 51882822
E/LocSvc_adapter(16187): used in fix mask: 51002000
E/LocSvc_adapter(16187): sv: prn snr elevation azimuth
E/LocSvc_adapter(16187): I/ 0: 14 28.400000 31.000000 254.000000
E/LocSvc_adapter(16187): I/ 1: 25 25.700001 75.000000 284.000000
E/LocSvc_adapter(16187): I/ 2: 29 20.600000 31.000000 212.000000
E/LocSvc_adapter(16187): I/ 3: 31 27.400000 23.000000 307.000000
E/LocSvc_adapter(16187): I/ 9: 78 16.100000 18.000000 312.000000
E/LocSvc_adapter(16187): I/ 10: 77 20.500000 72.000000 317.000000
E/LocSvc_adapter(16187): I/ 11: 69 21.900000 14.000000 354.000000
E/LocSvc_eng(16187): D/void loc_eng_deferred_action_thread(void*):1627] received msg_id = LOC_ENG_MSG_REPORT_SV context = 0x4b0c7e10
E/LocSvc_adapter(16187): I/<--- void globalEventCb(locClientHandleType, uint32_t, locClientEventIndUnionType, void*) line 88 QMI_LOC_EVENT_POSITION_REPORT_IND_V02
E/LocSvc_adapter(16187): D/Reporting postion from V2 Adapter
E/LocSvc_eng(16187): D/void loc_eng_deferred_action_thread(void*):1627] received msg_id = LOC_ENG_MSG_REPORT_POSITION context = 0x4b0c7e10
E/LocSvc_adapter(16187): I/<--- void globalEventCb(locClientHandleType, uint32_t, locClientEventIndUnionType, void*) line 88 QMI_LOC_EVENT_NMEA_IND_V02
E/LocSvc_eng(16187): D/void loc_eng_deferred_action_thread(void*):1627] received msg_id = LOC_ENG_MSG_REPORT_NMEA context = 0x4b0c7e10
E/LocSvc_adapter(16187): I/<--- void globalEventCb(locClientHandleType, uint32_t, locClientEventIndUnionType, void*) line 88 QMI_LOC_EVENT_NMEA_IND_V02
E/LocSvc_eng(16187): D/void loc_eng_deferred_action_thread(void*):1627] received msg_id = LOC_ENG_MSG_REPORT_NMEA context = 0x4b0c7e10
E/LocSvc_adapter(16187): I/<--- void globalEventCb(locClientHandleType, uint32_t, locClientEventIndUnionType, void*) line 88 QMI_LOC_EVENT_NMEA_IND_V02
E/LocSvc_eng(16187): D/void loc_eng_deferred_action_thread(void*):1627] received msg_id = LOC_ENG_MSG_REPORT_NMEA context = 0x4b0c7e10
E/LocSvc_adapter(16187): I/<--- void globalEventCb(locClientHandleType, uint32_t, locClientEventIndUnionType, void*) line 88 QMI_LOC_EVENT_NMEA_IND_V02
E/LocSvc_eng(16187): D/void loc_eng_deferred_action_thread(void*):1627] received msg_id = LOC_ENG_MSG_REPORT_NMEA context = 0x4b0c7e10
E/LocSvc_adapter(16187): I/<--- void globalEventCb(locClientHandleType, uint32_t, locClientEventIndUnionType, void*) line 88 QMI_LOC_EVENT_NMEA_IND_V02
E/LocSvc_eng(16187): D/void loc_eng_deferred_action_thread(void*):1627] received msg_id = LOC_ENG_MSG_REPORT_NMEA context = 0x4b0c7e10
E/LocSvc_adapter(16187): I/<--- void globalEventCb(locClientHandleType, uint32_t, locClientEventIndUnionType, void*) line 88 QMI_LOC_EVENT_NMEA_IND_V02
E/LocSvc_eng(16187): D/void loc_eng_deferred_action_thread(void*):1627] received msg_id = LOC_ENG_MSG_REPORT_NMEA context = 0x4b0c7e10
E/LocSvc_adapter(16187): I/<--- void globalEventCb(locClientHandleType, uint32_t, locClientEventIndUnionType, void*) line 88 QMI_LOC_EVENT_GNSS_SV_INFO_IND_V02
E/LocSvc_adapter(16187): I/num sv: 18 ephemeris mask: 1367877666 almanac mask: 51882822
E/LocSvc_adapter(16187): used in fix mask: 51002000
E/LocSvc_adapter(16187): sv: prn snr elevation azimuth
E/LocSvc_adapter(16187): I/ 0: 14 27.299999 31.000000 254.000000
E/LocSvc_adapter(16187): I/ 1: 25 17.100000 75.000000 284.000000
E/LocSvc_adapter(16187): I/ 2: 29 18.100000 31.000000 212.000000
E/LocSvc_adapter(16187): I/ 3: 31 28.600000 23.000000 307.000000
E/LocSvc_adapter(16187): I/ 9: 78 20.900000 18.000000 312.000000
E/LocSvc_adapter(16187): I/ 10: 77 18.100000 72.000000 317.000000
E/LocSvc_adapter(16187): I/ 11: 69 18.000000 14.000000 354.000000
E/LocSvc_eng(16187): D/void loc_eng_deferred_action_thread(void*):1627] received msg_id = LOC_ENG_MSG_REPORT_SV context = 0x4b0c7e10
E/LocSvc_adapter(16187): I/<--- void globalEventCb(locClientHandleType, uint32_t, locClientEventIndUnionType, void*) line 88 QMI_LOC_EVENT_NMEA_IND_V02
E/LocSvc_eng(16187): D/void loc_eng_deferred_action_thread(void*):1627] received msg_id = LOC_ENG_MSG_REPORT_NMEA context = 0x4b0c7e10
E/LocSvc_adapter(16187): I/<--- void globalEventCb(locClientHandleType, uint32_t, locClientEventIndUnionType, void*) line 88 QMI_LOC_EVENT_NMEA_IND_V02
E/LocSvc_eng(16187): D/void loc_eng_deferred_action_thread(void*):1627] received msg_id = LOC_ENG_MSG_REPORT_NMEA context = 0x4b0c7e10
E/LocSvc_adapter(16187): I/<--- void globalEventCb(locClientHandleType, uint32_t, locClientEventIndUnionType, void*) line 88 QMI_LOC_EVENT_NMEA_IND_V02
E/LocSvc_eng(16187): D/void loc_eng_deferred_action_thread(void*):1627] received msg_id = LOC_ENG_MSG_REPORT_NMEA context = 0x4b0c7e10
E/LocSvc_adapter(16187): I/<--- void globalEventCb(locClientHandleType, uint32_t, locClientEventIndUnionType, void*) line 88 QMI_LOC_EVENT_NMEA_IND_V02
E/LocSvc_eng(16187): D/void loc_eng_deferred_action_thread(void*):1627] received msg_id = LOC_ENG_MSG_REPORT_NMEA context = 0x4b0c7e10
E/LocSvc_adapter(16187): I/<--- void globalEventCb(locClientHandleType, uint32_t, locClientEventIndUnionType, void*) line 88 QMI_LOC_EVENT_NMEA_IND_V02
E/LocSvc_eng(16187): D/void loc_eng_deferred_action_thread(void*):1627] received msg_id = LOC_ENG_MSG_REPORT_NMEA context = 0x4b0c7e10
E/LocSvc_adapter(16187): I/<--- void globalEventCb(locClientHandleType, uint32_t, locClientEventIndUnionType, void*) line 88 QMI_LOC_EVENT_NMEA_IND_V02
E/LocSvc_eng(16187): D/void loc_eng_deferred_action_thread(void*):1627] received msg_id = LOC_ENG_MSG_REPORT_NMEA context = 0x4b0c7e10
E/LocSvc_adapter(16187): I/<--- void globalEventCb(locClientHandleType, uint32_t, locClientEventIndUnionType, void*) line 88 QMI_LOC_EVENT_NMEA_IND_V02
E/LocSvc_eng(16187): D/void loc_eng_deferred_action_thread(void*):1627] received msg_id = LOC_ENG_MSG_REPORT_NMEA context = 0x4b0c7e10
E/LocSvc_adapter(16187): I/<--- void globalEventCb(locClientHandleType, uint32_t, locClientEventIndUnionType, void*) line 88 QMI_LOC_EVENT_GNSS_SV_INFO_IND_V02
E/LocSvc_adapter(16187): I/num sv: 18 ephemeris mask: 1367877666 almanac mask: 51882822
E/LocSvc_adapter(16187): used in fix mask: 51002000
E/LocSvc_adapter(16187): sv: prn snr elevation azimuth
E/LocSvc_adapter(16187): I/ 0: 14 27.299999 31.000000 254.000000
E/LocSvc_adapter(16187): I/ 1: 25 17.100000 75.000000 284.000000
E/LocSvc_adapter(16187): I/ 2: 29 18.100000 31.000000 212.000000
E/LocSvc_adapter(16187): I/ 3: 31 28.600000 23.000000 307.000000
E/LocSvc_adapter(16187): I/ 9: 78 20.900000 18.000000 312.000000
E/LocSvc_adapter(16187): I/ 10: 77 18.100000 72.000000 317.000000
E/LocSvc_adapter(16187): I/ 11: 69 18.000000 14.000000 354.000000
E/LocSvc_eng(16187): D/void loc_eng_deferred_action_thread(void*):1627] received msg_id = LOC_ENG_MSG_REPORT_SV context = 0x4b0c7e10
E/LocSvc_adapter(16187): I/<--- void globalEventCb(locClientHandleType, uint32_t, locClientEventIndUnionType, void*) line 88 QMI_LOC_EVENT_POSITION_REPORT_IND_V02
E/LocSvc_adapter(16187): D/Reporting postion from V2 Adapter
E/LocSvc_eng(16187): D/void loc_eng_deferred_action_thread(void*):1627] received msg_id = LOC_ENG_MSG_REPORT_POSITION context = 0x4b0c7e10
E/Watchdog(16187): !@Sync 848
D/ALSADevice(16033): standby: handle 0xb853ba68 h 0x0
V/ALSADevice(16033): standby handle h 0xb85521e8
D/alsa_ucm(16033): snd_use_case_set(): uc_mgr 0xb8501808 identifier _verb value Inactive
D/alsa_ucm(16033): Set mixer controls for HiFi Lowlatency enable 0
D/alsa_ucm(16033): Setting mixer control: SLIMBUS_0_RX Audio Mixer MultiMedia5, value: 0
V/ALSADevice(16033): Number of modifiers 1
V/ALSADevice(16033): index 0 modifier Capture Music
V/ALSADevice(16033): use case is Capture Music
V/ALSADevice(16033): usecase_type is 2
D/alsa_ucm(16033): snd_use_case_set(): uc_mgr 0xb8501808 identifier _disdev value Speaker
D/alsa_ucm(16033): Set mixer controls for Speaker enable 0
D/alsa_ucm(16033): Setting mixer control: RX5 MIX1 INP1, value: ZERO
D/alsa_ucm(16033): Setting mixer control: RX5 MIX1 INP2, value: ZERO
D/alsa_ucm(16033): Setting mixer control: LINEOUT2 Volume, value: 0
D/alsa_ucm(16033): Setting mixer control: LINEOUT4 Volume, value: 0
D/alsa_ucm(16033): Setting mixer control: RX5 Digital Volume, value: 0
E/LocSvc_adapter(16187): I/<--- void globalEventCb(locClientHandleType, uint32_t, locClientEventIndUnionType, void*) line 88 QMI_LOC_EVENT_NMEA_IND_V02
E/LocSvc_eng(16187): D/void loc_eng_deferred_action_thread(void*):1627] received msg_id = LOC_ENG_MSG_REPORT_NMEA context = 0x4b0c7e10
E/LocSvc_adapter(16187): I/<--- void globalEventCb(locClientHandleType, uint32_t, locClientEventIndUnionType, void*) line 88 QMI_LOC_EVENT_NMEA_IND_V02
E/LocSvc_eng(16187): D/void loc_eng_deferred_action_thread(void*):1627] received msg_id = LOC_ENG_MSG_REPORT_NMEA context = 0x4b0c7e10
E/LocSvc_adapter(16187): I/<--- void globalEventCb(locClientHandleType, uint32_t, locClientEventIndUnionType, void*) line 88 QMI_LOC_EVENT_NMEA_IND_V02
E/LocSvc_eng(16187): D/void loc_eng_deferred_action_thread(void*):1627] received msg_id = LOC_ENG_MSG_REPORT_NMEA context = 0x4b0c7e10
E/LocSvc_adapter(16187): I/<--- void globalEventCb(locClientHandleType, uint32_t, locClientEventIndUnionType, void*) line 88 QMI_LOC_EVENT_NMEA_IND_V02
E/LocSvc_eng(16187): D/void loc_eng_deferred_action_thread(void*):1627] received msg_id = LOC_ENG_MSG_REPORT_NMEA context = 0x4b0c7e10
E/LocSvc_adapter(16187): I/<--- void globalEventCb(locClientHandleType, uint32_t, locClientEventIndUnionType, void*) line 88 QMI_LOC_EVENT_NMEA_IND_V02
E/LocSvc_eng(16187): D/void loc_eng_deferred_action_thread(void*):1627] received msg_id = LOC_ENG_MSG_REPORT_NMEA context = 0x4b0c7e10
E/LocSvc_adapter(16187): I/<--- void globalEventCb(locClientHandleType, uint32_t, locClientEventIndUnionType, void*) line 88 QMI_LOC_EVENT_NMEA_IND_V02
E/LocSvc_eng(16187): D/void loc_eng_deferred_action_thread(void*):1627] received msg_id = LOC_ENG_MSG_REPORT_NMEA context = 0x4b0c7e10
E/LocSvc_adapter(16187): I/<--- void globalEventCb(locClientHandleType, uint32_t, locClientEventIndUnionType, void*) line 88 QMI_LOC_EVENT_GNSS_SV_INFO_IND_V02
E/LocSvc_adapter(16187): I/num sv: 18 ephemeris mask: 1367877666 almanac mask: 51882822
E/LocSvc_adapter(16187): used in fix mask: 51002000
E/LocSvc_adapter(16187): sv: prn snr elevation azimuth
E/LocSvc_adapter(16187): I/ 0: 14 25.100000 31.000000 254.000000
E/LocSvc_adapter(16187): I/ 1: 25 20.600000 75.000000 284.000000
E/LocSvc_adapter(16187): I/ 2: 29 17.200001 31.000000 212.000000
E/LocSvc_adapter(16187): I/ 3: 31 29.000000 23.000000 307.000000
E/LocSvc_adapter(16187): I/ 9: 78 16.700001 18.000000 312.000000
E/LocSvc_adapter(16187): I/ 10: 77 21.100000 72.000000 317.000000
E/LocSvc_adapter(16187): I/ 11: 69 19.100000 14.000000 354.000000
E/LocSvc_eng(16187): D/void loc_eng_deferred_action_thread(void*):1627] received msg_id = LOC_ENG_MSG_REPORT_SV context = 0x4b0c7e10
E/LocSvc_adapter(16187): I/<--- void globalEventCb(locClientHandleType, uint32_t, locClientEventIndUnionType, void*) line 88 QMI_LOC_EVENT_NMEA_IND_V02
E/LocSvc_eng(16187): D/void loc_eng_deferred_action_thread(void*):1627] received msg_id = LOC_ENG_MSG_REPORT_NMEA context = 0x4b0c7e10
E/LocSvc_adapter(16187): I/<--- void globalEventCb(locClientHandleType, uint32_t, locClientEventIndUnionType, void*) line 88 QMI_LOC_EVENT_NMEA_IND_V02
E/LocSvc_eng(16187): D/void loc_eng_deferred_action_thread(void*):1627] received msg_id = LOC_ENG_MSG_REPORT_NMEA context = 0x4b0c7e10
E/LocSvc_adapter(16187): I/<--- void globalEventCb(locClientHandleType, uint32_t, locClientEventIndUnionType, void*) line 88 QMI_LOC_EVENT_NMEA_IND_V02
E/LocSvc_eng(16187): D/void loc_eng_deferred_action_thread(void*):1627] received msg_id = LOC_ENG_MSG_REPORT_NMEA context = 0x4b0c7e10
E/LocSvc_adapter(16187): I/<--- void globalEventCb(locClientHandleType, uint32_t, locClientEventIndUnionType, void*) line 88 QMI_LOC_EVENT_NMEA_IND_V02
E/LocSvc_eng(16187): D/void loc_eng_deferred_action_thread(void*):1627] received msg_id = LOC_ENG_MSG_REPORT_NMEA context = 0x4b0c7e10
E/LocSvc_adapter(16187): I/<--- void globalEventCb(locClientHandleType, uint32_t, locClientEventIndUnionType, void*) line 88 QMI_LOC_EVENT_NMEA_IND_V02
E/LocSvc_eng(16187): D/void loc_eng_deferred_action_thread(void*):1627] received msg_id = LOC_ENG_MSG_REPORT_NMEA context = 0x4b0c7e10
E/LocSvc_adapter(16187): I/<--- void globalEventCb(locClientHandleType, uint32_t, locClientEventIndUnionType, void*) line 88 QMI_LOC_EVENT_NMEA_IND_V02
E/LocSvc_eng(16187): D/void loc_eng_deferred_action_thread(void*):1627] received msg_id = LOC_ENG_MSG_REPORT_NMEA context = 0x4b0c7e10
E/LocSvc_adapter(16187): I/<--- void globalEventCb(locClientHandleType, uint32_t, locClientEventIndUnionType, void*) line 88 QMI_LOC_EVENT_NMEA_IND_V02
E/LocSvc_eng(16187): D/void loc_eng_deferred_action_thread(void*):1627] received msg_id = LOC_ENG_MSG_REPORT_NMEA context = 0x4b0c7e10
E/LocSvc_adapter(16187): I/<--- void globalEventCb(locClientHandleType, uint32_t, locClientEventIndUnionType, void*) line 88 QMI_LOC_EVENT_GNSS_SV_INFO_IND_V02
E/LocSvc_adapter(16187): I/num sv: 18 ephemeris mask: 1367877666 almanac mask: 51882822
E/LocSvc_adapter(16187): used in fix mask: 51002000
E/LocSvc_adapter(16187): sv: prn snr elevation azimuth
E/LocSvc_adapter(16187): I/ 0: 14 25.100000 31.000000 254.000000
E/LocSvc_adapter(16187): I/ 1: 25 20.600000 75.000000 284.000000
E/LocSvc_adapter(16187): I/ 2: 29 17.200001 31.000000 212.000000
E/LocSvc_adapter(16187): I/ 3: 31 29.000000 23.000000 307.000000
E/LocSvc_adapter(16187): I/ 9: 78 16.700001 18.000000 312.000000
E/LocSvc_adapter(16187): I/ 10: 77 21.100000 72.000000 317.000000
E/LocSvc_adapter(16187): I/ 11: 69 19.100000 14.000000 354.000000
E/LocSvc_eng(16187): D/void loc_eng_deferred_action_thread(void*):1627] received msg_id = LOC_ENG_MSG_REPORT_SV context = 0x4b0c7e10
E/LocSvc_adapter(16187): I/<--- void globalEventCb(locClientHandleType, uint32_t, locClientEventIndUnionType, void*) line 88 QMI_LOC_EVENT_POSITION_REPORT_IND_V02
E/LocSvc_adapter(16187): D/Reporting postion from V2 Adapter
E/LocSvc_eng(16187): D/void loc_eng_deferred_action_thread(void*):1627] received msg_id = LOC_ENG_MSG_REPORT_POSITION context = 0x4b0c7e10
D/SSRMv2:Monitor(16187): SIOP:: AP = 400, Prev AP = 400, Duration = 10055
E/LocSvc_adapter(16187): I/<--- void globalEventCb(locClientHandleType, uint32_t, locClientEventIndUnionType, void*) line 88 QMI_LOC_EVENT_NMEA_IND_V02
E/LocSvc_eng(16187): D/void loc_eng_deferred_action_thread(void*):1627] received msg_id = LOC_ENG_MSG_REPORT_NMEA context = 0x4b0c7e10
E/LocSvc_adapter(16187): I/<--- void globalEventCb(locClientHandleType, uint32_t, locClientEventIndUnionType, void*) line 88 QMI_LOC_EVENT_NMEA_IND_V02
E/LocSvc_eng(16187): D/void loc_eng_deferred_action_thread(void*):1627] received msg_id = LOC_ENG_MSG_REPORT_NMEA context = 0x4b0c7e10
E/LocSvc_adapter(16187): I/<--- void globalEventCb(locClientHandleType, uint32_t, locClientEventIndUnionType, void*) line 88 QMI_LOC_EVENT_NMEA_IND_V02
E/LocSvc_eng(16187): D/void loc_eng_deferred_action_thread(void*):1627] received msg_id = LOC_ENG_MSG_REPORT_NMEA context = 0x4b0c7e10
E/LocSvc_adapter(16187): I/<--- void globalEventCb(locClientHandleType, uint32_t, locClientEventIndUnionType, void*) line 88 QMI_LOC_EVENT_NMEA_IND_V02
E/LocSvc_eng(16187): D/void loc_eng_deferred_action_thread(void*):1627] received msg_id = LOC_ENG_MSG_REPORT_NMEA context = 0x4b0c7e10
E/LocSvc_adapter(16187): I/<--- void globalEventCb(locClientHandleType, uint32_t, locClientEventIndUnionType, void*) line 88 QMI_LOC_EVENT_NMEA_IND_V02
E/LocSvc_eng(16187): D/void loc_eng_deferred_action_thread(void*):1627] received msg_id = LOC_ENG_MSG_REPORT_NMEA context = 0x4b0c7e10
E/LocSvc_adapter(16187): I/<--- void globalEventCb(locClientHandleType, uint32_t, locClientEventIndUnionType, void*) line 88 QMI_LOC_EVENT_NMEA_IND_V02
E/LocSvc_eng(16187): D/void loc_eng_deferred_action_thread(void*):1627] received msg_id = LOC_ENG_MSG_REPORT_NMEA context = 0x4b0c7e10
E/LocSvc_adapter(16187): I/<--- void globalEventCb(locClientHandleType, uint32_t, locClientEventIndUnionType, void*) line 88 QMI_LOC_EVENT_GNSS_SV_INFO_IND_V02
E/LocSvc_adapter(16187): I/num sv: 18 ephemeris mask: 1367877666 almanac mask: 51882822
E/LocSvc_adapter(16187): used in fix mask: 51002000
E/LocSvc_adapter(16187): sv: prn snr elevation azimuth
E/LocSvc_adapter(16187): I/ 0: 14 22.400000 31.000000 254.000000
E/LocSvc_adapter(16187): I/ 1: 25 26.600000 75.000000 284.000000
E/LocSvc_adapter(16187): I/ 2: 29 22.000000 31.000000 212.000000
E/LocSvc_adapter(16187): I/ 3: 31 28.000000 23.000000 307.000000
E/LocSvc_adapter(16187): I/ 9: 78 17.600000 18.000000 312.000000
E/LocSvc_adapter(16187): I/ 10: 77 20.299999 72.000000 317.000000
E/LocSvc_adapter(16187): I/ 11: 69 19.900000 14.000000 354.000000
E/LocSvc_eng(16187): D/void loc_eng_deferred_action_thread(void*):1627] received msg_id = LOC_ENG_MSG_REPORT_SV context = 0x4b0c7e10
E/LocSvc_adapter(16187): I/<--- void globalEventCb(locClientHandleType, uint32_t, locClientEventIndUnionType, void*) line 88 QMI_LOC_EVENT_NMEA_IND_V02
E/LocSvc_eng(16187): D/void loc_eng_deferred_action_thread(void*):1627] received msg_id = LOC_ENG_MSG_REPORT_NMEA context = 0x4b0c7e10
E/LocSvc_adapter(16187): I/<--- void globalEventCb(locClientHandleType, uint32_t, locClientEventIndUnionType, void*) line 88 QMI_LOC_EVENT_NMEA_IND_V02
E/LocSvc_eng(16187): D/void loc_eng_deferred_action_thread(void*):1627] received msg_id = LOC_ENG_MSG_REPORT_NMEA context = 0x4b0c7e10
E/LocSvc_adapter(16187): I/<--- void globalEventCb(locClientHandleType, uint32_t, locClientEventIndUnionType, void*) line 88 QMI_LOC_EVENT_NMEA_IND_V02
E/LocSvc_eng(16187): D/void loc_eng_deferred_action_thread(void*):1627] received msg_id = LOC_ENG_MSG_REPORT_NMEA context = 0x4b0c7e10
E/LocSvc_adapter(16187): I/<--- void globalEventCb(locClientHandleType, uint32_t, locClientEventIndUnionType, void*) line 88 QMI_LOC_EVENT_NMEA_IND_V02
E/LocSvc_eng(16187): D/void loc_eng_deferred_action_thread(void*):1627] received msg_id = LOC_ENG_MSG_REPORT_NMEA context = 0x4b0c7e10
E/LocSvc_adapter(16187): I/<--- void globalEventCb(locClientHandleType, uint32_t, locClientEventIndUnionType, void*) line 88 QMI_LOC_EVENT_NMEA_IND_V02
E/LocSvc_eng(16187): D/void loc_eng_deferred_action_thread(void*):1627] received msg_id = LOC_ENG_MSG_REPORT_NMEA context = 0x4b0c7e10
E/LocSvc_adapter(16187): I/<--- void globalEventCb(locClientHandleType, uint32_t, locClientEventIndUnionType, void*) line 88 QMI_LOC_EVENT_NMEA_IND_V02
E/LocSvc_eng(16187): D/void loc_eng_deferred_action_thread(void*):1627] received msg_id = LOC_ENG_MSG_REPORT_NMEA context = 0x4b0c7e10
E/LocSvc_adapter(16187): I/<--- void globalEventCb(locClientHandleType, uint32_t, locClientEventIndUnionType, void*) line 88 QMI_LOC_EVENT_NMEA_IND_V02
E/LocSvc_eng(16187): D/void loc_eng_deferred_action_thread(void*):1627] received msg_id = LOC_ENG_MSG_REPORT_NMEA context = 0x4b0c7e10
E/LocSvc_adapter(16187): I/<--- void globalEventCb(locClientHandleType, uint32_t, locClientEventIndUnionType, void*) line 88 QMI_LOC_EVENT_GNSS_SV_INFO_IND_V02
E/LocSvc_adapter(16187): I/num sv: 18 ephemeris mask: 1367877666 almanac mask: 51882822
E/LocSvc_adapter(16187): used in fix mask: 51002000
E/LocSvc_adapter(16187): sv: prn snr elevation azimuth
E/LocSvc_adapter(16187): I/ 0: 14 22.400000 31.000000 254.000000
E/LocSvc_adapter(16187): I/ 1: 25 26.600000 75.000000 284.000000
E/LocSvc_adapter(16187): I/ 2: 29 22.000000 31.000000 212.000000
E/LocSvc_adapter(16187): I/ 3: 31 28.000000 23.000000 307.000000
E/LocSvc_adapter(16187): I/ 9: 78 17.600000 18.000000 312.000000
E/LocSvc_adapter(16187): I/ 10: 77 20.299999 72.000000 317.000000
E/LocSvc_adapter(16187): I/ 11: 69 19.900000 14.000000 354.000000
E/LocSvc_eng(16187): D/void loc_eng_deferred_action_thread(void*):1627] received msg_id = LOC_ENG_MSG_REPORT_SV context = 0x4b0c7e10
E/LocSvc_adapter(16187): I/<--- void globalEventCb(locClientHandleType, uint32_t, locClientEventIndUnionType, void*) line 88 QMI_LOC_EVENT_POSITION_REPORT_IND_V02
E/LocSvc_adapter(16187): D/Reporting postion from V2 Adapter
E/LocSvc_eng(16187): D/void loc_eng_deferred_action_thread(void*):1627] received msg_id = LOC_ENG_MSG_REPORT_POSITION context = 0x4b0c7e10
D/DisplayPowerController(16187): SSTEMP : mIsLockZone = false
D/DisplayPowerController(16187): SSTEMP : mIsLockZone = true
E/LocSvc_adapter(16187): I/<--- void globalEventCb(locClientHandleType, uint32_t, locClientEventIndUnionType, void*) line 88 QMI_LOC_EVENT_NMEA_IND_V02
E/LocSvc_eng(16187): D/void loc_eng_deferred_action_thread(void*):1627] received msg_id = LOC_ENG_MSG_REPORT_NMEA context = 0x4b0c7e10
E/LocSvc_adapter(16187): I/<--- void globalEventCb(locClientHandleType, uint32_t, locClientEventIndUnionType, void*) line 88 QMI_LOC_EVENT_NMEA_IND_V02
E/LocSvc_eng(16187): D/void loc_eng_deferred_action_thread(void*):1627] received msg_id = LOC_ENG_MSG_REPORT_NMEA context = 0x4b0c7e10
E/LocSvc_adapter(16187): I/<--- void globalEventCb(locClientHandleType, uint32_t, locClientEventIndUnionType, void*) line 88 QMI_LOC_EVENT_NMEA_IND_V02
E/LocSvc_eng(16187): D/void loc_eng_deferred_action_thread(void*):1627] received msg_id = LOC_ENG_MSG_REPORT_NMEA context = 0x4b0c7e10
E/LocSvc_adapter(16187): I/<--- void globalEventCb(locClientHandleType, uint32_t, locClientEventIndUnionType, void*) line 88 QMI_LOC_EVENT_NMEA_IND_V02
E/LocSvc_eng(16187): D/void loc_eng_deferred_action_thread(void*):1627] received msg_id = LOC_ENG_MSG_REPORT_NMEA context = 0x4b0c7e10
E/LocSvc_adapter(16187): I/<--- void globalEventCb(locClientHandleType, uint32_t, locClientEventIndUnionType, void*) line 88 QMI_LOC_EVENT_NMEA_IND_V02
E/LocSvc_eng(16187): D/void loc_eng_deferred_action_thread(void*):1627] received msg_id = LOC_ENG_MSG_REPORT_NMEA context = 0x4b0c7e10
E/LocSvc_adapter(16187): I/<--- void globalEventCb(locClientHandleType, uint32_t, locClientEventIndUnionType, void*) line 88 QMI_LOC_EVENT_NMEA_IND_V02
E/LocSvc_eng(16187): D/void loc_eng_deferred_action_thread(void*):1627] received msg_id = LOC_ENG_MSG_REPORT_NMEA context = 0x4b0c7e10
E/LocSvc_adapter(16187): I/<--- void globalEventCb(locClientHandleType, uint32_t, locClientEventIndUnionType, void*) line 88 QMI_LOC_EVENT_GNSS_SV_INFO_IND_V02
E/LocSvc_adapter(16187): I/num sv: 18 ephemeris mask: 1367877666 almanac mask: 51882822
E/LocSvc_adapter(16187): used in fix mask: 51002000
E/LocSvc_adapter(16187): sv: prn snr elevation azimuth
E/LocSvc_adapter(16187): I/ 0: 14 33.900002 31.000000 254.000000
E/LocSvc_adapter(16187): I/ 1: 25 28.200001 75.000000 284.000000
E/LocSvc_adapter(16187): I/ 2: 29 18.600000 31.000000 212.000000
E/LocSvc_adapter(16187): I/ 3: 31 31.600000 23.000000 307.000000
E/LocSvc_adapter(16187): I/ 9: 78 17.600000 18.000000 312.000000
E/LocSvc_adapter(16187): I/ 10: 77 19.900000 72.000000 317.000000
E/LocSvc_adapter(16187): I/ 11: 69 19.100000 14.000000 354.000000
E/LocSvc_eng(16187): D/void loc_eng_deferred_action_thread(void*):1627] received msg_id = LOC_ENG_MSG_REPORT_SV context = 0x4b0c7e10
E/LocSvc_adapter(16187): I/<--- void globalEventCb(locClientHandleType, uint32_t, locClientEventIndUnionType, void*) line 88 QMI_LOC_EVENT_NMEA_IND_V02
E/LocSvc_eng(16187): D/void loc_eng_deferred_action_thread(void*):1627] received msg_id = LOC_ENG_MSG_REPORT_NMEA context = 0x4b0c7e10
E/LocSvc_adapter(16187): I/<--- void globalEventCb(locClientHandleType, uint32_t, locClientEventIndUnionType, void*) line 88 QMI_LOC_EVENT_NMEA_IND_V02
E/LocSvc_eng(16187): D/void loc_eng_deferred_action_thread(void*):1627] received msg_id = LOC_ENG_MSG_REPORT_NMEA context = 0x4b0c7e10
E/LocSvc_adapter(16187): I/<--- void globalEventCb(locClientHandleType, uint32_t, locClientEventIndUnionType, void*) line 88 QMI_LOC_EVENT_NMEA_IND_V02
E/LocSvc_eng(16187): D/void loc_eng_deferred_action_thread(void*):1627] received msg_id = LOC_ENG_MSG_REPORT_NMEA context = 0x4b0c7e10
E/LocSvc_adapter(16187): I/<--- void globalEventCb(locClientHandleType, uint32_t, locClientEventIndUnionType, void*) line 88 QMI_LOC_EVENT_NMEA_IND_V02
E/LocSvc_eng(16187): D/void loc_eng_deferred_action_thread(void*):1627] received msg_id = LOC_ENG_MSG_REPORT_NMEA context = 0x4b0c7e10
E/LocSvc_adapter(16187): I/<--- void globalEventCb(locClientHandleType, uint32_t, locClientEventIndUnionType, void*) line 88 QMI_LOC_EVENT_NMEA_IND_V02
E/LocSvc_eng(16187): D/void loc_eng_deferred_action_thread(void*):1627] received msg_id = LOC_ENG_MSG_REPORT_NMEA context = 0x4b0c7e10
E/LocSvc_adapter(16187): I/<--- void globalEventCb(locClientHandleType, uint32_t, locClientEventIndUnionType, void*) line 88 QMI_LOC_EVENT_NMEA_IND_V02
E/LocSvc_eng(16187): D/void loc_eng_deferred_action_thread(void*):1627] received msg_id = LOC_ENG_MSG_REPORT_NMEA context = 0x4b0c7e10
E/LocSvc_adapter(16187): I/<--- void globalEventCb(locClientHandleType, uint32_t, locClientEventIndUnionType, void*) line 88 QMI_LOC_EVENT_NMEA_IND_V02
E/LocSvc_eng(16187): D/void loc_eng_deferred_action_thread(void*):1627] received msg_id = LOC_ENG_MSG_REPORT_NMEA context = 0x4b0c7e10
W/GLSUser (16790): GoogleAccountDataService.getToken()
E/LocSvc_adapter(16187): I/<--- void globalEventCb(locClientHandleType, uint32_t, locClientEventIndUnionType, void*) line 88 QMI_LOC_EVENT_GNSS_SV_INFO_IND_V02
E/LocSvc_adapter(16187): I/num sv: 18 ephemeris mask: 1367877666 almanac mask: 51882822
E/LocSvc_adapter(16187): used in fix mask: 51002000
E/LocSvc_adapter(16187): sv: prn snr elevation azimuth
E/LocSvc_adapter(16187): I/ 0: 14 33.900002 31.000000 254.000000
E/LocSvc_adapter(16187): I/ 1: 25 28.200001 75.000000 284.000000
E/LocSvc_adapter(16187): I/ 2: 29 18.600000 31.000000 212.000000
E/LocSvc_adapter(16187): I/ 3: 31 31.600000 23.000000 307.000000
E/LocSvc_adapter(16187): I/ 9: 78 17.600000 18.000000 312.000000
E/LocSvc_adapter(16187): I/ 10: 77 19.900000 72.000000 317.000000
E/LocSvc_adapter(16187): I/ 11: 69 19.100000 14.000000 354.000000
E/LocSvc_eng(16187): D/void loc_eng_deferred_action_thread(void*):1627] received msg_id = LOC_ENG_MSG_REPORT_SV context = 0x4b0c7e10
E/LocSvc_adapter(16187): I/<--- void globalEventCb(locClientHandleType, uint32_t, locClientEventIndUnionType, void*) line 88 QMI_LOC_EVENT_POSITION_REPORT_IND_V02
E/LocSvc_adapter(16187): D/Reporting postion from V2 Adapter
E/LocSvc_eng(16187): D/void loc_eng_deferred_action_thread(void*):1627] received msg_id = LOC_ENG_MSG_REPORT_POSITION context = 0x4b0c7e10
E/LocSvc_adapter(16187): I/<--- void globalEventCb(locClientHandleType, uint32_t, locClientEventIndUnionType, void*) line 88 QMI_LOC_EVENT_NMEA_IND_V02
E/LocSvc_eng(16187): D/void loc_eng_deferred_action_thread(void*):1627] received msg_id = LOC_ENG_MSG_REPORT_NMEA context = 0x4b0c7e10
E/LocSvc_adapter(16187): I/<--- void globalEventCb(locClientHandleType, uint32_t, locClientEventIndUnionType, void*) line 88 QMI_LOC_EVENT_NMEA_IND_V02
E/LocSvc_eng(16187): D/void loc_eng_deferred_action_thread(void*):1627] received msg_id = LOC_ENG_MSG_REPORT_NMEA context = 0x4b0c7e10
E/LocSvc_adapter(16187): I/<--- void globalEventCb(locClientHandleType, uint32_t, locClientEventIndUnionType, void*) line 88 QMI_LOC_EVENT_NMEA_IND_V02
E/LocSvc_eng(16187): D/void loc_eng_deferred_action_thread(void*):1627] received msg_id = LOC_ENG_MSG_REPORT_NMEA context = 0x4b0c7e10
E/LocSvc_adapter(16187): I/<--- void globalEventCb(locClientHandleType, uint32_t, locClientEventIndUnionType, void*) line 88 QMI_LOC_EVENT_NMEA_IND_V02
E/LocSvc_eng(16187): D/void loc_eng_deferred_action_thread(void*):1627] received msg_id = LOC_ENG_MSG_REPORT_NMEA context = 0x4b0c7e10
E/LocSvc_adapter(16187): I/<--- void globalEventCb(locClientHandleType, uint32_t, locClientEventIndUnionType, void*) line 88 QMI_LOC_EVENT_NMEA_IND_V02
E/LocSvc_eng(16187): D/void loc_eng_deferred_action_thread(void*):1627] received msg_id = LOC_ENG_MSG_REPORT_NMEA context = 0x4b0c7e10
E/LocSvc_adapter(16187): I/<--- void globalEventCb(locClientHandleType, uint32_t, locClientEventIndUnionType, void*) line 88 QMI_LOC_EVENT_NMEA_IND_V02
E/LocSvc_eng(16187): D/void loc_eng_deferred_action_thread(void*):1627] received msg_id = LOC_ENG_MSG_REPORT_NMEA context = 0x4b0c7e10
E/LocSvc_adapter(16187): I/<--- void globalEventCb(locClientHandleType, uint32_t, locClientEventIndUnionType, void*) line 88 QMI_LOC_EVENT_GNSS_SV_INFO_IND_V02
E/LocSvc_adapter(16187): I/num sv: 18 ephemeris mask: 1367877666 almanac mask: 51882822
E/LocSvc_adapter(16187): used in fix mask: 51002000
E/LocSvc_adapter(16187): sv: prn snr elevation azimuth
E/LocSvc_adapter(16187): I/ 0: 14 35.900002 31.000000 254.000000
E/LocSvc_adapter(16187): I/ 1: 25 33.500000 75.000000 284.000000
E/LocSvc_adapter(16187): I/ 2: 29 18.600000 31.000000 212.000000
E/LocSvc_adapter(16187): I/ 3: 31 31.900000 23.000000 307.000000
E/LocSvc_adapter(16187): I/ 9: 78 17.600000 18.000000 312.000000
E/LocSvc_adapter(16187): I/ 10: 86 13.800000 59.000000 53.000000
E/LocSvc_adapter(16187): I/ 11: 77 16.600000 72.000000 317.000000
E/LocSvc_adapter(16187): I/ 12: 69 20.400000 14.000000 354.000000
E/LocSvc_eng(16187): D/void loc_eng_deferred_action_thread(void*):1627] received msg_id = LOC_ENG_MSG_REPORT_SV context = 0x4b0c7e10
E/LocSvc_adapter(16187): I/<--- void globalEventCb(locClientHandleType, uint32_t, locClientEventIndUnionType, void*) line 88 QMI_LOC_EVENT_NMEA_IND_V02
E/LocSvc_eng(16187): D/void loc_eng_deferred_action_thread(void*):1627] received msg_id = LOC_ENG_MSG_REPORT_NMEA context = 0x4b0c7e10
E/LocSvc_adapter(16187): I/<--- void globalEventCb(locClientHandleType, uint32_t, locClientEventIndUnionType, void*) line 88 QMI_LOC_EVENT_NMEA_IND_V02
E/LocSvc_eng(16187): D/void loc_eng_deferred_action_thread(void*):1627] received msg_id = LOC_ENG_MSG_REPORT_NMEA context = 0x4b0c7e10
E/LocSvc_adapter(16187): I/<--- void globalEventCb(locClientHandleType, uint32_t, locClientEventIndUnionType, void*) line 88 QMI_LOC_EVENT_NMEA_IND_V02
E/LocSvc_eng(16187): D/void loc_eng_deferred_action_thread(void*):1627] received msg_id = LOC_ENG_MSG_REPORT_NMEA context = 0x4b0c7e10
E/LocSvc_adapter(16187): I/<--- void globalEventCb(locClientHandleType, uint32_t, locClientEventIndUnionType, void*) line 88 QMI_LOC_EVENT_NMEA_IND_V02
E/LocSvc_eng(16187): D/void loc_eng_deferred_action_thread(void*):1627] received msg_id = LOC_ENG_MSG_REPORT_NMEA context = 0x4b0c7e10
E/LocSvc_adapter(16187): I/<--- void globalEventCb(locClientHandleType, uint32_t, locClientEventIndUnionType, void*) line 88 QMI_LOC_EVENT_NMEA_IND_V02
E/LocSvc_eng(16187): D/void loc_eng_deferred_action_thread(void*):1627] received msg_id = LOC_ENG_MSG_REPORT_NMEA context = 0x4b0c7e10
E/LocSvc_adapter(16187): I/<--- void globalEventCb(locClientHandleType, uint32_t, locClientEventIndUnionType, void*) line 88 QMI_LOC_EVENT_NMEA_IND_V02
E/LocSvc_eng(16187): D/void loc_eng_deferred_action_thread(void*):1627] received msg_id = LOC_ENG_MSG_REPORT_NMEA context = 0x4b0c7e10
E/LocSvc_adapter(16187): I/<--- void globalEventCb(locClientHandleType, uint32_t, locClientEventIndUnionType, void*) line 88 QMI_LOC_EVENT_NMEA_IND_V02
E/LocSvc_eng(16187): D/void loc_eng_deferred_action_thread(void*):1627] received msg_id = LOC_ENG_MSG_REPORT_NMEA context = 0x4b0c7e10
E/LocSvc_adapter(16187): I/<--- void globalEventCb(locClientHandleType, uint32_t, locClientEventIndUnionType, void*) line 88 QMI_LOC_EVENT_GNSS_SV_INFO_IND_V02
E/LocSvc_adapter(16187): I/num sv: 18 ephemeris mask: 1367877666 almanac mask: 51882822
E/LocSvc_adapter(16187): used in fix mask: 51002000
E/LocSvc_adapter(16187): sv: prn snr elevation azimuth
E/LocSvc_adapter(16187): I/ 0: 14 35.900002 31.000000 254.000000
E/LocSvc_adapter(16187): I/ 1: 25 33.500000 75.000000 284.000000
E/LocSvc_adapter(16187): I/ 2: 29 18.600000 31.000000 212.000000
E/LocSvc_adapter(16187): I/ 3: 31 31.900000 23.000000 307.000000
E/LocSvc_adapter(16187): I/ 9: 78 17.600000 18.000000 312.000000
E/LocSvc_adapter(16187): I/ 10: 86 13.800000 59.000000 53.000000
E/LocSvc_adapter(16187): I/ 11: 77 16.600000 72.000000 317.000000
E/LocSvc_adapter(16187): I/ 12: 69 20.400000 14.000000 354.000000
E/LocSvc_eng(16187): D/void loc_eng_deferred_action_thread(void*):1627] received msg_id = LOC_ENG_MSG_REPORT_SV context = 0x4b0c7e10
E/LocSvc_adapter(16187): I/<--- void globalEventCb(locClientHandleType, uint32_t, locClientEventIndUnionType, void*) line 88 QMI_LOC_EVENT_POSITION_REPORT_IND_V02
E/LocSvc_adapter(16187): D/Reporting postion from V2 Adapter
E/LocSvc_eng(16187): D/void loc_eng_deferred_action_thread(void*):1627] received msg_id = LOC_ENG_MSG_REPORT_POSITION context = 0x4b0c7e10
D/StatusBar.NetworkController(16454): onSignalStrengthsChanged signalStrength=SignalStrength: 9 0 -120 -160 -120 -1 -1 99 2147483647 2147483647 2147483647 2147483647 2147483647 gsm|lte 0x0 level=3
D/StatusBar.NetworkController(16454): refreshViews connected={ wifi } level=3 combinedSignalIconId=0x7f0200a2/com.android.systemui:drawable/stat_sys_wifi_signal_2_fully mobileLabel=maXXim wifiLabel="FairSpot_FREE"xxxxXXXXxxxxXXXX emergencyOnly=false combinedLabel="FairSpot_FREE"xxxxXXXXxxxxXXXX mAirplaneMode=false mDataActivity=0 mPhoneSignalIconId=0x7f02009a mQSPhoneSignalIconId=0x7f020045 mDataDirectionIconId=0x0 mDataSignalIconId=0x7f02009a mDataTypeIconId=0x7f02008e mQSDataTypeIconId=0x7f02004b mNoSimIconId=0x0 mWifiIconId=0x7f0200a2 mQSWifiIconId=0x7f02005e mBluetoothTetherIconId=0x10805d0
D/DisplayPowerController(16187): SSTEMP : mIsLockZone = false
E/LocSvc_adapter(16187): I/<--- void globalEventCb(locClientHandleType, uint32_t, locClientEventIndUnionType, void*) line 88 QMI_LOC_EVENT_NMEA_IND_V02
E/LocSvc_adapter(16187): I/<--- void globalEventCb(locClientHandleType, uint32_t, locClientEventIndUnionType, void*) line 88 QMI_LOC_EVENT_NMEA_IND_V02
E/LocSvc_adapter(16187): I/<--- void globalEventCb(locClientHandleType, uint32_t, locClientEventIndUnionType, void*) line 88 QMI_LOC_EVENT_NMEA_IND_V02
E/LocSvc_adapter(16187): I/<--- void globalEventCb(locClientHandleType, uint32_t, locClientEventIndUnionType, void*) line 88 QMI_LOC_EVENT_NMEA_IND_V02
E/LocSvc_eng(16187): D/void loc_eng_deferred_action_thread(void*):1627] received msg_id = LOC_ENG_MSG_REPORT_NMEA context = 0x4b0c7e10
E/LocSvc_eng(16187): D/void loc_eng_deferred_action_thread(void*):1627] received msg_id = LOC_ENG_MSG_REPORT_NMEA context = 0x4b0c7e10
E/LocSvc_eng(16187): D/void loc_eng_deferred_action_thread(void*):1627] received msg_id = LOC_ENG_MSG_REPORT_NMEA context = 0x4b0c7e10
E/LocSvc_eng(16187): D/void loc_eng_deferred_action_thread(void*):1627] received msg_id = LOC_ENG_MSG_REPORT_NMEA context = 0x4b0c7e10
E/LocSvc_adapter(16187): I/<--- void globalEventCb(locClientHandleType, uint32_t, locClientEventIndUnionType, void*) line 88 QMI_LOC_EVENT_NMEA_IND_V02
E/LocSvc_eng(16187): D/void loc_eng_deferred_action_thread(void*):1627] received msg_id = LOC_ENG_MSG_REPORT_NMEA context = 0x4b0c7e10
E/LocSvc_adapter(16187): I/<--- void globalEventCb(locClientHandleType, uint32_t, locClientEventIndUnionType, void*) line 88 QMI_LOC_EVENT_NMEA_IND_V02
E/LocSvc_eng(16187): D/void loc_eng_deferred_action_thread(void*):1627] received msg_id = LOC_ENG_MSG_REPORT_NMEA context = 0x4b0c7e10
E/LocSvc_adapter(16187): I/<--- void globalEventCb(locClientHandleType, uint32_t, locClientEventIndUnionType, void*) line 88 QMI_LOC_EVENT_GNSS_SV_INFO_IND_V02
E/LocSvc_adapter(16187): I/num sv: 16 ephemeris mask: 1367877666 almanac mask: 51882822
E/LocSvc_adapter(16187): used in fix mask: 41002000
E/LocSvc_adapter(16187): sv: prn snr elevation azimuth
E/LocSvc_adapter(16187): I/ 0: 14 29.600000 31.000000 254.000000
E/LocSvc_adapter(16187): I/ 1: 25 26.600000 75.000000 284.000000
E/LocSvc_adapter(16187): I/ 2: 31 29.500000 23.000000 307.000000
E/LocSvc_adapter(16187): I/ 9: 78 17.600000 18.000000 312.000000
E/LocSvc_adapter(16187): I/ 10: 86 12.600000 59.000000 53.000000
E/LocSvc_adapter(16187): I/ 11: 77 19.000000 72.000000 317.000000
E/LocSvc_adapter(16187): I/ 12: 69 20.900000 14.000000 354.000000
E/LocSvc_eng(16187): D/void loc_eng_deferred_action_thread(void*):1627] received msg_id = LOC_ENG_MSG_REPORT_SV context = 0x4b0c7e10
E/LocSvc_adapter(16187): I/<--- void globalEventCb(locClientHandleType, uint32_t, locClientEventIndUnionType, void*) line 88 QMI_LOC_EVENT_NMEA_IND_V02
E/LocSvc_eng(16187): D/void loc_eng_deferred_action_thread(void*):1627] received msg_id = LOC_ENG_MSG_REPORT_NMEA context = 0x4b0c7e10
E/LocSvc_adapter(16187): I/<--- void globalEventCb(locClientHandleType, uint32_t, locClientEventIndUnionType, void*) line 88 QMI_LOC_EVENT_NMEA_IND_V02
E/LocSvc_eng(16187): D/void loc_eng_deferred_action_thread(void*):1627] received msg_id = LOC_ENG_MSG_REPORT_NMEA context = 0x4b0c7e10
E/LocSvc_adapter(16187): I/<--- void globalEventCb(locClientHandleType, uint32_t, locClientEventIndUnionType, void*) line 88 QMI_LOC_EVENT_NMEA_IND_V02
E/LocSvc_eng(16187): D/void loc_eng_deferred_action_thread(void*):1627] received msg_id = LOC_ENG_MSG_REPORT_NMEA context = 0x4b0c7e10
E/LocSvc_adapter(16187): I/<--- void globalEventCb(locClientHandleType, uint32_t, locClientEventIndUnionType, void*) line 88 QMI_LOC_EVENT_NMEA_IND_V02
E/LocSvc_eng(16187): D/void loc_eng_deferred_action_thread(void*):1627] received msg_id = LOC_ENG_MSG_REPORT_NMEA context = 0x4b0c7e10
E/LocSvc_adapter(16187): I/<--- void globalEventCb(locClientHandleType, uint32_t, locClientEventIndUnionType, void*) line 88 QMI_LOC_EVENT_NMEA_IND_V02
E/LocSvc_eng(16187): D/void loc_eng_deferred_action_thread(void*):1627] received msg_id = LOC_ENG_MSG_REPORT_NMEA context = 0x4b0c7e10
