E/LocSvc_adapter(16187): I/ 1: 31 26.100000 23.000000 307.000000
E/LocSvc_adapter(16187): I/ 9: 69 20.100000 14.000000 354.000000
E/LocSvc_eng(16187): D/void loc_eng_deferred_action_thread(void*):1627] received msg_id = LOC_ENG_MSG_REPORT_SV context = 0x4b0c7e10
E/LocSvc_adapter(16187): I/<--- void globalEventCb(locClientHandleType, uint32_t, locClientEventIndUnionType, void*) line 88 QMI_LOC_EVENT_NMEA_IND_V02
E/LocSvc_eng(16187): D/void loc_eng_deferred_action_thread(void*):1627] received msg_id = LOC_ENG_MSG_REPORT_NMEA context = 0x4b0c7e10
E/LocSvc_adapter(16187): I/<--- void globalEventCb(locClientHandleType, uint32_t, locClientEventIndUnionType, void*) line 88 QMI_LOC_EVENT_NMEA_IND_V02
E/LocSvc_eng(16187): D/void loc_eng_deferred_action_thread(void*):1627] received msg_id = LOC_ENG_MSG_REPORT_NMEA context = 0x4b0c7e10
E/LocSvc_adapter(16187): I/<--- void globalEventCb(locClientHandleType, uint32_t, locClientEventIndUnionType, void*) line 88 QMI_LOC_EVENT_NMEA_IND_V02
E/LocSvc_eng(16187): D/void loc_eng_deferred_action_thread(void*):1627] received msg_id = LOC_ENG_MSG_REPORT_NMEA context = 0x4b0c7e10
E/LocSvc_adapter(16187): I/<--- void globalEventCb(locClientHandleType, uint32_t, locClientEventIndUnionType, void*) line 88 QMI_LOC_EVENT_NMEA_IND_V02
E/LocSvc_eng(16187): D/void loc_eng_deferred_action_thread(void*):1627] received msg_id = LOC_ENG_MSG_REPORT_NMEA context = 0x4b0c7e10
E/LocSvc_adapter(16187): I/<--- void globalEventCb(locClientHandleType, uint32_t, locClientEventIndUnionType, void*) line 88 QMI_LOC_EVENT_NMEA_IND_V02
E/LocSvc_eng(16187): D/void loc_eng_deferred_action_thread(void*):1627] received msg_id = LOC_ENG_MSG_REPORT_NMEA context = 0x4b0c7e10
E/LocSvc_adapter(16187): I/<--- void globalEventCb(locClientHandleType, uint32_t, locClientEventIndUnionType, void*) line 88 QMI_LOC_EVENT_NMEA_IND_V02
E/LocSvc_eng(16187): D/void loc_eng_deferred_action_thread(void*):1627] received msg_id = LOC_ENG_MSG_REPORT_NMEA context = 0x4b0c7e10
D/DisplayPowerController(16187): SSTEMP : mIsLockZone = false
D/StatusBar.NetworkController(16454): refreshViews connected={ wifi } level=3 combinedSignalIconId=0x7f0200a2/com.android.systemui:drawable/stat_sys_wifi_signal_2_fully mobileLabel=maXXim wifiLabel="FairSpot_FREE"xxxxXXXXxxxxXXXX emergencyOnly=false combinedLabel="FairSpot_FREE"xxxxXXXXxxxxXXXX mAirplaneMode=false mDataActivity=0 mPhoneSignalIconId=0x7f02009a mQSPhoneSignalIconId=0x7f020045 mDataDirectionIconId=0x0 mDataSignalIconId=0x7f02009a mDataTypeIconId=0x7f02008e mQSDataTypeIconId=0x7f02004b mNoSimIconId=0x0 mWifiIconId=0x7f0200a2 mQSWifiIconId=0x7f02005e mBluetoothTetherIconId=0x10805d0
E/LocSvc_adapter(16187): I/<--- void globalEventCb(locClientHandleType, uint32_t, locClientEventIndUnionType, void*) line 88 QMI_LOC_EVENT_POSITION_REPORT_IND_V02
E/LocSvc_adapter(16187): D/Reporting postion from V2 Adapter
E/LocSvc_eng(16187): D/void loc_eng_deferred_action_thread(void*):1627] received msg_id = LOC_ENG_MSG_REPORT_POSITION context = 0x4b0c7e10
D/DisplayPowerController(16187): SSTEMP : mIsLockZone = true
E/LocSvc_adapter(16187): I/<--- void globalEventCb(locClientHandleType, uint32_t, locClientEventIndUnionType, void*) line 88 QMI_LOC_EVENT_NMEA_IND_V02
E/LocSvc_eng(16187): D/void loc_eng_deferred_action_thread(void*):1627] received msg_id = LOC_ENG_MSG_REPORT_NMEA context = 0x4b0c7e10
E/LocSvc_adapter(16187): I/<--- void globalEventCb(locClientHandleType, uint32_t, locClientEventIndUnionType, void*) line 88 QMI_LOC_EVENT_NMEA_IND_V02
E/LocSvc_eng(16187): D/void loc_eng_deferred_action_thread(void*):1627] received msg_id = LOC_ENG_MSG_REPORT_NMEA context = 0x4b0c7e10
E/LocSvc_adapter(16187): I/<--- void globalEventCb(locClientHandleType, uint32_t, locClientEventIndUnionType, void*) line 88 QMI_LOC_EVENT_NMEA_IND_V02
E/LocSvc_eng(16187): D/void loc_eng_deferred_action_thread(void*):1627] received msg_id = LOC_ENG_MSG_REPORT_NMEA context = 0x4b0c7e10
E/LocSvc_adapter(16187): I/<--- void globalEventCb(locClientHandleType, uint32_t, locClientEventIndUnionType, void*) line 88 QMI_LOC_EVENT_NMEA_IND_V02
E/LocSvc_eng(16187): D/void loc_eng_deferred_action_thread(void*):1627] received msg_id = LOC_ENG_MSG_REPORT_NMEA context = 0x4b0c7e10
E/LocSvc_adapter(16187): I/<--- void globalEventCb(locClientHandleType, uint32_t, locClientEventIndUnionType, void*) line 88 QMI_LOC_EVENT_NMEA_IND_V02
E/LocSvc_eng(16187): D/void loc_eng_deferred_action_thread(void*):1627] received msg_id = LOC_ENG_MSG_REPORT_NMEA context = 0x4b0c7e10
E/LocSvc_adapter(16187): I/<--- void globalEventCb(locClientHandleType, uint32_t, locClientEventIndUnionType, void*) line 88 QMI_LOC_EVENT_NMEA_IND_V02
E/LocSvc_eng(16187): D/void loc_eng_deferred_action_thread(void*):1627] received msg_id = LOC_ENG_MSG_REPORT_NMEA context = 0x4b0c7e10
E/LocSvc_adapter(16187): I/<--- void globalEventCb(locClientHandleType, uint32_t, locClientEventIndUnionType, void*) line 88 QMI_LOC_EVENT_NMEA_IND_V02
E/LocSvc_eng(16187): D/void loc_eng_deferred_action_thread(void*):1627] received msg_id = LOC_ENG_MSG_REPORT_NMEA context = 0x4b0c7e10
E/LocSvc_adapter(16187): I/<--- void globalEventCb(locClientHandleType, uint32_t, locClientEventIndUnionType, void*) line 88 QMI_LOC_EVENT_GNSS_SV_INFO_IND_V02
E/LocSvc_adapter(16187): I/num sv: 18 ephemeris mask: 1367877666 almanac mask: 51882822
E/LocSvc_adapter(16187): used in fix mask: 41002000
E/LocSvc_adapter(16187): sv: prn snr elevation azimuth
E/LocSvc_adapter(16187): I/ 0: 14 26.100000 31.000000 254.000000
E/LocSvc_adapter(16187): I/ 1: 25 22.100000 75.000000 284.000000
E/LocSvc_adapter(16187): I/ 2: 31 24.600000 23.000000 307.000000
E/LocSvc_adapter(16187): I/ 9: 69 17.000000 14.000000 354.000000
E/LocSvc_eng(16187): D/void loc_eng_deferred_action_thread(void*):1627] received msg_id = LOC_ENG_MSG_REPORT_SV context = 0x4b0c7e10
E/LocSvc_adapter(16187): I/<--- void globalEventCb(locClientHandleType, uint32_t, locClientEventIndUnionType, void*) line 88 QMI_LOC_EVENT_NMEA_IND_V02
E/LocSvc_eng(16187): D/void loc_eng_deferred_action_thread(void*):1627] received msg_id = LOC_ENG_MSG_REPORT_NMEA context = 0x4b0c7e10
E/LocSvc_adapter(16187): I/<--- void globalEventCb(locClientHandleType, uint32_t, locClientEventIndUnionType, void*) line 88 QMI_LOC_EVENT_NMEA_IND_V02
E/LocSvc_eng(16187): D/void loc_eng_deferred_action_thread(void*):1627] received msg_id = LOC_ENG_MSG_REPORT_NMEA context = 0x4b0c7e10
E/LocSvc_adapter(16187): I/<--- void globalEventCb(locClientHandleType, uint32_t, locClientEventIndUnionType, void*) line 88 QMI_LOC_EVENT_NMEA_IND_V02
E/LocSvc_eng(16187): D/void loc_eng_deferred_action_thread(void*):1627] received msg_id = LOC_ENG_MSG_REPORT_NMEA context = 0x4b0c7e10
E/LocSvc_adapter(16187): I/<--- void globalEventCb(locClientHandleType, uint32_t, locClientEventIndUnionType, void*) line 88 QMI_LOC_EVENT_NMEA_IND_V02
E/LocSvc_eng(16187): D/void loc_eng_deferred_action_thread(void*):1627] received msg_id = LOC_ENG_MSG_REPORT_NMEA context = 0x4b0c7e10
E/LocSvc_adapter(16187): I/<--- void globalEventCb(locClientHandleType, uint32_t, locClientEventIndUnionType, void*) line 88 QMI_LOC_EVENT_NMEA_IND_V02
E/LocSvc_eng(16187): D/void loc_eng_deferred_action_thread(void*):1627] received msg_id = LOC_ENG_MSG_REPORT_NMEA context = 0x4b0c7e10
E/LocSvc_adapter(16187): I/<--- void globalEventCb(locClientHandleType, uint32_t, locClientEventIndUnionType, void*) line 88 QMI_LOC_EVENT_NMEA_IND_V02
E/LocSvc_eng(16187): D/void loc_eng_deferred_action_thread(void*):1627] received msg_id = LOC_ENG_MSG_REPORT_NMEA context = 0x4b0c7e10
E/LocSvc_adapter(16187): I/<--- void globalEventCb(locClientHandleType, uint32_t, locClientEventIndUnionType, void*) line 88 QMI_LOC_EVENT_NMEA_IND_V02
E/LocSvc_eng(16187): D/void loc_eng_deferred_action_thread(void*):1627] received msg_id = LOC_ENG_MSG_REPORT_NMEA context = 0x4b0c7e10
E/LocSvc_adapter(16187): I/<--- void globalEventCb(locClientHandleType, uint32_t, locClientEventIndUnionType, void*) line 88 QMI_LOC_EVENT_NMEA_IND_V02
E/LocSvc_eng(16187): D/void loc_eng_deferred_action_thread(void*):1627] received msg_id = LOC_ENG_MSG_REPORT_NMEA context = 0x4b0c7e10
E/LocSvc_adapter(16187): I/<--- void globalEventCb(locClientHandleType, uint32_t, locClientEventIndUnionType, void*) line 88 QMI_LOC_EVENT_NMEA_IND_V02
E/LocSvc_eng(16187): D/void loc_eng_deferred_action_thread(void*):1627] received msg_id = LOC_ENG_MSG_REPORT_NMEA context = 0x4b0c7e10
E/LocSvc_adapter(16187): I/<--- void globalEventCb(locClientHandleType, uint32_t, locClientEventIndUnionType, void*) line 88 QMI_LOC_EVENT_NMEA_IND_V02
E/LocSvc_eng(16187): D/void loc_eng_deferred_action_thread(void*):1627] received msg_id = LOC_ENG_MSG_REPORT_NMEA context = 0x4b0c7e10
E/LocSvc_adapter(16187): I/<--- void globalEventCb(locClientHandleType, uint32_t, locClientEventIndUnionType, void*) line 88 QMI_LOC_EVENT_NMEA_IND_V02
E/LocSvc_eng(16187): D/void loc_eng_deferred_action_thread(void*):1627] received msg_id = LOC_ENG_MSG_REPORT_NMEA context = 0x4b0c7e10
E/LocSvc_adapter(16187): I/<--- void globalEventCb(locClientHandleType, uint32_t, locClientEventIndUnionType, void*) line 88 QMI_LOC_EVENT_GNSS_SV_INFO_IND_V02
E/LocSvc_adapter(16187): I/num sv: 18 ephemeris mask: 1367877666 almanac mask: 51882822
E/LocSvc_adapter(16187): used in fix mask: 41002000
E/LocSvc_adapter(16187): sv: prn snr elevation azimuth
E/LocSvc_adapter(16187): I/ 0: 14 26.100000 31.000000 254.000000
E/LocSvc_adapter(16187): I/ 1: 25 22.100000 75.000000 284.000000
E/LocSvc_adapter(16187): I/ 2: 31 24.600000 23.000000 307.000000
E/LocSvc_adapter(16187): I/ 9: 69 17.000000 14.000000 354.000000
E/LocSvc_eng(16187): D/void loc_eng_deferred_action_thread(void*):1627] received msg_id = LOC_ENG_MSG_REPORT_SV context = 0x4b0c7e10
E/LocSvc_adapter(16187): I/<--- void globalEventCb(locClientHandleType, uint32_t, locClientEventIndUnionType, void*) line 88 QMI_LOC_EVENT_NMEA_IND_V02
E/LocSvc_eng(16187): D/void loc_eng_deferred_action_thread(void*):1627] received msg_id = LOC_ENG_MSG_REPORT_NMEA context = 0x4b0c7e10
E/LocSvc_adapter(16187): I/<--- void globalEventCb(locClientHandleType, uint32_t, locClientEventIndUnionType, void*) line 88 QMI_LOC_EVENT_NMEA_IND_V02
E/LocSvc_eng(16187): D/void loc_eng_deferred_action_thread(void*):1627] received msg_id = LOC_ENG_MSG_REPORT_NMEA context = 0x4b0c7e10
E/LocSvc_adapter(16187): I/<--- void globalEventCb(locClientHandleType, uint32_t, locClientEventIndUnionType, void*) line 88 QMI_LOC_EVENT_NMEA_IND_V02
E/LocSvc_eng(16187): D/void loc_eng_deferred_action_thread(void*):1627] received msg_id = LOC_ENG_MSG_REPORT_NMEA context = 0x4b0c7e10
E/LocSvc_adapter(16187): I/<--- void globalEventCb(locClientHandleType, uint32_t, locClientEventIndUnionType, void*) line 88 QMI_LOC_EVENT_NMEA_IND_V02
E/LocSvc_eng(16187): D/void loc_eng_deferred_action_thread(void*):1627] received msg_id = LOC_ENG_MSG_REPORT_NMEA context = 0x4b0c7e10
E/LocSvc_adapter(16187): I/<--- void globalEventCb(locClientHandleType, uint32_t, locClientEventIndUnionType, void*) line 88 QMI_LOC_EVENT_NMEA_IND_V02
E/LocSvc_eng(16187): D/void loc_eng_deferred_action_thread(void*):1627] received msg_id = LOC_ENG_MSG_REPORT_NMEA context = 0x4b0c7e10
E/LocSvc_adapter(16187): I/<--- void globalEventCb(locClientHandleType, uint32_t, locClientEventIndUnionType, void*) line 88 QMI_LOC_EVENT_NMEA_IND_V02
E/LocSvc_eng(16187): D/void loc_eng_deferred_action_thread(void*):1627] received msg_id = LOC_ENG_MSG_REPORT_NMEA context = 0x4b0c7e10
D/DisplayPowerController(16187): SSTEMP : mIsLockZone = false
D/SSRMv2:Monitor(16187): SIOP:: AP = 400, Prev AP = 380, Duration = 10063
D/SSRMv2:AmoledAdjustTimer(16187): prevTemp = 302, currTemp = 302, prevStep = 5, currStep = 5
E/LocSvc_adapter(16187): I/<--- void globalEventCb(locClientHandleType, uint32_t, locClientEventIndUnionType, void*) line 88 QMI_LOC_EVENT_NMEA_IND_V02
E/LocSvc_eng(16187): D/void loc_eng_deferred_action_thread(void*):1627] received msg_id = LOC_ENG_MSG_REPORT_NMEA context = 0x4b0c7e10
E/LocSvc_adapter(16187): I/<--- void globalEventCb(locClientHandleType, uint32_t, locClientEventIndUnionType, void*) line 88 QMI_LOC_EVENT_NMEA_IND_V02
E/LocSvc_eng(16187): D/void loc_eng_deferred_action_thread(void*):1627] received msg_id = LOC_ENG_MSG_REPORT_NMEA context = 0x4b0c7e10
E/LocSvc_adapter(16187): I/<--- void globalEventCb(locClientHandleType, uint32_t, locClientEventIndUnionType, void*) line 88 QMI_LOC_EVENT_NMEA_IND_V02
E/LocSvc_eng(16187): D/void loc_eng_deferred_action_thread(void*):1627] received msg_id = LOC_ENG_MSG_REPORT_NMEA context = 0x4b0c7e10
E/LocSvc_adapter(16187): I/<--- void globalEventCb(locClientHandleType, uint32_t, locClientEventIndUnionType, void*) line 88 QMI_LOC_EVENT_NMEA_IND_V02
E/LocSvc_eng(16187): D/void loc_eng_deferred_action_thread(void*):1627] received msg_id = LOC_ENG_MSG_REPORT_NMEA context = 0x4b0c7e10
E/LocSvc_adapter(16187): I/<--- void globalEventCb(locClientHandleType, uint32_t, locClientEventIndUnionType, void*) line 88 QMI_LOC_EVENT_NMEA_IND_V02
E/LocSvc_eng(16187): D/void loc_eng_deferred_action_thread(void*):1627] received msg_id = LOC_ENG_MSG_REPORT_NMEA context = 0x4b0c7e10
E/LocSvc_adapter(16187): I/<--- void globalEventCb(locClientHandleType, uint32_t, locClientEventIndUnionType, void*) line 88 QMI_LOC_EVENT_NMEA_IND_V02
E/LocSvc_eng(16187): D/void loc_eng_deferred_action_thread(void*):1627] received msg_id = LOC_ENG_MSG_REPORT_NMEA context = 0x4b0c7e10
E/LocSvc_adapter(16187): I/<--- void globalEventCb(locClientHandleType, uint32_t, locClientEventIndUnionType, void*) line 88 QMI_LOC_EVENT_GNSS_SV_INFO_IND_V02
E/LocSvc_adapter(16187): I/num sv: 18 ephemeris mask: 1367877666 almanac mask: 51882822
E/LocSvc_adapter(16187): used in fix mask: 41002000
E/LocSvc_adapter(16187): sv: prn snr elevation azimuth
E/LocSvc_adapter(16187): I/ 0: 14 24.900000 31.000000 254.000000
E/LocSvc_adapter(16187): I/ 1: 25 18.400000 75.000000 284.000000
E/LocSvc_adapter(16187): I/ 2: 31 27.000000 23.000000 307.000000
E/LocSvc_adapter(16187): I/ 9: 78 16.600000 18.000000 312.000000
E/LocSvc_adapter(16187): I/ 10: 77 17.799999 72.000000 317.000000
E/LocSvc_adapter(16187): I/ 11: 69 17.000000 14.000000 354.000000
E/LocSvc_eng(16187): D/void loc_eng_deferred_action_thread(void*):1627] received msg_id = LOC_ENG_MSG_REPORT_SV context = 0x4b0c7e10
E/LocSvc_adapter(16187): I/<--- void globalEventCb(locClientHandleType, uint32_t, locClientEventIndUnionType, void*) line 88 QMI_LOC_EVENT_NMEA_IND_V02
E/LocSvc_eng(16187): D/void loc_eng_deferred_action_thread(void*):1627] received msg_id = LOC_ENG_MSG_REPORT_NMEA context = 0x4b0c7e10
E/LocSvc_adapter(16187): I/<--- void globalEventCb(locClientHandleType, uint32_t, locClientEventIndUnionType, void*) line 88 QMI_LOC_EVENT_NMEA_IND_V02
E/LocSvc_eng(16187): D/void loc_eng_deferred_action_thread(void*):1627] received msg_id = LOC_ENG_MSG_REPORT_NMEA context = 0x4b0c7e10
E/LocSvc_adapter(16187): I/<--- void globalEventCb(locClientHandleType, uint32_t, locClientEventIndUnionType, void*) line 88 QMI_LOC_EVENT_NMEA_IND_V02
E/LocSvc_eng(16187): D/void loc_eng_deferred_action_thread(void*):1627] received msg_id = LOC_ENG_MSG_REPORT_NMEA context = 0x4b0c7e10
E/LocSvc_adapter(16187): I/<--- void globalEventCb(locClientHandleType, uint32_t, locClientEventIndUnionType, void*) line 88 QMI_LOC_EVENT_NMEA_IND_V02
E/LocSvc_eng(16187): D/void loc_eng_deferred_action_thread(void*):1627] received msg_id = LOC_ENG_MSG_REPORT_NMEA context = 0x4b0c7e10
E/LocSvc_adapter(16187): I/<--- void globalEventCb(locClientHandleType, uint32_t, locClientEventIndUnionType, void*) line 88 QMI_LOC_EVENT_NMEA_IND_V02
E/LocSvc_eng(16187): D/void loc_eng_deferred_action_thread(void*):1627] received msg_id = LOC_ENG_MSG_REPORT_NMEA context = 0x4b0c7e10
E/LocSvc_adapter(16187): I/<--- void globalEventCb(locClientHandleType, uint32_t, locClientEventIndUnionType, void*) line 88 QMI_LOC_EVENT_NMEA_IND_V02
E/LocSvc_eng(16187): D/void loc_eng_deferred_action_thread(void*):1627] received msg_id = LOC_ENG_MSG_REPORT_NMEA context = 0x4b0c7e10
D/StatusBar.NetworkController(16454): onSignalStrengthsChanged signalStrength=SignalStrength: 9 0 -120 -160 -120 -1 -1 99 2147483647 2147483647 2147483647 2147483647 2147483647 gsm|lte 0x0 level=3
D/StatusBar.NetworkController(16454): refreshViews connected={ wifi } level=3 combinedSignalIconId=0x7f0200a2/com.android.systemui:drawable/stat_sys_wifi_signal_2_fully mobileLabel=maXXim wifiLabel="FairSpot_FREE"xxxxXXXXxxxxXXXX emergencyOnly=false combinedLabel="FairSpot_FREE"xxxxXXXXxxxxXXXX mAirplaneMode=false mDataActivity=0 mPhoneSignalIconId=0x7f02009a mQSPhoneSignalIconId=0x7f020045 mDataDirectionIconId=0x0 mDataSignalIconId=0x7f02009a mDataTypeIconId=0x7f02008e mQSDataTypeIconId=0x7f02004b mNoSimIconId=0x0 mWifiIconId=0x7f0200a2 mQSWifiIconId=0x7f02005e mBluetoothTetherIconId=0x10805d0
D/DisplayPowerController(16187): SSTEMP : mIsLockZone = true
D/InputDispatcher(16187): setInputDispatchMode: enabled=1, frozen=1
I/ActivityManager(16187): Config changes=480 {1.0 262mcc7mnc de_DE ldltr sw360dp w640dp h335dp 480dpi nrml long land finger -keyb/v/h -nav/h s.13}
I/InputReader(16187): Reconfiguring input devices. changes=0x00000004
I/InputReader(16187): Device reconfigured: id=20, name='sec_touchscreen', size 1080x1920, orientation 3, mode 1, display id 0
I/InputReader(16187): Reconfiguring input devices. changes=0x00000004
D/Tethering(16187): setOemDunRequired
D/Tethering(16187): Query databases to find dun type
W/Settings(16187): Setting tether_dun_required has moved from android.provider.Settings.System to android.provider.Settings.Global
E/Tethering(16187): Set dun requiered as 0
E/Navit (23667): NavitGraphics -> onSizeChanged pixels x=1920 pixels y=1005
E/Navit (23667): NavitGraphics -> onSizeChanged density=3.0
E/Navit (23667): NavitGraphics -> onSizeChanged scaledDensity=3.0
E/navit (23667): navit:Java_org_navitproject_navit_NavitGraphics_SizeChangedCallback:enter 0x486815d8 1920 1005
E/navit (23667): graphics_android:resize_callback:w=1920 h=1005 ok
I/art (23667): GcCauseBackground partial concurrent mark sweep GC freed 3349(277KB) AllocSpace objects, 1(16KB) LOS objects, 3% free, 32MB/34MB, paused 5.126ms total 24.536ms
I/art (23858): Heap trim of managed (duration=5.859375ms, advised=4MB) and native (duration=1.251220ms, advised=4KB) heaps. Managed heap utilization of 30%.
D/PhoneStatusBar(16454): mSettingsPanelGravity = 55
D/StatusBar.NetworkController(16454): refreshViews connected={ wifi } level=3 combinedSignalIconId=0x7f0200a2/com.android.systemui:drawable/stat_sys_wifi_signal_2_fully mobileLabel=maXXim wifiLabel="FairSpot_FREE"xxxxXXXXxxxxXXXX emergencyOnly=false combinedLabel="FairSpot_FREE"xxxxXXXXxxxxXXXX mAirplaneMode=false mDataActivity=0 mPhoneSignalIconId=0x7f02009a mQSPhoneSignalIconId=0x7f020045 mDataDirectionIconId=0x0 mDataSignalIconId=0x7f02009a mDataTypeIconId=0x7f02008e mQSDataTypeIconId=0x7f02004b mNoSimIconId=0x0 mWifiIconId=0x7f0200a2 mQSWifiIconId=0x7f02005e mBluetoothTetherIconId=0x10805d0
I/WindowManager(16187): Screen frozen for +260ms due to Window{6656e460 u0 StatusBar}
E/LocSvc_adapter(16187): I/<--- void globalEventCb(locClientHandleType, uint32_t, locClientEventIndUnionType, void*) line 88 QMI_LOC_EVENT_NMEA_IND_V02
E/LocSvc_eng(16187): D/void loc_eng_deferred_action_thread(void*):1627] received msg_id = LOC_ENG_MSG_REPORT_NMEA context = 0x4b0c7e10
E/LocSvc_adapter(16187): I/<--- void globalEventCb(locClientHandleType, uint32_t, locClientEventIndUnionType, void*) line 88 QMI_LOC_EVENT_NMEA_IND_V02
E/LocSvc_eng(16187): D/void loc_eng_deferred_action_thread(void*):1627] received msg_id = LOC_ENG_MSG_REPORT_NMEA context = 0x4b0c7e10
D/DisplayPowerController(16187): SSTEMP : mIsLockZone = false
E/LocSvc_adapter(16187): I/<--- void globalEventCb(locClientHandleType, uint32_t, locClientEventIndUnionType, void*) line 88 QMI_LOC_EVENT_NMEA_IND_V02
E/LocSvc_eng(16187): D/void loc_eng_deferred_action_thread(void*):1627] received msg_id = LOC_ENG_MSG_REPORT_NMEA context = 0x4b0c7e10
E/LocSvc_adapter(16187): I/<--- void globalEventCb(locClientHandleType, uint32_t, locClientEventIndUnionType, void*) line 88 QMI_LOC_EVENT_NMEA_IND_V02
E/LocSvc_eng(16187): D/void loc_eng_deferred_action_thread(void*):1627] received msg_id = LOC_ENG_MSG_REPORT_NMEA context = 0x4b0c7e10
E/LocSvc_adapter(16187): I/<--- void globalEventCb(locClientHandleType, uint32_t, locClientEventIndUnionType, void*) line 88 QMI_LOC_EVENT_NMEA_IND_V02
E/LocSvc_eng(16187): D/void loc_eng_deferred_action_thread(void*):1627] received msg_id = LOC_ENG_MSG_REPORT_NMEA context = 0x4b0c7e10
E/LocSvc_adapter(16187): I/<--- void globalEventCb(locClientHandleType, uint32_t, locClientEventIndUnionType, void*) line 88 QMI_LOC_EVENT_NMEA_IND_V02
E/LocSvc_eng(16187): D/void loc_eng_deferred_action_thread(void*):1627] received msg_id = LOC_ENG_MSG_REPORT_NMEA context = 0x4b0c7e10
E/LocSvc_adapter(16187): I/<--- void globalEventCb(locClientHandleType, uint32_t, locClientEventIndUnionType, void*) line 88 QMI_LOC_EVENT_GNSS_SV_INFO_IND_V02
E/LocSvc_adapter(16187): I/num sv: 18 ephemeris mask: 1367877666 almanac mask: 51882822
E/LocSvc_adapter(16187): used in fix mask: 41002000
E/LocSvc_adapter(16187): sv: prn snr elevation azimuth
E/LocSvc_adapter(16187): I/ 0: 14 25.000000 31.000000 254.000000
E/LocSvc_adapter(16187): I/ 1: 25 23.700001 75.000000 284.000000
E/LocSvc_adapter(16187): I/ 2: 31 27.500000 23.000000 307.000000
E/LocSvc_adapter(16187): I/ 9: 78 16.600000 18.000000 312.000000
E/LocSvc_adapter(16187): I/ 10: 77 17.900000 72.000000 317.000000
E/LocSvc_adapter(16187): I/ 11: 69 15.700000 14.000000 354.000000
E/LocSvc_eng(16187): D/void loc_eng_deferred_action_thread(void*):1627] received msg_id = LOC_ENG_MSG_REPORT_SV context = 0x4b0c7e10
E/LocSvc_adapter(16187): I/<--- void globalEventCb(locClientHandleType, uint32_t, locClientEventIndUnionType, void*) line 88 QMI_LOC_EVENT_NMEA_IND_V02
E/LocSvc_eng(16187): D/void loc_eng_deferred_action_thread(void*):1627] received msg_id = LOC_ENG_MSG_REPORT_NMEA context = 0x4b0c7e10
E/LocSvc_adapter(16187): I/<--- void globalEventCb(locClientHandleType, uint32_t, locClientEventIndUnionType, void*) line 88 QMI_LOC_EVENT_NMEA_IND_V02
E/LocSvc_eng(16187): D/void loc_eng_deferred_action_thread(void*):1627] received msg_id = LOC_ENG_MSG_REPORT_NMEA context = 0x4b0c7e10
E/LocSvc_adapter(16187): I/<--- void globalEventCb(locClientHandleType, uint32_t, locClientEventIndUnionType, void*) line 88 QMI_LOC_EVENT_NMEA_IND_V02
E/LocSvc_eng(16187): D/void loc_eng_deferred_action_thread(void*):1627] received msg_id = LOC_ENG_MSG_REPORT_NMEA context = 0x4b0c7e10
E/LocSvc_adapter(16187): I/<--- void globalEventCb(locClientHandleType, uint32_t, locClientEventIndUnionType, void*) line 88 QMI_LOC_EVENT_NMEA_IND_V02
E/LocSvc_eng(16187): D/void loc_eng_deferred_action_thread(void*):1627] received msg_id = LOC_ENG_MSG_REPORT_NMEA context = 0x4b0c7e10
D/InputDispatcher(16187): setInputDispatchMode: enabled=1, frozen=0
E/LocSvc_adapter(16187): I/<--- void globalEventCb(locClientHandleType, uint32_t, locClientEventIndUnionType, void*) line 88 QMI_LOC_EVENT_NMEA_IND_V02
E/LocSvc_eng(16187): D/void loc_eng_deferred_action_thread(void*):1627] received msg_id = LOC_ENG_MSG_REPORT_NMEA context = 0x4b0c7e10
E/LocSvc_adapter(16187): I/<--- void globalEventCb(locClientHandleType, uint32_t, locClientEventIndUnionType, void*) line 88 QMI_LOC_EVENT_NMEA_IND_V02
E/LocSvc_eng(16187): D/void loc_eng_deferred_action_thread(void*):1627] received msg_id = LOC_ENG_MSG_REPORT_NMEA context = 0x4b0c7e10
I/y ( 6509): Valid locale:de_DE
D/StatusBar.NetworkController(16454): refreshViews connected={ wifi } level=3 combinedSignalIconId=0x7f0200a1/com.android.systemui:drawable/stat_sys_wifi_signal_1_fully mobileLabel=maXXim wifiLabel="FairSpot_FREE"xxxxXXXXxxxxXXXX emergencyOnly=false combinedLabel="FairSpot_FREE"xxxxXXXXxxxxXXXX mAirplaneMode=false mDataActivity=0 mPhoneSignalIconId=0x7f02009a mQSPhoneSignalIconId=0x7f020045 mDataDirectionIconId=0x0 mDataSignalIconId=0x7f02009a mDataTypeIconId=0x7f02008e mQSDataTypeIconId=0x7f02004b mNoSimIconId=0x0 mWifiIconId=0x7f0200a1 mQSWifiIconId=0x7f02005d mBluetoothTetherIconId=0x10805d0
W/qdhwcomposer( 211): Excessive delay reading vsync: took 5817 ms
D/DisplayPowerController(16187): SSTEMP : mIsLockZone = true
D/InputDispatcher(16187): setInputDispatchMode: enabled=1, frozen=1
I/ActivityManager(16187): Config changes=480 {1.0 262mcc7mnc de_DE ldltr sw360dp w360dp h615dp 480dpi nrml long port finger -keyb/v/h -nav/h s.14}
D/PhoneStatusBar(16454): mSettingsPanelGravity = 55
I/InputReader(16187): Reconfiguring input devices. changes=0x00000004
I/InputReader(16187): Device reconfigured: id=20, name='sec_touchscreen', size 1080x1920, orientation 0, mode 1, display id 0
D/Tethering(16187): setOemDunRequired
D/Tethering(16187): Query databases to find dun type
E/LocSvc_adapter(16187): I/<--- void globalEventCb(locClientHandleType, uint32_t, locClientEventIndUnionType, void*) line 88 QMI_LOC_EVENT_NMEA_IND_V02
E/LocSvc_eng(16187): D/void loc_eng_deferred_action_thread(void*):1627] received msg_id = LOC_ENG_MSG_REPORT_NMEA context = 0x4b0c7e10
E/Navit (23667): NavitGraphics -> onSizeChanged pixels x=1080 pixels y=1845
E/Navit (23667): NavitGraphics -> onSizeChanged density=3.0
E/Navit (23667): NavitGraphics -> onSizeChanged scaledDensity=3.0
W/Settings(16187): Setting tether_dun_required has moved from android.provider.Settings.System to android.provider.Settings.Global
E/Tethering(16187): Set dun requiered as 0
E/navit (23667): navit:Java_org_navitproject_navit_NavitGraphics_SizeChangedCallback:enter 0x486815d8 1080 1845
E/navit (23667): graphics_android:resize_callback:w=1080 h=1845 ok
E/LocSvc_adapter(16187): I/<--- void globalEventCb(locClientHandleType, uint32_t, locClientEventIndUnionType, void*) line 88 QMI_LOC_EVENT_NMEA_IND_V02
E/LocSvc_eng(16187): D/void loc_eng_deferred_action_thread(void*):1627] received msg_id = LOC_ENG_MSG_REPORT_NMEA context = 0x4b0c7e10
E/LocSvc_adapter(16187): I/<--- void globalEventCb(locClientHandleType, uint32_t, locClientEventIndUnionType, void*) line 88 QMI_LOC_EVENT_NMEA_IND_V02
E/LocSvc_eng(16187): D/void loc_eng_deferred_action_thread(void*):1627] received msg_id = LOC_ENG_MSG_REPORT_NMEA context = 0x4b0c7e10
D/StatusBar.NetworkController(16454): refreshViews connected={ wifi } level=3 combinedSignalIconId=0x7f0200a1/com.android.systemui:drawable/stat_sys_wifi_signal_1_fully mobileLabel=maXXim wifiLabel="FairSpot_FREE"xxxxXXXXxxxxXXXX emergencyOnly=false combinedLabel="FairSpot_FREE"xxxxXXXXxxxxXXXX mAirplaneMode=false mDataActivity=0 mPhoneSignalIconId=0x7f02009a mQSPhoneSignalIconId=0x7f020045 mDataDirectionIconId=0x0 mDataSignalIconId=0x7f02009a mDataTypeIconId=0x7f02008e mQSDataTypeIconId=0x7f02004b mNoSimIconId=0x0 mWifiIconId=0x7f0200a1 mQSWifiIconId=0x7f02005d mBluetoothTetherIconId=0x10805d0
E/LocSvc_adapter(16187): I/<--- void globalEventCb(locClientHandleType, uint32_t, locClientEventIndUnionType, void*) line 88 QMI_LOC_EVENT_NMEA_IND_V02
E/LocSvc_eng(16187): D/void loc_eng_deferred_action_thread(void*):1627] received msg_id = LOC_ENG_MSG_REPORT_NMEA context = 0x4b0c7e10
E/LocSvc_adapter(16187): I/<--- void globalEventCb(locClientHandleType, uint32_t, locClientEventIndUnionType, void*) line 88 QMI_LOC_EVENT_NMEA_IND_V02
E/LocSvc_eng(16187): D/void loc_eng_deferred_action_thread(void*):1627] received msg_id = LOC_ENG_MSG_REPORT_NMEA context = 0x4b0c7e10
E/LocSvc_adapter(16187): I/<--- void globalEventCb(locClientHandleType, uint32_t, locClientEventIndUnionType, void*) line 88 QMI_LOC_EVENT_NMEA_IND_V02
E/LocSvc_eng(16187): D/void loc_eng_deferred_action_thread(void*):1627] received msg_id = LOC_ENG_MSG_REPORT_NMEA context = 0x4b0c7e10
W/GA-SERVICE(16904): Thread[Thread-900,5,main]: Using destination https://ssl.google-analytics.com
E/LocSvc_adapter(16187): I/<--- void globalEventCb(locClientHandleType, uint32_t, locClientEventIndUnionType, void*) line 88 QMI_LOC_EVENT_GNSS_SV_INFO_IND_V02
E/LocSvc_adapter(16187): I/num sv: 18 ephemeris mask: 1367877666 almanac mask: 51882822
E/LocSvc_adapter(16187): used in fix mask: 51002000
E/LocSvc_adapter(16187): sv: prn snr elevation azimuth
E/LocSvc_adapter(16187): I/ 0: 14 27.500000 31.000000 254.000000
E/LocSvc_adapter(16187): I/ 1: 25 26.900000 75.000000 284.000000
E/LocSvc_adapter(16187): I/ 2: 29 17.400000 31.000000 212.000000
E/LocSvc_adapter(16187): I/ 3: 31 29.700001 23.000000 307.000000
E/LocSvc_adapter(16187): I/ 9: 78 15.600000 18.000000 312.000000
E/LocSvc_adapter(16187): I/ 10: 77 19.799999 72.000000 317.000000
E/LocSvc_adapter(16187): I/ 11: 69 23.000000 14.000000 354.000000
E/LocSvc_eng(16187): D/void loc_eng_deferred_action_thread(void*):1627] received msg_id = LOC_ENG_MSG_REPORT_SV context = 0x4b0c7e10
E/LocSvc_adapter(16187): I/<--- void globalEventCb(locClientHandleType, uint32_t, locClientEventIndUnionType, void*) line 88 QMI_LOC_EVENT_NMEA_IND_V02
E/LocSvc_eng(16187): D/void loc_eng_deferred_action_thread(void*):1627] received msg_id = LOC_ENG_MSG_REPORT_NMEA context = 0x4b0c7e10
E/LocSvc_adapter(16187): I/<--- void globalEventCb(locClientHandleType, uint32_t, locClientEventIndUnionType, void*) line 88 QMI_LOC_EVENT_NMEA_IND_V02
E/LocSvc_eng(16187): D/void loc_eng_deferred_action_thread(void*):1627] received msg_id = LOC_ENG_MSG_REPORT_NMEA context = 0x4b0c7e10
E/LocSvc_adapter(16187): I/<--- void globalEventCb(locClientHandleType, uint32_t, locClientEventIndUnionType, void*) line 88 QMI_LOC_EVENT_NMEA_IND_V02
E/LocSvc_eng(16187): D/void loc_eng_deferred_action_thread(void*):1627] received msg_id = LOC_ENG_MSG_REPORT_NMEA context = 0x4b0c7e10
E/LocSvc_adapter(16187): I/<--- void globalEventCb(locClientHandleType, uint32_t, locClientEventIndUnionType, void*) line 88 QMI_LOC_EVENT_NMEA_IND_V02
E/LocSvc_eng(16187): D/void loc_eng_deferred_action_thread(void*):1627] received msg_id = LOC_ENG_MSG_REPORT_NMEA context = 0x4b0c7e10
E/LocSvc_adapter(16187): I/<--- void globalEventCb(locClientHandleType, uint32_t, locClientEventIndUnionType, void*) line 88 QMI_LOC_EVENT_NMEA_IND_V02
E/LocSvc_eng(16187): D/void loc_eng_deferred_action_thread(void*):1627] received msg_id = LOC_ENG_MSG_REPORT_NMEA context = 0x4b0c7e10
E/LocSvc_adapter(16187): I/<--- void globalEventCb(locClientHandleType, uint32_t, locClientEventIndUnionType, void*) line 88 QMI_LOC_EVENT_NMEA_IND_V02
E/LocSvc_eng(16187): D/void loc_eng_deferred_action_thread(void*):1627] received msg_id = LOC_ENG_MSG_REPORT_NMEA context = 0x4b0c7e10
D/InputDispatcher(16187): setInputDispatchMode: enabled=1, frozen=0
I/WindowManager(16187): Screen frozen for +266ms due to Window{66b0f3e0 u0 org.navitproject.navit/org.navitproject.navit.Navit}
W/GA-SERVICE(16904): Thread[Thread-900,5,main]: Using destination https://ssl.google-analytics.com
E/LocSvc_adapter(16187): I/<--- void globalEventCb(locClientHandleType, uint32_t, locClientEventIndUnionType, void*) line 88 QMI_LOC_EVENT_NMEA_IND_V02
E/LocSvc_eng(16187): D/void loc_eng_deferred_action_thread(void*):1627] received msg_id = LOC_ENG_MSG_REPORT_NMEA context = 0x4b0c7e10
E/LocSvc_adapter(16187): I/<--- void globalEventCb(locClientHandleType, uint32_t, locClientEventIndUnionType, void*) line 88 QMI_LOC_EVENT_NMEA_IND_V02
E/LocSvc_eng(16187): D/void loc_eng_deferred_action_thread(void*):1627] received msg_id = LOC_ENG_MSG_REPORT_NMEA context = 0x4b0c7e10
E/LocSvc_adapter(16187): I/<--- void globalEventCb(locClientHandleType, uint32_t, locClientEventIndUnionType, void*) line 88 QMI_LOC_EVENT_NMEA_IND_V02
E/LocSvc_eng(16187): D/void loc_eng_deferred_action_thread(void*):1627] received msg_id = LOC_ENG_MSG_REPORT_NMEA context = 0x4b0c7e10
E/LocSvc_adapter(16187): I/<--- void globalEventCb(locClientHandleType, uint32_t, locClientEventIndUnionType, void*) line 88 QMI_LOC_EVENT_NMEA_IND_V02
E/LocSvc_eng(16187): D/void loc_eng_deferred_action_thread(void*):1627] received msg_id = LOC_ENG_MSG_REPORT_NMEA context = 0x4b0c7e10
E/LocSvc_adapter(16187): I/<--- void globalEventCb(locClientHandleType, uint32_t, locClientEventIndUnionType, void*) line 88 QMI_LOC_EVENT_NMEA_IND_V02
E/LocSvc_eng(16187): D/void loc_eng_deferred_action_thread(void*):1627] received msg_id = LOC_ENG_MSG_REPORT_NMEA context = 0x4b0c7e10
E/LocSvc_adapter(16187): I/<--- void globalEventCb(locClientHandleType, uint32_t, locClientEventIndUnionType, void*) line 88 QMI_LOC_EVENT_NMEA_IND_V02
E/LocSvc_eng(16187): D/void loc_eng_deferred_action_thread(void*):1627] received msg_id = LOC_ENG_MSG_REPORT_NMEA context = 0x4b0c7e10
E/LocSvc_adapter(16187): I/<--- void globalEventCb(locClientHandleType, uint32_t, locClientEventIndUnionType, void*) line 88 QMI_LOC_EVENT_GNSS_SV_INFO_IND_V02
E/LocSvc_adapter(16187): I/num sv: 18 ephemeris mask: 1367877666 almanac mask: 51882822
E/LocSvc_adapter(16187): used in fix mask: 51002000
E/LocSvc_adapter(16187): sv: prn snr elevation azimuth
E/LocSvc_adapter(16187): I/ 0: 14 28.600000 31.000000 254.000000
E/LocSvc_adapter(16187): I/ 1: 25 20.500000 75.000000 284.000000
E/LocSvc_adapter(16187): I/ 2: 29 17.900000 31.000000 212.000000
E/LocSvc_adapter(16187): I/ 3: 31 30.200001 23.000000 307.000000
E/LocSvc_adapter(16187): I/ 9: 78 15.600000 18.000000 312.000000
E/LocSvc_adapter(16187): I/ 10: 77 17.500000 72.000000 317.000000
E/LocSvc_adapter(16187): I/ 11: 69 22.299999 14.000000 354.000000
E/LocSvc_eng(16187): D/void loc_eng_deferred_action_thread(void*):1627] received msg_id = LOC_ENG_MSG_REPORT_SV context = 0x4b0c7e10
E/LocSvc_adapter(16187): I/<--- void globalEventCb(locClientHandleType, uint32_t, locClientEventIndUnionType, void*) line 88 QMI_LOC_EVENT_NMEA_IND_V02
E/LocSvc_eng(16187): D/void loc_eng_deferred_action_thread(void*):1627] received msg_id = LOC_ENG_MSG_REPORT_NMEA context = 0x4b0c7e10
E/LocSvc_adapter(16187): I/<--- void globalEventCb(locClientHandleType, uint32_t, locClientEventIndUnionType, void*) line 88 QMI_LOC_EVENT_NMEA_IND_V02
E/LocSvc_eng(16187): D/void loc_eng_deferred_action_thread(void*):1627] received msg_id = LOC_ENG_MSG_REPORT_NMEA context = 0x4b0c7e10
E/LocSvc_adapter(16187): I/<--- void globalEventCb(locClientHandleType, uint32_t, locClientEventIndUnionType, void*) line 88 QMI_LOC_EVENT_NMEA_IND_V02
E/LocSvc_eng(16187): D/void loc_eng_deferred_action_thread(void*):1627] received msg_id = LOC_ENG_MSG_REPORT_NMEA context = 0x4b0c7e10
E/LocSvc_adapter(16187): I/<--- void globalEventCb(locClientHandleType, uint32_t, locClientEventIndUnionType, void*) line 88 QMI_LOC_EVENT_NMEA_IND_V02
E/LocSvc_eng(16187): D/void loc_eng_deferred_action_thread(void*):1627] received msg_id = LOC_ENG_MSG_REPORT_NMEA context = 0x4b0c7e10
E/LocSvc_adapter(16187): I/<--- void globalEventCb(locClientHandleType, uint32_t, locClientEventIndUnionType, void*) line 88 QMI_LOC_EVENT_NMEA_IND_V02
E/LocSvc_eng(16187): D/void loc_eng_deferred_action_thread(void*):1627] received msg_id = LOC_ENG_MSG_REPORT_NMEA context = 0x4b0c7e10
E/LocSvc_adapter(16187): I/<--- void globalEventCb(locClientHandleType, uint32_t, locClientEventIndUnionType, void*) line 88 QMI_LOC_EVENT_NMEA_IND_V02
E/LocSvc_eng(16187): D/void loc_eng_deferred_action_thread(void*):1627] received msg_id = LOC_ENG_MSG_REPORT_NMEA context = 0x4b0c7e10
E/LocSvc_adapter(16187): I/<--- void globalEventCb(locClientHandleType, uint32_t, locClientEventIndUnionType, void*) line 88 QMI_LOC_EVENT_NMEA_IND_V02
E/LocSvc_eng(16187): D/void loc_eng_deferred_action_thread(void*):1627] received msg_id = LOC_ENG_MSG_REPORT_NMEA context = 0x4b0c7e10
E/LocSvc_adapter(16187): I/<--- void globalEventCb(locClientHandleType, uint32_t, locClientEventIndUnionType, void*) line 88 QMI_LOC_EVENT_NMEA_IND_V02
E/LocSvc_eng(16187): D/void loc_eng_deferred_action_thread(void*):1627] received msg_id = LOC_ENG_MSG_REPORT_NMEA context = 0x4b0c7e10
E/LocSvc_adapter(16187): I/<--- void globalEventCb(locClientHandleType, uint32_t, locClientEventIndUnionType, void*) line 88 QMI_LOC_EVENT_NMEA_IND_V02
E/LocSvc_eng(16187): D/void loc_eng_deferred_action_thread(void*):1627] received msg_id = LOC_ENG_MSG_REPORT_NMEA context = 0x4b0c7e10
E/LocSvc_adapter(16187): I/<--- void globalEventCb(locClientHandleType, uint32_t, locClientEventIndUnionType, void*) line 88 QMI_LOC_EVENT_NMEA_IND_V02
E/LocSvc_eng(16187): D/void loc_eng_deferred_action_thread(void*):1627] received msg_id = LOC_ENG_MSG_REPORT_NMEA context = 0x4b0c7e10
E/LocSvc_adapter(16187): I/<--- void globalEventCb(locClientHandleType, uint32_t, locClientEventIndUnionType, void*) line 88 QMI_LOC_EVENT_NMEA_IND_V02
E/LocSvc_eng(16187): D/void loc_eng_deferred_action_thread(void*):1627] received msg_id = LOC_ENG_MSG_REPORT_NMEA context = 0x4b0c7e10
E/LocSvc_adapter(16187): I/<--- void globalEventCb(locClientHandleType, uint32_t, locClientEventIndUnionType, void*) line 88 QMI_LOC_EVENT_NMEA_IND_V02
E/LocSvc_eng(16187): D/void loc_eng_deferred_action_thread(void*):1627] received msg_id = LOC_ENG_MSG_REPORT_NMEA context = 0x4b0c7e10
E/LocSvc_adapter(16187): I/<--- void globalEventCb(locClientHandleType, uint32_t, locClientEventIndUnionType, void*) line 88 QMI_LOC_EVENT_GNSS_SV_INFO_IND_V02
E/LocSvc_adapter(16187): I/num sv: 18 ephemeris mask: 1367877666 almanac mask: 51882822
E/LocSvc_adapter(16187): used in fix mask: 51002000
E/LocSvc_adapter(16187): sv: prn snr elevation azimuth
E/LocSvc_adapter(16187): I/ 0: 14 28.299999 31.000000 254.000000
E/LocSvc_adapter(16187): I/ 1: 25 23.600000 75.000000 284.000000
E/LocSvc_adapter(16187): I/ 2: 29 17.700001 31.000000 212.000000
E/LocSvc_adapter(16187): I/ 3: 31 33.200001 23.000000 307.000000
E/LocSvc_adapter(16187): I/ 9: 78 17.500000 18.000000 312.000000
E/LocSvc_adapter(16187): I/ 10: 77 17.500000 72.000000 317.000000
E/LocSvc_adapter(16187): I/ 11: 69 22.299999 14.000000 354.000000
E/LocSvc_eng(16187): D/void loc_eng_deferred_action_thread(void*):1627] received msg_id = LOC_ENG_MSG_REPORT_SV context = 0x4b0c7e10
E/LocSvc_adapter(16187): I/<--- void globalEventCb(locClientHandleType, uint32_t, locClientEventIndUnionType, void*) line 88 QMI_LOC_EVENT_NMEA_IND_V02
E/LocSvc_eng(16187): D/void loc_eng_deferred_action_thread(void*):1627] received msg_id = LOC_ENG_MSG_REPORT_NMEA context = 0x4b0c7e10
E/LocSvc_adapter(16187): I/<--- void globalEventCb(locClientHandleType, uint32_t, locClientEventIndUnionType, void*) line 88 QMI_LOC_EVENT_NMEA_IND_V02
E/LocSvc_eng(16187): D/void loc_eng_deferred_action_thread(void*):1627] received msg_id = LOC_ENG_MSG_REPORT_NMEA context = 0x4b0c7e10
E/LocSvc_adapter(16187): I/<--- void globalEventCb(locClientHandleType, uint32_t, locClientEventIndUnionType, void*) line 88 QMI_LOC_EVENT_NMEA_IND_V02
E/LocSvc_eng(16187): D/void loc_eng_deferred_action_thread(void*):1627] received msg_id = LOC_ENG_MSG_REPORT_NMEA context = 0x4b0c7e10
E/LocSvc_adapter(16187): I/<--- void globalEventCb(locClientHandleType, uint32_t, locClientEventIndUnionType, void*) line 88 QMI_LOC_EVENT_NMEA_IND_V02
E/LocSvc_eng(16187): D/void loc_eng_deferred_action_thread(void*):1627] received msg_id = LOC_ENG_MSG_REPORT_NMEA context = 0x4b0c7e10
E/LocSvc_adapter(16187): I/<--- void globalEventCb(locClientHandleType, uint32_t, locClientEventIndUnionType, void*) line 88 QMI_LOC_EVENT_NMEA_IND_V02
E/LocSvc_eng(16187): D/void loc_eng_deferred_action_thread(void*):1627] received msg_id = LOC_ENG_MSG_REPORT_NMEA context = 0x4b0c7e10
E/LocSvc_adapter(16187): I/<--- void globalEventCb(locClientHandleType, uint32_t, locClientEventIndUnionType, void*) line 88 QMI_LOC_EVENT_NMEA_IND_V02
E/LocSvc_eng(16187): D/void loc_eng_deferred_action_thread(void*):1627] received msg_id = LOC_ENG_MSG_REPORT_NMEA context = 0x4b0c7e10
I/art (16187): Heap trim of managed (duration=31.646729ms, advised=5MB) and native (duration=3.753662ms, advised=968KB) heaps. Managed heap utilization of 66%.
D/StatusBar.NetworkController(16454): refreshViews connected={ wifi } level=3 combinedSignalIconId=0x7f0200a2/com.android.systemui:drawable/stat_sys_wifi_signal_2_fully mobileLabel=maXXim wifiLabel="FairSpot_FREE"xxxxXXXXxxxxXXXX emergencyOnly=false combinedLabel="FairSpot_FREE"xxxxXXXXxxxxXXXX mAirplaneMode=false mDataActivity=0 mPhoneSignalIconId=0x7f02009a mQSPhoneSignalIconId=0x7f020045 mDataDirectionIconId=0x0 mDataSignalIconId=0x7f02009a mDataTypeIconId=0x7f02008e mQSDataTypeIconId=0x7f02004b mNoSimIconId=0x0 mWifiIconId=0x7f0200a2 mQSWifiIconId=0x7f02005e mBluetoothTetherIconId=0x10805d0
E/LocSvc_adapter(16187): I/<--- void globalEventCb(locClientHandleType, uint32_t, locClientEventIndUnionType, void*) line 88 QMI_LOC_EVENT_NMEA_IND_V02
E/LocSvc_eng(16187): D/void loc_eng_deferred_action_thread(void*):1627] received msg_id = LOC_ENG_MSG_REPORT_NMEA context = 0x4b0c7e10
E/LocSvc_adapter(16187): I/<--- void globalEventCb(locClientHandleType, uint32_t, locClientEventIndUnionType, void*) line 88 QMI_LOC_EVENT_NMEA_IND_V02
E/LocSvc_eng(16187): D/void loc_eng_deferred_action_thread(void*):1627] received msg_id = LOC_ENG_MSG_REPORT_NMEA context = 0x4b0c7e10
E/LocSvc_adapter(16187): I/<--- void globalEventCb(locClientHandleType, uint32_t, locClientEventIndUnionType, void*) line 88 QMI_LOC_EVENT_NMEA_IND_V02
E/LocSvc_eng(16187): D/void loc_eng_deferred_action_thread(void*):1627] received msg_id = LOC_ENG_MSG_REPORT_NMEA context = 0x4b0c7e10
E/LocSvc_adapter(16187): I/<--- void globalEventCb(locClientHandleType, uint32_t, locClientEventIndUnionType, void*) line 88 QMI_LOC_EVENT_NMEA_IND_V02
E/LocSvc_eng(16187): D/void loc_eng_deferred_action_thread(void*):1627] received msg_id = LOC_ENG_MSG_REPORT_NMEA context = 0x4b0c7e10
E/LocSvc_adapter(16187): I/<--- void globalEventCb(locClientHandleType, uint32_t, locClientEventIndUnionType, void*) line 88 QMI_LOC_EVENT_NMEA_IND_V02
E/LocSvc_eng(16187): D/void loc_eng_deferred_action_thread(void*):1627] received msg_id = LOC_ENG_MSG_REPORT_NMEA context = 0x4b0c7e10
E/LocSvc_adapter(16187): I/<--- void globalEventCb(locClientHandleType, uint32_t, locClientEventIndUnionType, void*) line 88 QMI_LOC_EVENT_NMEA_IND_V02
E/LocSvc_eng(16187): D/void loc_eng_deferred_action_thread(void*):1627] received msg_id = LOC_ENG_MSG_REPORT_NMEA context = 0x4b0c7e10
E/LocSvc_adapter(16187): I/<--- void globalEventCb(locClientHandleType, uint32_t, locClientEventIndUnionType, void*) line 88 QMI_LOC_EVENT_GNSS_SV_INFO_IND_V02
E/LocSvc_adapter(16187): I/num sv: 18 ephemeris mask: 1367877666 almanac mask: 51882822
E/LocSvc_adapter(16187): used in fix mask: 51002000
E/LocSvc_adapter(16187): sv: prn snr elevation azimuth
E/LocSvc_adapter(16187): I/ 0: 14 29.700001 31.000000 254.000000
E/LocSvc_adapter(16187): I/ 1: 25 23.000000 75.000000 284.000000
E/LocSvc_adapter(16187): I/ 2: 29 17.200001 31.000000 212.000000
E/LocSvc_adapter(16187): I/ 3: 31 34.200001 23.000000 307.000000
E/LocSvc_adapter(16187): I/ 9: 78 18.299999 18.000000 312.000000
E/LocSvc_adapter(16187): I/ 10: 77 15.600000 72.000000 317.000000
E/LocSvc_adapter(16187): I/ 11: 69 22.299999 14.000000 354.000000
E/LocSvc_eng(16187): D/void loc_eng_deferred_action_thread(void*):1627] received msg_id = LOC_ENG_MSG_REPORT_SV context = 0x4b0c7e10
E/LocSvc_adapter(16187): I/<--- void globalEventCb(locClientHandleType, uint32_t, locClientEventIndUnionType, void*) line 88 QMI_LOC_EVENT_NMEA_IND_V02
E/LocSvc_eng(16187): D/void loc_eng_deferred_action_thread(void*):1627] received msg_id = LOC_ENG_MSG_REPORT_NMEA context = 0x4b0c7e10
E/LocSvc_adapter(16187): I/<--- void globalEventCb(locClientHandleType, uint32_t, locClientEventIndUnionType, void*) line 88 QMI_LOC_EVENT_NMEA_IND_V02
E/LocSvc_eng(16187): D/void loc_eng_deferred_action_thread(void*):1627] received msg_id = LOC_ENG_MSG_REPORT_NMEA context = 0x4b0c7e10
E/LocSvc_adapter(16187): I/<--- void globalEventCb(locClientHandleType, uint32_t, locClientEventIndUnionType, void*) line 88 QMI_LOC_EVENT_NMEA_IND_V02
E/LocSvc_eng(16187): D/void loc_eng_deferred_action_thread(void*):1627] received msg_id = LOC_ENG_MSG_REPORT_NMEA context = 0x4b0c7e10
E/LocSvc_adapter(16187): I/<--- void globalEventCb(locClientHandleType, uint32_t, locClientEventIndUnionType, void*) line 88 QMI_LOC_EVENT_NMEA_IND_V02
E/LocSvc_eng(16187): D/void loc_eng_deferred_action_thread(void*):1627] received msg_id = LOC_ENG_MSG_REPORT_NMEA context = 0x4b0c7e10
E/LocSvc_adapter(16187): I/<--- void globalEventCb(locClientHandleType, uint32_t, locClientEventIndUnionType, void*) line 88 QMI_LOC_EVENT_NMEA_IND_V02
E/LocSvc_eng(16187): D/void loc_eng_deferred_action_thread(void*):1627] received msg_id = LOC_ENG_MSG_REPORT_NMEA context = 0x4b0c7e10
E/LocSvc_adapter(16187): I/<--- void globalEventCb(locClientHandleType, uint32_t, locClientEventIndUnionType, void*) line 88 QMI_LOC_EVENT_NMEA_IND_V02
E/LocSvc_eng(16187): D/void loc_eng_deferred_action_thread(void*):1627] received msg_id = LOC_ENG_MSG_REPORT_NMEA context = 0x4b0c7e10
E/LocSvc_adapter(16187): I/<--- void globalEventCb(locClientHandleType, uint32_t, locClientEventIndUnionType, void*) line 88 QMI_LOC_EVENT_NMEA_IND_V02
E/LocSvc_eng(16187): D/void loc_eng_deferred_action_thread(void*):1627] received msg_id = LOC_ENG_MSG_REPORT_NMEA context = 0x4b0c7e10
E/LocSvc_adapter(16187): I/<--- void globalEventCb(locClientHandleType, uint32_t, locClientEventIndUnionType, void*) line 88 QMI_LOC_EVENT_GNSS_SV_INFO_IND_V02
E/LocSvc_adapter(16187): I/num sv: 18 ephemeris mask: 1367877666 almanac mask: 51882822
E/LocSvc_adapter(16187): used in fix mask: 51002000
E/LocSvc_adapter(16187): sv: prn snr elevation azimuth
E/LocSvc_adapter(16187): I/ 0: 14 29.700001 31.000000 254.000000
E/LocSvc_adapter(16187): I/ 1: 25 23.000000 75.000000 284.000000
E/LocSvc_adapter(16187): I/ 2: 29 17.200001 31.000000 212.000000
E/LocSvc_adapter(16187): I/ 3: 31 34.200001 23.000000 307.000000
E/LocSvc_adapter(16187): I/ 9: 78 18.299999 18.000000 312.000000
E/LocSvc_adapter(16187): I/ 10: 77 15.600000 72.000000 317.000000
E/LocSvc_adapter(16187): I/ 11: 69 22.299999 14.000000 354.000000
E/LocSvc_eng(16187): D/void loc_eng_deferred_action_thread(void*):1627] received msg_id = LOC_ENG_MSG_REPORT_SV context = 0x4b0c7e10
E/LocSvc_adapter(16187): I/<--- void globalEventCb(locClientHandleType, uint32_t, locClientEventIndUnionType, void*) line 88 QMI_LOC_EVENT_POSITION_REPORT_IND_V02
E/LocSvc_adapter(16187): D/Reporting postion from V2 Adapter
E/LocSvc_eng(16187): D/void loc_eng_deferred_action_thread(void*):1627] received msg_id = LOC_ENG_MSG_REPORT_POSITION context = 0x4b0c7e10
D/InputReader(16187): Input event: value=1 when=40522774331000
I/InputReader(16187): Touch event's action is 0x0 (deviceType=0) [pCnt=1, s=0.3416 ] when=40522774453000
I/InputDispatcher(16187): Delivering touch to: action: 0x4
I/InputDispatcher(16187): Delivering touch to: action: 0x0
E/NavitGraphics(23667): overlay_disable: 1Parent: true
E/NavitGraphics(23667): Start drag mode
E/NavitGraphics(23667): Start drag mode
E/NavitGraphics(23667): Start drag mode
I/GCoreUlr(17001): Successfully inserted location
I/GCoreUlr(17001): Not calling LocationReportingService, hasMoved: false, elapsed millis: 2170248, request: Phone
E/navit (23667): graphics_android:graphics_android_init:at 2 jnienv=0x417256d8
E/navit (23667): graphics_android:graphics_android_init:at 3
E/navit (23667): graphics_android:graphics_android_init:at 4 android_activity=0x10046a
E/navit (23667): graphics_android:graphics_android_init:result=0xc0003d
E/navit (23667): graphics_android:graphics_android_init:result=0x1100041
E/navit (23667): graphics_android:overlay_new:returning 0x4ad7cea8
E/NavitGraphics(23667): Start drag mode
E/NavitGraphics(23667): overlay_disable: 1Parent: false
E/NavitGraphics(23667): overlay_disable: 1Parent: false
E/NavitGraphics(23667): overlay_disable: 1Parent: false
E/NavitGraphics(23667): overlay_disable: 1Parent: false
W/qdhwcomposer( 211): Excessive delay reading vsync: took 4038 ms
E/NavitGraphics(23667): overlay_disable: 1Parent: false
E/NavitGraphics(23667): overlay_disable: 1Parent: false
E/NavitGraphics(23667): overlay_disable: 1Parent: false
E/NavitGraphics(23667): overlay_disable: 1Parent: false
E/NavitGraphics(23667): overlay_disable: 1Parent: false
E/NavitGraphics(23667): overlay_disable: 1Parent: false
E/NavitGraphics(23667): overlay_disable: 1Parent: false
E/NavitGraphics(23667): overlay_disable: 1Parent: false
E/NavitGraphics(23667): overlay_disable: 1Parent: false
E/NavitGraphics(23667): overlay_disable: 1Parent: false
E/NavitGraphics(23667): overlay_disable: 1Parent: false
E/NavitGraphics(23667): overlay_disable: 1Parent: false
E/NavitGraphics(23667): overlay_disable: 1Parent: false
E/NavitGraphics(23667): overlay_disable: 1Parent: false
E/NavitGraphics(23667): overlay_disable: 1Parent: false
E/NavitGraphics(23667): overlay_disable: 1Parent: false
D/InputReader(16187): Input event: value=0 when=40523310769000
I/InputReader(16187): Touch event's action is 0x1 (deviceType=0) [pCnt=1, s=] when=40523310769000
I/InputDispatcher(16187): Delivering touch to: action: 0x1
E/NavitGraphics(23667): ACTION_UP
E/NavitGraphics(23667): onTouch move
E/NavitGraphics(23667): overlay_disable: 0Parent: false
E/LocSvc_adapter(16187): I/<--- void globalEventCb(locClientHandleType, uint32_t, locClientEventIndUnionType, void*) line 88 QMI_LOC_EVENT_NMEA_IND_V02
E/LocSvc_eng(16187): D/void loc_eng_deferred_action_thread(void*):1627] received msg_id = LOC_ENG_MSG_REPORT_NMEA context = 0x4b0c7e10
E/LocSvc_adapter(16187): I/<--- void globalEventCb(locClientHandleType, uint32_t, locClientEventIndUnionType, void*) line 88 QMI_LOC_EVENT_NMEA_IND_V02
E/LocSvc_eng(16187): D/void loc_eng_deferred_action_thread(void*):1627] received msg_id = LOC_ENG_MSG_REPORT_NMEA context = 0x4b0c7e10
E/LocSvc_adapter(16187): I/<--- void globalEventCb(locClientHandleType, uint32_t, locClientEventIndUnionType, void*) line 88 QMI_LOC_EVENT_NMEA_IND_V02
E/LocSvc_eng(16187): D/void loc_eng_deferred_action_thread(void*):1627] received msg_id = LOC_ENG_MSG_REPORT_NMEA context = 0x4b0c7e10
E/LocSvc_adapter(16187): I/<--- void globalEventCb(locClientHandleType, uint32_t, locClientEventIndUnionType, void*) line 88 QMI_LOC_EVENT_NMEA_IND_V02
